CRAN Package Check Results for Package muir

Last updated on 2024-03-04 23:54:19 CET.

Flavor Version Tinstall Tcheck Ttotal Status Flags
r-devel-linux-x86_64-debian-clang 0.1.0 5.47 45.71 51.18 NOTE
r-devel-linux-x86_64-debian-gcc 0.1.0 5.07 34.59 39.66 NOTE
r-devel-linux-x86_64-fedora-clang 0.1.0 64.75 NOTE
r-devel-linux-x86_64-fedora-gcc 0.1.0 61.72 NOTE
r-devel-windows-x86_64 0.1.0 7.00 57.00 64.00 NOTE
r-patched-linux-x86_64 0.1.0 3.68 44.02 47.70 NOTE
r-release-linux-x86_64 0.1.0 3.82 43.32 47.14 NOTE
r-release-macos-arm64 0.1.0 24.00 NOTE
r-release-macos-x86_64 0.1.0 34.00 NOTE
r-release-windows-x86_64 0.1.0 9.00 57.00 66.00 NOTE
r-oldrel-macos-arm64 0.1.0 23.00 NOTE
r-oldrel-windows-x86_64 0.1.0 8.00 63.00 71.00 NOTE

Check Details

Version: 0.1.0
Check: LazyData
Result: NOTE 'LazyData' is specified without a 'data' directory Flavors: r-devel-linux-x86_64-debian-clang, r-devel-linux-x86_64-debian-gcc, r-devel-linux-x86_64-fedora-clang, r-devel-linux-x86_64-fedora-gcc, r-devel-windows-x86_64, r-patched-linux-x86_64, r-release-linux-x86_64, r-release-macos-arm64, r-release-macos-x86_64, r-release-windows-x86_64, r-oldrel-macos-arm64, r-oldrel-windows-x86_64