Last updated on 2022-08-12 07:53:20 CEST.
Flavor | Version | Tinstall | Tcheck | Ttotal | Status | Flags |
---|---|---|---|---|---|---|
r-devel-linux-x86_64-debian-clang | 2.1.34 | 6.59 | 66.97 | 73.56 | OK | |
r-devel-linux-x86_64-debian-gcc | 2.1.34 | 5.67 | 50.56 | 56.23 | OK | |
r-devel-linux-x86_64-fedora-clang | 2.1.34 | 102.24 | NOTE | |||
r-devel-linux-x86_64-fedora-gcc | 2.1.34 | 95.41 | NOTE | |||
r-devel-windows-x86_64 | 2.1.34 | 18.00 | 97.00 | 115.00 | OK | |
r-patched-linux-x86_64 | 2.1.34 | 7.54 | 62.19 | 69.73 | OK | |
r-release-linux-x86_64 | 2.1.34 | 6.48 | 62.57 | 69.05 | OK | |
r-release-macos-arm64 | 2.1.34 | 32.00 | NOTE | |||
r-release-macos-x86_64 | 2.1.34 | 39.00 | NOTE | |||
r-release-windows-x86_64 | 2.1.34 | 19.00 | 99.00 | 118.00 | OK | |
r-oldrel-macos-arm64 | 2.1.34 | 43.00 | NOTE | |||
r-oldrel-macos-x86_64 | 2.1.34 | 39.00 | NOTE | |||
r-oldrel-windows-ix86+x86_64 | 2.1.34 | 18.00 | 102.00 | 120.00 | OK |
Version: 2.1.34
Check: dependencies in R code
Result: NOTE
Namespace in Imports field not imported from: ‘shape’
All declared Imports should be used.
Flavors: r-devel-linux-x86_64-fedora-clang, r-devel-linux-x86_64-fedora-gcc, r-release-macos-arm64, r-release-macos-x86_64, r-oldrel-macos-arm64, r-oldrel-macos-x86_64