CRAN Package Check Results for Package multbxxc

Last updated on 2022-11-29 22:53:42 CET.

Flavor Version Tinstall Tcheck Ttotal Status Flags
r-devel-linux-x86_64-debian-clang 1.0.1 45.51 41.36 86.87 OK
r-devel-linux-x86_64-debian-gcc 1.0.1 33.38 32.19 65.57 OK
r-devel-linux-x86_64-fedora-clang 1.0.1 122.38 NOTE
r-devel-linux-x86_64-fedora-gcc 1.0.1 115.80 OK
r-devel-windows-x86_64 1.0.1 40.00 89.00 129.00 OK
r-patched-linux-x86_64 1.0.1 29.56 40.59 70.15 OK
r-release-linux-x86_64 1.0.1 40.09 40.78 80.87 OK
r-release-macos-arm64 1.0.1 32.00 OK
r-release-macos-x86_64 1.0.1 43.00 OK
r-release-windows-x86_64 1.0.1 40.00 91.00 131.00 OK
r-oldrel-macos-arm64 1.0.1 38.00 OK
r-oldrel-macos-x86_64 1.0.1 56.00 OK
r-oldrel-windows-ix86+x86_64 1.0.1 95.00 92.00 187.00 OK

Check Details

Version: 1.0.1
Check: Rd cross-references
Result: NOTE
    Undeclared package ‘slam’ in Rd xrefs
Flavor: r-devel-linux-x86_64-fedora-clang