CRAN Package Check Results for Package multcomp

Last updated on 2014-07-28 11:49:02.

Flavor Version Tinstall Tcheck Ttotal Status Flags
r-devel-linux-x86_64-debian-clang 1.3-5 1.37 94.16 95.52 OK
r-devel-linux-x86_64-debian-gcc 1.3-5 1.33 93.48 94.81 OK
r-devel-linux-x86_64-fedora-clang 1.3-5 199.30 OK
r-devel-linux-x86_64-fedora-gcc 1.3-5 185.21 OK
r-devel-osx-x86_64-clang 1.3-5 109.67 OK
r-devel-windows-ix86+x86_64 1.3-5 6.00 143.00 149.00 OK
r-patched-linux-x86_64 1.3-5 1.40 92.70 94.10 OK
r-patched-solaris-sparc 1.3-5 1091.80 OK
r-patched-solaris-x86 1.3-5 206.80 OK
r-release-linux-ix86 1.3-4 1.89 146.17 148.06 OK
r-release-linux-x86_64 1.3-5 1.43 93.86 95.29 OK
r-release-osx-x86_64-mavericks 1.3-4 NOTE
r-release-osx-x86_64-snowleopard 1.3-5 OK
r-release-windows-ix86+x86_64 1.3-5 6.00 144.00 150.00 OK
r-oldrel-windows-ix86+x86_64 1.3-5 8.00 140.00 148.00 OK

Check Details

Version: 1.3-4
Check: re-building of vignette outputs
Result: NOTE
    Error in re-building vignettes:
     ...
    Loading required package: mvtnorm
    Loading required package: survival
    Loading required package: splines
    Loading required package: TH.data
    Error in texi2dvi(file = file, pdf = TRUE, clean = clean, quiet = quiet, :
     Running 'texi2dvi' on 'chfls1.tex' failed.
    LaTeX errors:
    ! LaTeX Error: File `utf8x.def' not found.
    
    Type X to quit or <RETURN> to proceed,
    or enter new name. (Default extension: def)
    Calls: buildVignettes -> texi2pdf -> texi2dvi
    Execution halted
Flavor: r-release-osx-x86_64-mavericks