CRAN Package Check Results for Package multcomp

Last updated on 2014-10-31 08:47:11.

Flavor Version Tinstall Tcheck Ttotal Status Flags
r-devel-linux-x86_64-debian-clang 1.3-7 1.90 90.16 92.06 OK
r-devel-linux-x86_64-debian-gcc 1.3-7 1.35 90.14 91.49 OK
r-devel-linux-x86_64-fedora-clang 1.3-7 175.03 OK
r-devel-linux-x86_64-fedora-gcc 1.3-7 173.14 OK
r-devel-osx-x86_64-clang 1.3-7 147.05 OK
r-devel-windows-ix86+x86_64 1.3-7 5.00 130.00 135.00 OK
r-patched-linux-x86_64 1.3-7 1.43 91.58 93.02 OK
r-patched-solaris-sparc 1.3-7 1041.70 OK
r-patched-solaris-x86 1.3-7 228.90 OK
r-release-linux-ix86 1.3-7 1.92 147.34 149.26 OK
r-release-linux-x86_64 1.3-7 2.20 96.61 98.82 OK
r-release-osx-x86_64-mavericks 1.3-7 NOTE
r-release-osx-x86_64-snowleopard 1.3-7 OK
r-release-windows-ix86+x86_64 1.3-7 5.00 139.00 144.00 OK
r-oldrel-windows-ix86+x86_64 1.3-7 7.00 144.00 151.00 OK

Check Details

Version: 1.3-7
Check: re-building of vignette outputs
Result: NOTE
    Error in re-building vignettes:
     ...
    Loading required package: mvtnorm
    Loading required package: survival
    Loading required package: splines
    Loading required package: TH.data
    Error in texi2dvi(file = file, pdf = TRUE, clean = clean, quiet = quiet, :
     Running 'texi2dvi' on 'chfls1.tex' failed.
    LaTeX errors:
    ! LaTeX Error: File `utf8x.def' not found.
    
    Type X to quit or <RETURN> to proceed,
    or enter new name. (Default extension: def)
    Calls: buildVignettes -> texi2pdf -> texi2dvi
    Execution halted
Flavor: r-release-osx-x86_64-mavericks