CRAN Package Check Results for Package multcomp

Last updated on 2015-07-03 13:46:39.

Flavor Version Tinstall Tcheck Ttotal Status Flags
r-devel-linux-x86_64-debian-clang 1.4-0 1.11 95.84 96.94 NOTE
r-devel-linux-x86_64-debian-gcc 1.4-0 1.07 91.36 92.43 NOTE
r-devel-linux-x86_64-fedora-clang 1.4-0 173.63 NOTE
r-devel-linux-x86_64-fedora-gcc 1.4-0 171.22 NOTE
r-devel-osx-x86_64-clang 1.4-0 142.11 OK
r-devel-windows-ix86+x86_64 1.4-0 5.00 140.00 145.00 NOTE
r-patched-linux-x86_64 1.4-0 1.10 89.85 90.95 OK
r-patched-solaris-sparc 1.4-0 1163.40 OK
r-patched-solaris-x86 1.4-0 224.60 OK
r-release-linux-x86_64 1.4-0 1.36 93.98 95.34 OK
r-release-osx-x86_64-mavericks 1.4-0 OK
r-release-windows-ix86+x86_64 1.4-0 6.00 152.00 158.00 OK
r-oldrel-windows-ix86+x86_64 1.4-0 6.00 154.00 160.00 OK

Check Details

Version: 1.4-0
Check: R code for possible problems
Result: NOTE
    adjusted: no visible binding for global variable ‘p.adjust.methods’
    adjusted : <anonymous>: no visible global function definition for
     ‘coef’
    confint.glht: no visible global function definition for ‘coef’
    confint.glht: no visible global function definition for ‘vcov’
    coxph.penalcoef: no visible global function definition for
     ‘model.matrix’
    coxph.penalcoef: no visible global function definition for ‘coef’
    coxph.penalvcov: no visible global function definition for
     ‘model.matrix’
    coxph.penalvcov: no visible global function definition for ‘vcov’
    extr: no visible global function definition for ‘model.frame’
    extr: no visible global function definition for ‘terms’
    extr: no visible global function definition for ‘get_all_vars’
    extr: no visible binding for global variable ‘predict’
    extr: no visible binding for global variable ‘fitted’
    extr: no visible global function definition for ‘model.weights’
    factor_contrasts: no visible global function definition for
     ‘model.matrix’
    factor_contrasts: no visible global function definition for
     ‘model.frame’
    factor_contrasts: no visible global function definition for ‘terms’
    global : fct: no visible global function definition for ‘coef’
    global : fct: no visible global function definition for ‘vcov’
    global : fct: no visible global function definition for ‘df.residual’
    global : fct: no visible global function definition for ‘pchisq’
    global : fct: no visible global function definition for ‘pf’
    meanslinfct: no visible global function definition for ‘terms’
    meanslinfct: no visible global function definition for ‘model.matrix’
    meanslinfct: no visible global function definition for ‘aggregate’
    model.frame.coxph.penal: no visible global function definition for
     ‘terms’
    model.frame.coxph.penal: no visible global function definition for
     ‘model.frame’
    model.frame.coxph.penal: no visible global function definition for
     ‘delete.response’
    model.matrix.coxme: no visible global function definition for
     ‘model.matrix’
    model.matrix.coxme: no visible global function definition for
     ‘delete.response’
    model.matrix.coxme: no visible global function definition for ‘terms’
    model.matrix.coxme: no visible global function definition for
     ‘model.frame’
    model.matrix.coxph: no visible global function definition for
     ‘model.matrix’
    model.matrix.coxph: no visible global function definition for
     ‘delete.response’
    model.matrix.coxph: no visible global function definition for ‘terms’
    model.matrix.coxph: no visible global function definition for
     ‘model.frame’
    model.matrix.coxph.penal: no visible global function definition for
     ‘model.matrix’
    model.matrix.lme: no visible global function definition for
     ‘model.matrix’
    model.matrix.lme: no visible global function definition for ‘terms’
    model.matrix.lme: no visible global function definition for
     ‘model.frame’
    model.matrix.polr: no visible global function definition for
     ‘model.matrix’
    model.matrix.polr: no visible global function definition for
     ‘delete.response’
    model.matrix.polr: no visible global function definition for ‘terms’
    model.matrix.polr: no visible global function definition for
     ‘model.frame’
    model.matrix.survreg: no visible global function definition for
     ‘model.matrix’
    model.matrix.survreg: no visible global function definition for
     ‘delete.response’
    model.matrix.survreg: no visible global function definition for ‘terms’
    model.matrix.survreg: no visible global function definition for
     ‘model.frame’
    modelparm.aovlist: no visible binding for global variable ‘coef’
    modelparm.aovlist: no visible binding for global variable ‘vcov’
    modelparm.coxme: no visible binding for global variable ‘coef’
    modelparm.coxme: no visible binding for global variable ‘vcov’
    modelparm.default: no visible binding for global variable ‘coef’
    modelparm.default: no visible binding for global variable ‘vcov’
    modelparm.lme: no visible binding for global variable ‘vcov’
    modelparm.mer: no visible binding for global variable ‘vcov’
    modelparm.merMod: no visible binding for global variable ‘vcov’
    modelparm.polr: no visible binding for global variable ‘coef’
    modelparm.survreg: no visible binding for global variable ‘coef’
    plot.cld: no visible global function definition for ‘boxplot’
    plot.cld: no visible global function definition for ‘axis’
    plot.cld: no visible global function definition for ‘xtabs’
    plot.cld: no visible global function definition for ‘mosaicplot’
    plot.cld: no visible global function definition for ‘plot’
    plot.cld: no visible global function definition for ‘legend’
    plot.confint.glht: no visible global function definition for ‘plot’
    plot.confint.glht: no visible global function definition for ‘axis’
    plot.confint.glht: no visible global function definition for ‘abline’
    plot.confint.glht: no visible global function definition for ‘segments’
    plot.confint.glht: no visible global function definition for ‘points’
    plot.confint.glht: no visible global function definition for ‘title’
    plot.confint.glht: no visible global function definition for ‘box’
    plot.glht: no visible global function definition for ‘plot’
    plot.glht: no visible global function definition for ‘confint’
    polrvcov: no visible global function definition for ‘coef’
    pqglht: no visible global function definition for ‘coef’
    pqglht: no visible global function definition for ‘vcov’
    pqglht: no visible global function definition for ‘cov2cor’
    pqglht : pfunction: no visible binding for global variable
     ‘p.adjust.methods’
    pqglht : pfunction: no visible global function definition for ‘pt’
    pqglht : pfunction: no visible global function definition for ‘pnorm’
    pqglht : pfunction: no visible global function definition for
     ‘p.adjust’
    print.glht: no visible global function definition for ‘coef’
    print.summary.glht: no visible global function definition for
     ‘printCoefmat’
    terms.coxph.penal: no visible global function definition for ‘terms’
    terms.coxph.penal: no visible global function definition for
     ‘as.formula’
    vcov.mmm : <anonymous>: no visible global function definition for
     ‘vcov’
    vcov.mmm: no visible global function definition for ‘cov2cor’
    vcov.mmm: no visible global function definition for ‘coef’
    vcovsurvreg: no visible global function definition for ‘vcov’
    vcovsurvreg: no visible global function definition for ‘coef’
    Undefined global functions or variables:
     abline aggregate as.formula axis box boxplot coef confint cov2cor
     delete.response df.residual fitted get_all_vars legend model.frame
     model.matrix model.weights mosaicplot p.adjust p.adjust.methods
     pchisq pf plot pnorm points predict printCoefmat pt segments terms
     title vcov xtabs
Flavors: r-devel-linux-x86_64-debian-clang, r-devel-linux-x86_64-debian-gcc, r-devel-linux-x86_64-fedora-clang, r-devel-linux-x86_64-fedora-gcc, r-devel-windows-ix86+x86_64