CRAN Package Check Results for Package multcomp

Last updated on 2018-12-16 23:49:21 CET.

Flavor Version Tinstall Tcheck Ttotal Status Flags
r-devel-linux-x86_64-debian-clang 1.4-8 8.11 3.53 11.64 ERROR
r-devel-linux-x86_64-debian-gcc 1.4-8 5.76 2.22 7.98 ERROR
r-devel-linux-x86_64-fedora-clang 1.4-8 190.83 OK
r-devel-linux-x86_64-fedora-gcc 1.4-8 178.52 OK
r-devel-windows-ix86+x86_64 1.4-8 20.00 215.00 235.00 OK
r-patched-linux-x86_64 1.4-8 7.32 144.47 151.79 OK
r-patched-solaris-x86 1.4-8 271.90 OK
r-release-linux-x86_64 1.4-8 5.01 143.01 148.02 OK
r-release-windows-ix86+x86_64 1.4-8 18.00 241.00 259.00 OK
r-release-osx-x86_64 1.4-8 ERROR
r-oldrel-windows-ix86+x86_64 1.4-8 15.00 241.00 256.00 OK
r-oldrel-osx-x86_64 1.4-8 OK

Check Details

Version: 1.4-8
Check: whether the package can be loaded
Result: ERROR
    Loading this package had a fatal error status code 1
    Loading log:
    Loading required package: mvtnorm
    Error: package or namespace load failed for ‘mvtnorm’ in dyn.load(file, DLLpath = DLLpath, ...):
     unable to load shared object ‘/home/hornik/tmp/R.check/r-devel-clang/Work/build/Packages/mvtnorm/libs/mvtnorm.so’:
     /home/hornik/tmp/R.check/r-devel-clang/Work/build/Packages/mvtnorm/libs/mvtnorm.so: failed to map segment from shared object
    Error: package ‘mvtnorm’ could not be loaded
    Execution halted
Flavor: r-devel-linux-x86_64-debian-clang

Version: 1.4-8
Check: whether the package can be loaded
Result: ERROR
    Loading this package had a fatal error status code 1
    Loading log:
    Loading required package: mvtnorm
    Error: package or namespace load failed for ‘mvtnorm’ in dyn.load(file, DLLpath = DLLpath, ...):
     unable to load shared object ‘/home/hornik/tmp/R.check/r-devel-gcc/Work/build/Packages/mvtnorm/libs/mvtnorm.so’:
     /home/hornik/tmp/R.check/r-devel-gcc/Work/build/Packages/mvtnorm/libs/mvtnorm.so: failed to map segment from shared object
    Error: package ‘mvtnorm’ could not be loaded
    Execution halted
Flavor: r-devel-linux-x86_64-debian-gcc

Version: 1.4-8
Check: running R code from vignettes
Result: ERROR
    Errors in running code in vignettes:
    when running code in ‘chfls1.Rnw’
     ...
    
    > library("xtable")
    
    > library("car")
    Loading required package: carData
    
     When sourcing ‘chfls1.R’:
    Error: package or namespace load failed for ‘car’ in library.dynam(lib, package, package.lib):
     shared object ‘readxl.so’ not found
    Execution halted
Flavor: r-release-osx-x86_64

Version: 1.4-8
Check: re-building of vignette outputs
Result: NOTE
    Error in re-building vignettes:
     ...
    Loading required package: carData
    
    Error: processing vignette 'chfls1.Rnw' failed with diagnostics:
     chunk 1 (label = setup)
    Error : package or namespace load failed for ‘car’ in library.dynam(lib, package, package.lib):
     shared object ‘readxl.so’ not found
    Execution halted
Flavor: r-release-osx-x86_64