CRAN Package Check Results for Package multcomp

Last updated on 2017-07-27 14:47:09.

Flavor Version Tinstall Tcheck Ttotal Status Flags
r-devel-linux-x86_64-debian-clang 1.4-6 2.72 115.70 118.41 OK
r-devel-linux-x86_64-debian-gcc 1.4-6 2.77 111.98 114.74 OK
r-devel-linux-x86_64-fedora-clang 1.4-6 237.93 OK
r-devel-linux-x86_64-fedora-gcc 1.4-6 231.56 OK
r-devel-windows-ix86+x86_64 1.4-6 15.00 233.00 248.00 OK
r-patched-linux-x86_64 1.4-6 2.68 113.36 116.04 OK
r-patched-solaris-x86 1.4-6 300.50 OK
r-release-linux-x86_64 1.4-6 2.75 113.76 116.50 OK
r-release-windows-ix86+x86_64 1.4-6 13.00 262.00 275.00 OK
r-release-osx-x86_64 1.4-6 NOTE
r-oldrel-windows-ix86+x86_64 1.4-6 8.00 164.00 172.00 OK
r-oldrel-osx-x86_64 1.4-6 OK

Check Details

Version: 1.4-6
Check: re-building of vignette outputs
Result: NOTE
    Error in re-building vignettes:
     ...
     Completion with error > abseps
    Warning in RET$pfunction("adjusted", ...) :
     Completion with error > abseps
    Warning in RET$pfunction("adjusted", ...) :
     Completion with error > abseps
    Warning in RET$pfunction("adjusted", ...) :
     Completion with error > abseps
    Warning in RET$pfunction("adjusted", ...) :
     Completion with error > abseps
    Error in texi2dvi(file = file, pdf = TRUE, clean = clean, quiet = quiet, :
     Running 'texi2dvi' on 'chfls1.tex' failed.
    LaTeX errors:
    ! LaTeX Error: File `utf8x.def' not found.
    
    Type X to quit or <RETURN> to proceed,
    or enter new name. (Default extension: def)
    
    ! Emergency stop.
    <read *>
    
    l.158 \endinput
     ^^M
    ! ==> Fatal error occurred, no output PDF file produced!
    Calls: buildVignettes -> texi2pdf -> texi2dvi
    Execution halted
Flavor: r-release-osx-x86_64