CRAN Package Check Results for Package multcomp

Last updated on 2019-02-18 07:49:47 CET.

Flavor Version Tinstall Tcheck Ttotal Status Flags
r-devel-linux-x86_64-debian-clang 1.4-8 8.38 156.81 165.19 OK
r-devel-linux-x86_64-debian-gcc 1.4-8 5.46 116.41 121.87 OK
r-devel-linux-x86_64-fedora-clang 1.4-8 212.71 OK
r-devel-linux-x86_64-fedora-gcc 1.4-8 186.79 OK
r-devel-windows-ix86+x86_64 1.4-8 16.00 169.00 185.00 OK
r-patched-linux-x86_64 1.4-8 6.29 143.31 149.60 OK
r-patched-solaris-x86 1.4-8 261.80 OK
r-release-linux-x86_64 1.4-8 OK
r-release-windows-ix86+x86_64 1.4-8 10.00 229.00 239.00 OK
r-release-osx-x86_64 1.4-8 ERROR
r-oldrel-windows-ix86+x86_64 1.4-8 14.00 199.00 213.00 OK
r-oldrel-osx-x86_64 1.4-8 OK

Check Details

Version: 1.4-8
Check: running R code from vignettes
Result: ERROR
    Errors in running code in vignettes:
    when running code in ‘chfls1.Rnw’
     ...
    
    > library("xtable")
    
    > library("car")
    Loading required package: carData
    
     When sourcing ‘chfls1.R’:
    Error: package or namespace load failed for ‘car’ in library.dynam(lib, package, package.lib):
     shared object ‘readxl.so’ not found
    Execution halted
Flavor: r-release-osx-x86_64

Version: 1.4-8
Check: re-building of vignette outputs
Result: NOTE
    Error in re-building vignettes:
     ...
    Loading required package: carData
    
    Error: processing vignette 'chfls1.Rnw' failed with diagnostics:
     chunk 1 (label = setup)
    Error : package or namespace load failed for ‘car’ in library.dynam(lib, package, package.lib):
     shared object ‘readxl.so’ not found
    Execution halted
Flavor: r-release-osx-x86_64