CRAN Package Check Results for Package multcomp

Last updated on 2017-09-24 00:51:12.

Flavor Version Tinstall Tcheck Ttotal Status Flags
r-devel-linux-x86_64-debian-clang 1.4-7 2.69 108.57 111.26 OK
r-devel-linux-x86_64-debian-gcc 1.4-7 2.83 105.48 108.31 OK
r-devel-linux-x86_64-fedora-clang 1.4-7 223.28 OK
r-devel-linux-x86_64-fedora-gcc 1.4-7 219.76 OK
r-devel-windows-ix86+x86_64 1.4-7 8.00 188.00 196.00 OK
r-patched-linux-x86_64 1.4-7 2.85 107.47 110.32 OK
r-patched-solaris-x86 1.4-7 301.80 OK
r-release-linux-x86_64 1.4-7 2.96 104.53 107.48 OK
r-release-windows-ix86+x86_64 1.4-7 10.00 182.00 192.00 OK
r-release-osx-x86_64 1.4-7 NOTE
r-oldrel-windows-ix86+x86_64 1.4-7 8.00 164.00 172.00 OK
r-oldrel-osx-x86_64 1.4-7 OK

Check Details

Version: 1.4-7
Check: re-building of vignette outputs
Result: NOTE
    Error in re-building vignettes:
     ...
    
    Warning in RET$pfunction("adjusted", ...) :
     Completion with error > abseps
    Warning in RET$pfunction("adjusted", ...) :
     Completion with error > abseps
    Warning in RET$pfunction("adjusted", ...) :
     Completion with error > abseps
    Warning in RET$pfunction("adjusted", ...) :
     Completion with error > abseps
    Error in texi2dvi(file = file, pdf = TRUE, clean = clean, quiet = quiet, :
     Running 'texi2dvi' on 'chfls1.tex' failed.
    LaTeX errors:
    ! LaTeX Error: File `utf8x.def' not found.
    
    Type X to quit or <RETURN> to proceed,
    or enter new name. (Default extension: def)
    
    ! Emergency stop.
    <read *>
    
    l.158 \endinput
     ^^M
    ! ==> Fatal error occurred, no output PDF file produced!
    Calls: buildVignettes -> texi2pdf -> texi2dvi
    Execution halted
Flavor: r-release-osx-x86_64