CRAN Package Check Results for Package multcomp

Last updated on 2014-09-17 16:46:37.

Flavor Version Tinstall Tcheck Ttotal Status Flags
r-devel-linux-x86_64-debian-clang 1.3-6 1.32 89.20 90.53 OK
r-devel-linux-x86_64-debian-gcc 1.3-6 1.31 87.98 89.29 OK
r-devel-linux-x86_64-fedora-clang 1.3-6 177.73 OK
r-devel-linux-x86_64-fedora-gcc 1.3-6 173.44 OK
r-devel-osx-x86_64-clang 1.3-6 141.38 OK
r-devel-windows-ix86+x86_64 1.3-6 7.00 128.00 135.00 OK
r-patched-linux-x86_64 1.3-6 1.70 96.25 97.95 OK
r-patched-solaris-sparc 1.3-6 1089.70 OK
r-patched-solaris-x86 1.3-6 235.20 OK
r-release-linux-ix86 1.3-6 1.90 149.46 151.36 OK
r-release-linux-x86_64 1.3-6 1.42 95.60 97.03 OK
r-release-osx-x86_64-mavericks 1.3-6 NOTE
r-release-osx-x86_64-snowleopard 1.3-6 OK
r-release-windows-ix86+x86_64 1.3-6 5.00 142.00 147.00 OK
r-oldrel-windows-ix86+x86_64 1.3-6 6.00 141.00 147.00 OK

Check Details

Version: 1.3-6
Check: re-building of vignette outputs
Result: NOTE
    Error in re-building vignettes:
     ...
    Loading required package: mvtnorm
    Loading required package: survival
    Loading required package: splines
    Loading required package: TH.data
    Error in texi2dvi(file = file, pdf = TRUE, clean = clean, quiet = quiet, :
     Running 'texi2dvi' on 'chfls1.tex' failed.
    LaTeX errors:
    ! LaTeX Error: File `utf8x.def' not found.
    
    Type X to quit or <RETURN> to proceed,
    or enter new name. (Default extension: def)
    Calls: buildVignettes -> texi2pdf -> texi2dvi
    Execution halted
Flavor: r-release-osx-x86_64-mavericks