CRAN Package Check Results for Package multcomp

Last updated on 2015-05-23 11:51:26.

Flavor Version Tinstall Tcheck Ttotal Status Flags
r-devel-linux-x86_64-debian-clang 1.4-0 1.60 90.65 92.24 OK
r-devel-linux-x86_64-debian-gcc 1.4-0 1.24 91.43 92.67 OK
r-devel-linux-x86_64-fedora-clang 1.4-0 176.85 OK
r-devel-linux-x86_64-fedora-gcc 1.4-0 169.51 OK
r-devel-osx-x86_64-clang 1.4-0 143.14 OK
r-devel-windows-ix86+x86_64 1.4-0 4.00 130.00 134.00 OK
r-patched-linux-x86_64 1.4-0 1.12 91.71 92.83 OK
r-patched-solaris-sparc 1.4-0 1157.30 OK
r-patched-solaris-x86 1.4-0 227.40 OK
r-release-linux-x86_64 1.4-0 1.68 94.80 96.48 OK
r-release-osx-x86_64-mavericks 1.4-0 OK
r-release-osx-x86_64-snowleopard 1.4-0 ERROR
r-release-windows-ix86+x86_64 1.4-0 5.00 129.00 134.00 OK
r-oldrel-windows-ix86+x86_64 1.4-0 7.00 148.00 155.00 OK

Check Details

Version: 1.4-0
Check: package dependencies
Result: ERROR
    Package required but not available: ‘sandwich’
    
    Packages suggested but not available for checking: ‘car’ ‘lmtest’ ‘SimComp’
    
    See section ‘The DESCRIPTION file’ in the ‘Writing R Extensions’
    manual.
Flavor: r-release-osx-x86_64-snowleopard