CRAN Package Check Results for Package multcomp

Last updated on 2014-11-29 07:51:14.

Flavor Version Tinstall Tcheck Ttotal Status Flags
r-devel-linux-x86_64-debian-clang 1.3-7 1.42 95.60 97.02 OK
r-devel-linux-x86_64-debian-gcc 1.3-7 1.75 93.34 95.09 OK
r-devel-linux-x86_64-fedora-clang 1.3-7 188.43 OK
r-devel-linux-x86_64-fedora-gcc 1.3-7 188.61 OK
r-devel-osx-x86_64-clang 1.3-7 152.56 OK
r-devel-windows-ix86+x86_64 1.3-7 6.00 137.00 143.00 OK
r-patched-linux-x86_64 1.3-7 1.40 96.72 98.12 OK
r-patched-solaris-sparc 1.3-7 1041.70 OK
r-patched-solaris-x86 1.3-7 232.60 OK
r-release-linux-ix86 1.3-7 1.88 141.64 143.52 OK
r-release-linux-x86_64 1.3-7 1.40 97.82 99.23 OK
r-release-osx-x86_64-mavericks 1.3-7 NOTE
r-release-osx-x86_64-snowleopard 1.3-7 OK
r-release-windows-ix86+x86_64 1.3-7 6.00 138.00 144.00 OK
r-oldrel-windows-ix86+x86_64 1.3-7 6.00 147.00 153.00 OK

Check Details

Version: 1.3-7
Check: re-building of vignette outputs
Result: NOTE
    Error in re-building vignettes:
     ...
    Loading required package: mvtnorm
    Loading required package: survival
    Loading required package: splines
    Loading required package: TH.data
    Error in texi2dvi(file = file, pdf = TRUE, clean = clean, quiet = quiet, :
     Running 'texi2dvi' on 'chfls1.tex' failed.
    LaTeX errors:
    ! LaTeX Error: File `utf8x.def' not found.
    
    Type X to quit or <RETURN> to proceed,
    or enter new name. (Default extension: def)
    Calls: buildVignettes -> texi2pdf -> texi2dvi
    Execution halted
Flavor: r-release-osx-x86_64-mavericks