CRAN Package Check Results for Package multcomp

Last updated on 2014-04-18 20:48:03.

Flavor Version Tinstall Tcheck Ttotal Status Flags
r-devel-linux-x86_64-debian-clang 1.3-2 1.50 96.64 98.14 OK
r-devel-linux-x86_64-debian-gcc OK
r-devel-linux-x86_64-fedora-clang 1.3-2 199.47 OK
r-devel-linux-x86_64-fedora-gcc 1.3-2 187.72 OK
r-devel-macosx-x86_64-clang 1.3-2 167.50 OK
r-devel-macosx-x86_64-gcc 1.3-2 ERROR
r-devel-windows-ix86+x86_64 1.3-2 5.00 140.00 145.00 OK
r-patched-linux-x86_64 1.3-2 1.46 97.19 98.65 OK
r-patched-solaris-sparc 1.3-2 1156.80 OK
r-patched-solaris-x86 1.3-2 247.50 OK
r-release-linux-ix86 1.3-2 5.00 162.00 167.00 OK
r-release-linux-x86_64 1.3-2 1.47 96.97 98.44 OK
r-release-macosx-x86_64 1.3-2 ERROR
r-release-windows-ix86+x86_64 1.3-2 6.00 140.00 146.00 OK
r-oldrel-windows-ix86+x86_64 1.3-2 6.00 133.00 139.00 OK

Check Details

Version: 1.3-2
Check: package dependencies
Result: ERROR
    Package required but not available: ‘sandwich’
    
    Packages suggested but not available for checking:
     ‘robustbase’ ‘mboost’ ‘car’ ‘lmtest’ ‘SimComp’
    
    See the information on DESCRIPTION files in the chapter ‘Creating R
    packages’ of the ‘Writing R Extensions’ manual.
Flavor: r-devel-macosx-x86_64-gcc

Version: 1.3-2
Check: package dependencies
Result: NOTE
    Package suggested but not available for checking: ‘SimComp’
Flavor: r-release-macosx-x86_64

Version: 1.3-2
Check: Rd cross-references
Result: NOTE
    Package unavailable to check Rd xrefs: ‘lsmeans’
Flavor: r-release-macosx-x86_64

Version: 1.3-2
Check: examples
Result: ERROR
    Running examples in ‘multcomp-Ex.R’ failed
    The error most likely occurred in:
    
    > ### Name: mmm
    > ### Title: Simultaneous Inference for Multiple Marginal Models
    > ### Aliases: mmm mlf
    > ### Keywords: models
    >
    > ### ** Examples
    >
    >
    > ### replicate analysis of Hasler & Hothorn (2011),
    > ### A Dunnett-Type Procedure for Multiple Endpoints,
    > ### The International Journal of Biostatistics: Vol. 7: Iss. 1, Article 3.
    > ### DOI: 10.2202/1557-4679.1258
    >
    > ### see ?coagulation
    > data("coagulation", package = "SimComp")
    Error in find.package(package, lib.loc, verbose = verbose) :
     there is no package called ‘SimComp’
    Calls: data -> find.package
    Execution halted
Flavor: r-release-macosx-x86_64