CRAN Package Check Results for Package multcomp

Last updated on 2014-12-19 15:48:31.

Flavor Version Tinstall Tcheck Ttotal Status Flags
r-devel-linux-x86_64-debian-clang 1.3-8 1.60 97.00 98.60 OK
r-devel-linux-x86_64-debian-gcc 1.3-8 1.47 91.40 92.87 OK
r-devel-linux-x86_64-fedora-clang 1.3-8 187.44 OK
r-devel-linux-x86_64-fedora-gcc 1.3-8 172.14 OK
r-devel-osx-x86_64-clang 1.3-8 152.47 OK
r-devel-windows-ix86+x86_64 1.3-8 6.00 139.00 145.00 OK
r-patched-linux-x86_64 1.3-8 1.40 98.80 100.19 OK
r-patched-solaris-sparc 1.3-8 1128.10 OK
r-patched-solaris-x86 1.3-8 235.70 OK
r-release-linux-ix86 1.3-8 1.84 141.32 143.16 OK
r-release-linux-x86_64 1.3-8 1.42 95.79 97.21 OK
r-release-osx-x86_64-mavericks 1.3-8 NOTE
r-release-osx-x86_64-snowleopard 1.3-8 OK
r-release-windows-ix86+x86_64 1.3-8 7.00 149.00 156.00 OK
r-oldrel-windows-ix86+x86_64 1.3-8 6.00 149.00 155.00 OK

Check Details

Version: 1.3-8
Check: re-building of vignette outputs
Result: NOTE
    Error in re-building vignettes:
     ...
    Warning in RET$pfunction("adjusted", ...) :
     Completion with error > abseps
    Warning in RET$pfunction("adjusted", ...) :
     Completion with error > abseps
    Warning in RET$pfunction("adjusted", ...) :
     Completion with error > abseps
    Warning in RET$pfunction("adjusted", ...) :
     Completion with error > abseps
    Warning in RET$pfunction("adjusted", ...) :
     Completion with error > abseps
    Warning in RET$pfunction("adjusted", ...) :
     Completion with error > abseps
    Warning in RET$pfunction("adjusted", ...) :
     Completion with error > abseps
    Warning in RET$pfunction("adjusted", ...) :
     Completion with error > abseps
    Error in texi2dvi(file = file, pdf = TRUE, clean = clean, quiet = quiet, :
     Running 'texi2dvi' on 'chfls1.tex' failed.
    LaTeX errors:
    ! LaTeX Error: File `utf8x.def' not found.
    
    Type X to quit or <RETURN> to proceed,
    or enter new name. (Default extension: def)
    Calls: buildVignettes -> texi2pdf -> texi2dvi
    Execution halted
Flavor: r-release-osx-x86_64-mavericks