CRAN Package Check Results for Package multcomp

Last updated on 2018-10-22 01:50:50 CEST.

Flavor Version Tinstall Tcheck Ttotal Status Flags
r-devel-linux-x86_64-debian-clang 1.4-8 8.11 164.97 173.08 OK
r-devel-linux-x86_64-debian-gcc 1.4-8 6.79 122.89 129.68 OK
r-devel-linux-x86_64-fedora-clang 1.4-8 198.71 OK
r-devel-linux-x86_64-fedora-gcc 1.4-8 195.91 OK
r-devel-windows-ix86+x86_64 1.4-8 21.00 260.00 281.00 OK
r-patched-linux-x86_64 1.4-8 7.50 144.20 151.70 OK
r-patched-solaris-x86 1.4-8 278.20 OK
r-release-linux-x86_64 1.4-8 6.89 145.56 152.45 OK
r-release-windows-ix86+x86_64 1.4-8 16.00 221.00 237.00 OK
r-release-osx-x86_64 1.4-8 ERROR
r-oldrel-windows-ix86+x86_64 1.4-8 7.00 257.00 264.00 OK
r-oldrel-osx-x86_64 1.4-8 OK

Check Details

Version: 1.4-8
Check: running R code from vignettes
Result: ERROR
    Errors in running code in vignettes:
    when running code in ‘chfls1.Rnw’
     ...
    
    > library("xtable")
    
    > library("car")
    Loading required package: carData
    
     When sourcing ‘chfls1.R’:
    Error: package or namespace load failed for ‘car’ in library.dynam(lib, package, package.lib):
     shared object ‘readxl.so’ not found
    Execution halted
Flavor: r-release-osx-x86_64

Version: 1.4-8
Check: re-building of vignette outputs
Result: NOTE
    Error in re-building vignettes:
     ...
    Loading required package: carData
    
    Error: processing vignette 'chfls1.Rnw' failed with diagnostics:
     chunk 1 (label = setup)
    Error : package or namespace load failed for ‘car’ in library.dynam(lib, package, package.lib):
     shared object ‘readxl.so’ not found
    Execution halted
Flavor: r-release-osx-x86_64