CRAN Package Check Results for Package multgee

Last updated on 2014-08-20 23:46:42.

Flavor Version Tinstall Tcheck Ttotal Status Flags
r-devel-linux-x86_64-debian-clang 1.4 5.23 55.91 61.14 NOTE
r-devel-linux-x86_64-debian-gcc 1.4 5.06 55.39 60.46 NOTE
r-devel-linux-x86_64-fedora-clang 1.4 135.09 NOTE
r-devel-linux-x86_64-fedora-gcc 1.4 143.08 NOTE
r-devel-osx-x86_64-clang 1.4 108.94 NOTE
r-devel-windows-ix86+x86_64 1.4 11.00 86.00 97.00 NOTE
r-patched-linux-x86_64 1.4 4.16 58.13 62.29 NOTE
r-patched-solaris-sparc 1.4 825.50 NOTE
r-patched-solaris-x86 1.4 194.40 NOTE
r-release-linux-ix86 1.4 5.24 73.24 78.48 NOTE
r-release-linux-x86_64 1.4 4.57 58.97 63.54 NOTE
r-release-osx-x86_64-mavericks 1.4 NOTE
r-release-osx-x86_64-snowleopard 1.4 OK
r-release-windows-ix86+x86_64 1.4 12.00 77.00 89.00 NOTE
r-oldrel-windows-ix86+x86_64 1.4 12.00 77.00 89.00 NOTE

Check Details

Version: 1.4
Check: dependencies in R code
Result: NOTE
    Packages in Depends field not imported from:
     ‘VGAM’ ‘gnm’
     These packages need to be imported from (in the NAMESPACE file)
     for when this namespace is loaded but not attached.
    See the information on DESCRIPTION files in the chapter ‘Creating R
    packages’ of the ‘Writing R Extensions’ manual.
Flavors: r-devel-linux-x86_64-debian-clang, r-devel-linux-x86_64-debian-gcc, r-devel-linux-x86_64-fedora-clang, r-devel-linux-x86_64-fedora-gcc, r-devel-osx-x86_64-clang, r-devel-windows-ix86+x86_64, r-patched-linux-x86_64, r-patched-solaris-sparc, r-patched-solaris-x86, r-release-linux-ix86, r-release-linux-x86_64, r-release-osx-x86_64-mavericks, r-release-windows-ix86+x86_64, r-oldrel-windows-ix86+x86_64

Version: 1.4
Check: R code for possible problems
Result: NOTE
    RRCheter: no visible global function definition for ‘gnm’
    RRCheter: no visible global function definition for ‘pickCoef’
    RRChomog: no visible global function definition for ‘gnm’
    RRChomog: no visible global function definition for ‘pickCoef’
    fitmm: no visible global function definition for ‘gnm’
    fitmm: no visible global function definition for ‘pickCoef’
    intrinsic.pars: no visible global function definition for ‘gnm’
    intrinsic.pars: no visible global function definition for ‘pickCoef’
    nomLORgee: no visible global function definition for ‘multinomial’
    nomLORgee: no visible global function definition for ‘vglm.control’
    ordLORgee: no visible global function definition for ‘acat’
    ordLORgee: no visible global function definition for ‘cumulative’
    ordLORgee: no visible global function definition for ‘vglm.control’
Flavors: r-devel-linux-x86_64-fedora-clang, r-devel-linux-x86_64-fedora-gcc, r-devel-osx-x86_64-clang