CRAN Package Check Results for Package multgee

Last updated on 2014-07-22 19:47:53.

Flavor Version Tinstall Tcheck Ttotal Status Flags
r-devel-linux-x86_64-debian-clang 1.4 4.45 58.13 62.58 NOTE
r-devel-linux-x86_64-debian-gcc 1.4 4.23 58.60 62.83 NOTE
r-devel-linux-x86_64-fedora-clang 1.4 142.50 NOTE
r-devel-linux-x86_64-fedora-gcc 1.4 141.15 NOTE
r-devel-osx-x86_64-clang 1.4 120.06 NOTE
r-devel-windows-ix86+x86_64 1.4 13.00 85.00 98.00 NOTE
r-patched-linux-x86_64 1.4 4.18 58.50 62.68 NOTE
r-patched-solaris-sparc 1.4 812.70 NOTE
r-patched-solaris-x86 1.4 193.80 NOTE
r-release-linux-ix86 1.4 5.29 72.96 78.26 NOTE
r-release-linux-x86_64 1.4 4.30 60.04 64.34 NOTE
r-release-osx-x86_64-mavericks 1.4 NOTE
r-release-osx-x86_64-snowleopard 1.4 OK
r-release-windows-ix86+x86_64 1.4 11.00 82.00 93.00 NOTE
r-oldrel-windows-ix86+x86_64 1.4 13.00 83.00 96.00 NOTE

Check Details

Version: 1.4
Check: dependencies in R code
Result: NOTE
    Packages in Depends field not imported from:
     ‘VGAM’ ‘gnm’
     These packages need to be imported from (in the NAMESPACE file)
     for when this namespace is loaded but not attached.
    See the information on DESCRIPTION files in the chapter ‘Creating R
    packages’ of the ‘Writing R Extensions’ manual.
Flavors: r-devel-linux-x86_64-debian-clang, r-devel-linux-x86_64-debian-gcc, r-devel-linux-x86_64-fedora-clang, r-devel-linux-x86_64-fedora-gcc, r-devel-osx-x86_64-clang, r-devel-windows-ix86+x86_64, r-patched-linux-x86_64, r-patched-solaris-sparc, r-patched-solaris-x86, r-release-linux-ix86, r-release-linux-x86_64, r-release-osx-x86_64-mavericks, r-release-windows-ix86+x86_64, r-oldrel-windows-ix86+x86_64