CRAN Package Check Results for Package multgee

Last updated on 2014-04-21 01:48:07.

Flavor Version Tinstall Tcheck Ttotal Status Flags
r-devel-linux-x86_64-debian-clang 1.4 4.52 61.04 65.55 NOTE
r-devel-linux-x86_64-debian-gcc 1.4 4.51 61.98 66.48 NOTE
r-devel-linux-x86_64-fedora-clang 1.4 142.94 NOTE
r-devel-linux-x86_64-fedora-gcc 1.4 140.75 NOTE
r-devel-macosx-x86_64-clang 1.4 133.35 NOTE
r-devel-macosx-x86_64-gcc 1.4 NOTE
r-devel-windows-ix86+x86_64 1.4 13.00 75.00 88.00 NOTE
r-patched-linux-x86_64 1.4 4.70 60.81 65.51 NOTE
r-patched-solaris-sparc 1.4 812.70 NOTE
r-patched-solaris-x86 1.4 208.20 NOTE
r-release-linux-ix86 NOTE
r-release-linux-x86_64 1.4 4.60 61.55 66.15 NOTE
r-release-macosx-x86_64 1.4 OK
r-release-windows-ix86+x86_64 1.4 15.00 78.00 93.00 NOTE
r-oldrel-windows-ix86+x86_64 1.4 12.00 79.00 91.00 NOTE

Check Details

Version: 1.4
Check: dependencies in R code
Result: NOTE
    Packages in Depends field not imported from:
     ‘VGAM’ ‘gnm’
     These packages need to be imported from (in the NAMESPACE file)
     for when this namespace is loaded but not attached.
    See the information on DESCRIPTION files in the chapter ‘Creating R
    packages’ of the ‘Writing R Extensions’ manual.
Flavors: r-devel-linux-x86_64-debian-clang, r-devel-linux-x86_64-debian-gcc, r-devel-linux-x86_64-fedora-clang, r-devel-linux-x86_64-fedora-gcc, r-devel-macosx-x86_64-clang, r-devel-macosx-x86_64-gcc, r-devel-windows-ix86+x86_64, r-patched-linux-x86_64, r-patched-solaris-sparc, r-patched-solaris-x86, r-release-linux-ix86, r-release-linux-x86_64, r-release-windows-ix86+x86_64, r-oldrel-windows-ix86+x86_64