CRAN Package Check Results for Package multgee

Last updated on 2015-04-28 03:47:25.

Flavor Version Tinstall Tcheck Ttotal Status Flags
r-devel-linux-x86_64-debian-clang 1.5.1 3.08 61.42 64.50 OK
r-devel-linux-x86_64-debian-gcc 1.5.1 3.00 62.22 65.22 OK
r-devel-linux-x86_64-fedora-clang 1.5.1 137.41 OK
r-devel-linux-x86_64-fedora-gcc 1.5.1 133.65 OK
r-devel-osx-x86_64-clang 1.5.1 124.27 OK
r-devel-windows-ix86+x86_64 1.5.1 9.00 90.00 99.00 OK
r-patched-linux-x86_64 1.5.1 3.16 61.20 64.36 OK
r-patched-solaris-sparc 1.5.1 817.90 OK
r-patched-solaris-x86 1.5.1 174.20 OK
r-release-linux-x86_64 1.5.1 3.00 66.00 69.00 OK
r-release-osx-x86_64-mavericks 1.5.1 NOTE
r-release-osx-x86_64-snowleopard 1.5.1 OK
r-release-windows-ix86+x86_64 1.5.1 14.00 123.00 137.00 OK
r-oldrel-windows-ix86+x86_64 1.5.1 10.00 103.00 113.00 OK

Check Details

Version: 1.5.1
Check: re-building of vignette outputs
Result: NOTE
    Error in re-building vignettes:
     ...
    Error in texi2dvi(file = file, pdf = TRUE, clean = clean, quiet = quiet, :
     Running 'texi2dvi' on 'multgee.tex' failed.
    LaTeX errors:
    ! LaTeX Error: Missing \begin{document}.
    
    See the LaTeX manual or LaTeX Companion for explanation.
    Type H <return> for immediate help.
     ...
    ! Missing $ inserted.
    <inserted text>
     $
    l.17 ...<b1><af><bf><fe><fa>ҥK<86>aH)<81>:@<cb>4Mι^^P<e2><ee>ݻccc^^S^^S^^SW<af>^
     <c5>^^L^^S^^S^^SW<ae>\a<8c>I)#<91><88><ae><eb>@...
    ! LaTeX Error: Command \<8c> unavailable in encoding T1.
    
    See the LaTeX manual or LaTeX Companion for explanation.
    Type H <return> for immediate help.
     ...
    ! Please use \mathaccent for accents in math mode.
    \add@accent ...@spacefactor \spacefactor }\accent
     #1 #2\egroup \spacefactor ...
    l.18 ...^C-<84>p]7<99>L><b3>^^O<dc>|<d7>u]<d7>={<f6>,^^Q !VWWWVV<de>x<e3><8d>\.g
    
    Calls: buildVignettes -> texi2pdf -> texi2dvi
    Execution halted
Flavor: r-release-osx-x86_64-mavericks