CRAN Package Check Results for Package multgee

Last updated on 2017-12-11 02:48:47 CET.

Flavor Version Tinstall Tcheck Ttotal Status Flags
r-devel-linux-x86_64-debian-clang 1.6.0 3.70 82.72 86.42 OK
r-devel-linux-x86_64-debian-gcc 1.6.0 3.54 76.76 80.30 OK
r-devel-linux-x86_64-fedora-clang 1.6.0 124.29 OK
r-devel-linux-x86_64-fedora-gcc 1.6.0 121.49 OK
r-devel-windows-ix86+x86_64 1.6.0 11.00 104.00 115.00 OK
r-patched-linux-x86_64 1.6.0 4.18 105.11 109.29 OK
r-patched-solaris-x86 1.6.0 183.50 OK
r-release-linux-x86_64 1.6.0 4.73 105.89 110.62 OK
r-release-windows-ix86+x86_64 1.6.0 9.00 122.00 131.00 OK
r-release-osx-x86_64 1.6.0 OK
r-oldrel-windows-ix86+x86_64 1.6.0 13.00 130.00 143.00 OK
r-oldrel-osx-x86_64 1.6.0 NOTE

Check Details

Version: 1.6.0
Check: re-building of vignette outputs
Result: NOTE
    Error in re-building vignettes:
     ...
    Warning in grepl("(Rerun to get|biblatex.*\\(re\\)run)", readLines(log, :
     input string 399 is invalid in this locale
    Warning in grepl("(Rerun to get|biblatex.*\\(re\\)run)", readLines(log, :
     input string 400 is invalid in this locale
    Warning in grepl("(Rerun to get|biblatex.*\\(re\\)run)", readLines(log, :
     input string 408 is invalid in this locale
    Error in texi2dvi(file = file, pdf = TRUE, clean = clean, quiet = quiet, :
     Running 'texi2dvi' on 'multgee.tex' failed.
    LaTeX errors:
    ! Undefined control sequence.
    l.16 ...<9a>J<a5>t]O<a5>R<e9>t<9a><88>8<e7>D<94>J<a5><88>(<93>ɤR)<b0><87>_WVV&&&^^XcW<ae>\<b9>
     u<eb><d6>͛7^^Yc<9c>s<c6>^^X^^Q<c9>U<ee>ܹ<f3><f1>...
    The control sequence at the end of the top line
    of your error message was never \def'ed. If you have
    ! Undefined control sequence.
    l.16 ...^XcW<ae>\<b9>u<eb><d6>͛7^^Yc<9c>s<c6>^^X^^Q<c9>U<ee>ܹ<f3><f1><c7>^^_sί\<b9>
     <92><c9>d<ee>ܹs<ed>ڵt:<fd><cd>7<df>`<e4>n<d4><dc>7<cd><ce><ce>V...
    The control sequence at the end of the top line
    of your error message was never \def'ed. If you have
    ! Undefined control sequence.
    l.16 ...<c3>@<9a><ae><eb><b8>Q^^@3 ^^G<f0>s<ce>u]<9f><9e><9e><ce>d2<f2><d6>^^A<a8><9d><ec><d9>^^G{ \?
     <ec><e3>퐮뚦<ed><ed>Y<df><ec>u^^W<f5><f4>^7<93>^^O<bd>...
    The control sequence a
    Calls: buildVignettes -> texi2pdf -> texi2dvi
    Execution halted
Flavor: r-oldrel-osx-x86_64