CRAN Package Check Results for Package multgee

Last updated on 2014-10-24 11:47:19.

Flavor Version Tinstall Tcheck Ttotal Status Flags
r-devel-linux-x86_64-debian-clang 1.4 5.18 54.31 59.48 NOTE
r-devel-linux-x86_64-debian-gcc 1.4 4.50 55.12 59.62 NOTE
r-devel-linux-x86_64-fedora-clang 1.4 132.39 NOTE
r-devel-linux-x86_64-fedora-gcc 1.4 125.06 NOTE
r-devel-osx-x86_64-clang 1.4 113.86 NOTE
r-devel-windows-ix86+x86_64 1.4 13.00 73.00 86.00 NOTE
r-patched-linux-x86_64 1.4 4.28 56.60 60.88 NOTE
r-patched-solaris-sparc 1.4 790.10 NOTE
r-patched-solaris-x86 1.4 187.00 NOTE
r-release-linux-ix86 1.4 5.30 73.50 78.80 NOTE
r-release-linux-x86_64 1.4 4.37 59.81 64.18 NOTE
r-release-osx-x86_64-mavericks 1.4 NOTE
r-release-osx-x86_64-snowleopard 1.4 OK
r-release-windows-ix86+x86_64 1.4 12.00 84.00 96.00 NOTE
r-oldrel-windows-ix86+x86_64 1.4 13.00 81.00 94.00 NOTE

Check Details

Version: 1.4
Check: dependencies in R code
Result: NOTE
    Packages in Depends field not imported from:
     ‘VGAM’ ‘gnm’
     These packages need to be imported from (in the NAMESPACE file)
     for when this namespace is loaded but not attached.
    See the information on DESCRIPTION files in the chapter ‘Creating R
    packages’ of the ‘Writing R Extensions’ manual.
Flavors: r-devel-linux-x86_64-debian-clang, r-devel-linux-x86_64-debian-gcc, r-devel-linux-x86_64-fedora-clang, r-devel-linux-x86_64-fedora-gcc, r-devel-osx-x86_64-clang, r-devel-windows-ix86+x86_64, r-patched-linux-x86_64, r-patched-solaris-sparc, r-patched-solaris-x86, r-release-linux-ix86, r-release-linux-x86_64, r-release-osx-x86_64-mavericks, r-release-windows-ix86+x86_64, r-oldrel-windows-ix86+x86_64

Version: 1.4
Check: R code for possible problems
Result: NOTE
    RRCheter: no visible global function definition for ‘gnm’
    RRCheter: no visible global function definition for ‘pickCoef’
    RRChomog: no visible global function definition for ‘gnm’
    RRChomog: no visible global function definition for ‘pickCoef’
    fitmm: no visible global function definition for ‘gnm’
    fitmm: no visible global function definition for ‘pickCoef’
    intrinsic.pars: no visible global function definition for ‘gnm’
    intrinsic.pars: no visible global function definition for ‘pickCoef’
    nomLORgee: no visible global function definition for ‘multinomial’
    nomLORgee: no visible global function definition for ‘vglm.control’
    ordLORgee: no visible global function definition for ‘acat’
    ordLORgee: no visible global function definition for ‘cumulative’
    ordLORgee: no visible global function definition for ‘vglm.control’
Flavors: r-devel-linux-x86_64-debian-clang, r-devel-linux-x86_64-debian-gcc, r-devel-linux-x86_64-fedora-clang, r-devel-linux-x86_64-fedora-gcc, r-devel-osx-x86_64-clang, r-devel-windows-ix86+x86_64, r-patched-linux-x86_64, r-patched-solaris-sparc, r-patched-solaris-x86