CRAN Package Check Results for Package multgee

Last updated on 2015-07-02 06:48:17.

Flavor Version Tinstall Tcheck Ttotal Status Flags
r-devel-linux-x86_64-debian-clang 1.5.1 2.99 65.63 68.62 NOTE
r-devel-linux-x86_64-debian-gcc 1.5.1 2.97 63.50 66.47 NOTE
r-devel-linux-x86_64-fedora-clang 1.5.1 137.42 NOTE
r-devel-linux-x86_64-fedora-gcc 1.5.1 131.83 NOTE
r-devel-osx-x86_64-clang 1.5.1 121.38 OK
r-devel-windows-ix86+x86_64 1.5.1 8.00 89.00 97.00 NOTE
r-patched-linux-x86_64 1.5.1 2.95 63.62 66.57 OK
r-patched-solaris-sparc 1.5.1 855.00 OK
r-patched-solaris-x86 1.5.1 182.60 OK
r-release-linux-x86_64 1.5.1 3.30 62.17 65.47 OK
r-release-osx-x86_64-mavericks 1.5.1 NOTE
r-release-windows-ix86+x86_64 1.5.1 8.00 102.00 110.00 OK
r-oldrel-windows-ix86+x86_64 1.5.1 11.00 111.00 122.00 OK

Check Details

Version: 1.5.1
Check: R code for possible problems
Result: NOTE
    RCconstrains: no visible global function definition for ‘combn’
    RRCheter: no visible global function definition for ‘update’
    RRCheter: no visible binding for global variable ‘poisson’
    RRCheter: no visible global function definition for ‘glm’
    RRChomog: no visible global function definition for ‘update’
    RRChomog: no visible binding for global variable ‘poisson’
    RRChomog: no visible global function definition for ‘glm’
    combns: no visible global function definition for ‘combn’
    datacounts: no visible global function definition for ‘reshape’
    fitLORgee: no visible global function definition for ‘make.link’
    fitmm: no visible binding for global variable ‘poisson’
    intrinsic.pars: no visible global function definition for
     ‘model.response’
    intrinsic.pars: no visible global function definition for
     ‘model.extract’
    intrinsic.pars: no visible binding for global variable ‘poisson’
    nomLORgee: no visible global function definition for ‘model.response’
    nomLORgee: no visible global function definition for ‘model.extract’
    nomLORgee: no visible global function definition for ‘pchisq’
    ordLORgee: no visible global function definition for ‘model.response’
    ordLORgee: no visible global function definition for ‘model.extract’
    ordLORgee: no visible global function definition for ‘pchisq’
    print.summary.LORgee: no visible global function definition for
     ‘printCoefmat’
    summary.LORgee: no visible global function definition for ‘pnorm’
    waldts: no visible global function definition for ‘pchisq’
Flavors: r-devel-linux-x86_64-debian-clang, r-devel-linux-x86_64-debian-gcc, r-devel-linux-x86_64-fedora-clang, r-devel-linux-x86_64-fedora-gcc, r-devel-windows-ix86+x86_64

Version: 1.5.1
Check: re-building of vignette outputs
Result: NOTE
    Error in re-building vignettes:
     ...
    Error in texi2dvi(file = file, pdf = TRUE, clean = clean, quiet = quiet, :
     Running 'texi2dvi' on 'multgee.tex' failed.
    LaTeX errors:
    ! LaTeX Error: Missing \begin{document}.
    
    See the LaTeX manual or LaTeX Companion for explanation.
    Type H <return> for immediate help.
     ...
    ! Missing $ inserted.
    <inserted text>
     $
    l.17 ...<b1><af><bf><fe><fa>ҥK<86>aH)<81>:@<cb>4Mι^^P<e2><ee>ݻccc^^S^^S^^SW<af>^
     <c5>^^L^^S^^S^^SW<ae>\a<8c>I)#<91><88><ae><eb>@...
    ! LaTeX Error: Command \<8c> unavailable in encoding T1.
    
    See the LaTeX manual or LaTeX Companion for explanation.
    Type H <return> for immediate help.
     ...
    ! Please use \mathaccent for accents in math mode.
    \add@accent ...@spacefactor \spacefactor }\accent
     #1 #2\egroup \spacefactor ...
    l.18 ...^C-<84>p]7<99>L><b3>^^O<dc>|<d7>u]<d7>={<f6>,^^Q !VWWWVV<de>x<e3><8d>\.g
    
    Calls: buildVignettes -> texi2pdf -> texi2dvi
    Execution halted
Flavor: r-release-osx-x86_64-mavericks