CRAN Package Check Results for Package multgee

Last updated on 2016-07-29 07:47:14.

Flavor Version Tinstall Tcheck Ttotal Status Flags
r-devel-linux-x86_64-debian-clang 1.5.3 3.20 61.15 64.35 OK
r-devel-linux-x86_64-debian-gcc 1.5.3 3.83 66.77 70.60 OK
r-devel-linux-x86_64-fedora-clang 1.5.3 128.04 OK
r-devel-linux-x86_64-fedora-gcc 1.5.3 119.77 OK
r-devel-osx-x86_64-clang 1.5.3 96.42 OK
r-devel-windows-ix86+x86_64 1.5.3 12.00 109.00 121.00 OK
r-patched-linux-x86_64 1.5.3 3.58 65.85 69.43 OK
r-patched-solaris-sparc 1.5.3 705.00 OK
r-patched-solaris-x86 1.5.3 157.00 OK
r-release-linux-x86_64 1.5.3 3.86 65.31 69.17 OK
r-release-osx-x86_64-mavericks 1.5.3 NOTE
r-release-windows-ix86+x86_64 1.5.3 13.00 129.00 142.00 OK
r-oldrel-windows-ix86+x86_64 1.5.3 11.00 146.00 157.00 OK

Check Details

Version: 1.5.3
Check: re-building of vignette outputs
Result: NOTE
    Error in re-building vignettes:
     ...
     input string 414 is invalid in this locale
    Error in texi2dvi(file = file, pdf = TRUE, clean = clean, quiet = quiet, :
     Running 'texi2dvi' on 'multgee.tex' failed.
    LaTeX errors:
    ! Undefined control sequence.
    l.16 "M\<cd>
     U[<a1>Ffa<89>^^]<ea><86>^^?!<a8>ˮ<ba>E<dd><f1>^^WT<ed><be>^^R<92>%<a4>f<c1><a2>^^Y<a9>1^^QT<89>^^Xն<d2>^^T<df><ca>Gc<dc>`L<89>O<...
    The control sequence at the end of the top line
    of your error message was never \def'ed. If you have
    ! Undefined control sequence.
    l.17 ^^D^^B<cd>fSI|<f2>H^^?<<97>J<a5>X,<86>i<eb><f5><ba><ea>LD<b9>\n
     ||<9c>1<96><cd>fc<b1>^^X<b0><d0><d9>^!<a2><bd>8=<85>:<f5><b0><a6>}<e7>3wO<ff><df><e0><84>lx<cb>...
    The control sequence at the end of the top line
    of your error message was never \def'ed. If you have
    ! LaTeX Error: Missing \begin{document}.
    
    See the LaTeX manual or LaTeX Companion for explanation.
    Type H <return> for immediate help.
     ...
    ! Missing $ inserted.
    <inserted text>
     $
    l.17 ...<cd>fc<b1>^^X<b0><d0><d9>^!<a2><bd>8=<85>:<f5><b0><a6>}
    Calls: buildVignettes -> texi2pdf -> texi2dvi
    Execution halted
Flavor: r-release-osx-x86_64-mavericks