CRAN Package Check Results for Package multiDimBio

Last updated on 2017-11-22 22:57:32 CET.

Flavor Version Tinstall Tcheck Ttotal Status Flags
r-devel-linux-x86_64-debian-clang 1.1.1 3.72 54.86 58.58 OK
r-devel-linux-x86_64-debian-gcc 1.1.1 4.77 126.87 131.64 OK
r-devel-linux-x86_64-fedora-clang 1.1.1 106.28 OK
r-devel-linux-x86_64-fedora-gcc 1.1.1 168.08 OK
r-devel-windows-ix86+x86_64 1.1.1 12.00 100.00 112.00 OK
r-patched-linux-x86_64 1.1.1 4.40 60.25 64.64 OK
r-patched-solaris-x86 1.1.1 183.20 OK
r-release-linux-x86_64 1.1.1 4.50 60.98 65.47 OK
r-release-windows-ix86+x86_64 1.1.1 12.00 89.00 101.00 OK
r-release-osx-x86_64 1.1.1 ERROR
r-oldrel-windows-ix86+x86_64 1.1.1 11.00 120.00 131.00 OK
r-oldrel-osx-x86_64 1.1.1 OK

Check Details

Version: 1.1.1
Check: package dependencies
Result: ERROR
    Packages required but not available: ‘pcaMethods’ ‘gridGraphics’
    
    See section ‘The DESCRIPTION file’ in the ‘Writing R Extensions’
    manual.
Flavor: r-release-osx-x86_64