CRAN Package Check Results for Package multiDimBio

Last updated on 2018-02-23 14:49:34 CET.

Flavor Version Tinstall Tcheck Ttotal Status Flags
r-devel-linux-x86_64-debian-clang 1.1.1 7.00 90.58 97.58 OK
r-devel-linux-x86_64-debian-gcc 1.1.1 6.35 71.24 77.59 OK
r-devel-windows-ix86+x86_64 1.1.1 17.00 128.00 145.00 OK
r-patched-linux-x86_64 1.1.1 4.79 100.54 105.33 OK
r-patched-solaris-x86 1.1.1 187.50 OK
r-release-linux-x86_64 1.1.1 6.45 98.33 104.78 OK
r-release-windows-ix86+x86_64 1.1.1 17.00 136.00 153.00 OK
r-release-osx-x86_64 1.1.1 ERROR
r-oldrel-windows-ix86+x86_64 1.1.1 11.00 133.00 144.00 OK
r-oldrel-osx-x86_64 1.1.1 OK

Check Details

Version: 1.1.1
Check: package dependencies
Result: ERROR
    Packages required but not available: ‘pcaMethods’ ‘gridGraphics’
    
    See section ‘The DESCRIPTION file’ in the ‘Writing R Extensions’
    manual.
Flavor: r-release-osx-x86_64