CRAN Package Check Results for Package multiDimBio

Last updated on 2015-05-28 07:48:59.

Flavor Version Tinstall Tcheck Ttotal Status Flags
r-devel-linux-x86_64-debian-clang 0.3.3 5.20 59.32 64.52 OK
r-devel-linux-x86_64-debian-gcc 0.3.3 4.22 58.28 62.51 OK
r-devel-linux-x86_64-fedora-clang 0.3.3 129.75 OK
r-devel-linux-x86_64-fedora-gcc 0.3.3 126.47 OK
r-devel-osx-x86_64-clang 0.3.3 105.52 OK
r-devel-windows-ix86+x86_64 0.3.3 12.00 83.00 95.00 OK
r-patched-linux-x86_64 0.3.3 4.18 55.42 59.60 OK
r-patched-solaris-sparc 0.3.3 773.10 OK
r-patched-solaris-x86 0.3.3 176.70 OK
r-release-linux-x86_64 0.3.3 4.29 61.61 65.90 OK
r-release-osx-x86_64-mavericks 0.3.3 OK
r-release-osx-x86_64-snowleopard 0.3.3 ERROR
r-release-windows-ix86+x86_64 0.3.3 13.00 85.00 98.00 OK
r-oldrel-windows-ix86+x86_64 0.3.3 20.00 112.00 132.00 OK

Check Details

Version: 0.3.3
Check: package dependencies
Result: ERROR
    Package required but not available: ‘pcaMethods’
    
    See section ‘The DESCRIPTION file’ in the ‘Writing R Extensions’
    manual.
Flavor: r-release-osx-x86_64-snowleopard