CRAN Package Check Results for Package multiDimBio

Last updated on 2017-07-20 19:48:03.

Flavor Version Tinstall Tcheck Ttotal Status Flags
r-devel-linux-x86_64-debian-clang 1.1.1 4.07 66.00 70.07 OK
r-devel-linux-x86_64-debian-gcc 1.1.1 4.25 64.79 69.04 OK
r-devel-linux-x86_64-fedora-clang 1.1.1 135.24 OK
r-devel-linux-x86_64-fedora-gcc 1.1.1 132.25 OK
r-devel-windows-ix86+x86_64 1.1.1 14.00 128.00 142.00 OK
r-patched-linux-x86_64 1.1.1 4.11 67.89 72.00 OK
r-patched-solaris-x86 1.1.1 188.90 OK
r-release-linux-x86_64 1.1.1 4.07 66.55 70.62 OK
r-release-windows-ix86+x86_64 1.1.1 12.00 96.00 108.00 OK
r-release-osx-x86_64 1.1.1 ERROR
r-oldrel-windows-ix86+x86_64 1.1.1 10.00 95.00 105.00 OK
r-oldrel-osx-x86_64 1.1.1 OK

Check Details

Version: 1.1.1
Check: package dependencies
Result: ERROR
    Packages required but not available: ‘pcaMethods’ ‘gridGraphics’
    
    See section ‘The DESCRIPTION file’ in the ‘Writing R Extensions’
    manual.
Flavor: r-release-osx-x86_64