CRAN Package Check Results for Package multiDimBio

Last updated on 2015-07-27 23:48:05.

Flavor Version Tinstall Tcheck Ttotal Status Flags
r-devel-linux-x86_64-debian-clang 0.3.3 4.33 57.99 62.32 NOTE
r-devel-linux-x86_64-debian-gcc 0.3.3 4.24 56.15 60.39 NOTE
r-devel-linux-x86_64-fedora-clang 0.3.3 131.69 NOTE
r-devel-linux-x86_64-fedora-gcc 0.3.3 122.46 NOTE
r-devel-osx-x86_64-clang 0.3.3 96.06 OK
r-devel-windows-ix86+x86_64 0.3.3 13.00 85.00 98.00 NOTE
r-patched-linux-x86_64 0.3.3 4.44 55.77 60.21 OK
r-patched-solaris-sparc 0.3.3 779.50 OK
r-patched-solaris-x86 0.3.3 174.90 OK
r-release-linux-x86_64 0.3.3 4.33 56.53 60.86 OK
r-release-osx-x86_64-mavericks 0.3.3 OK
r-release-windows-ix86+x86_64 0.3.3 20.00 80.00 100.00 OK
r-oldrel-windows-ix86+x86_64 0.3.3 32.00 112.00 144.00 OK

Check Details

Version: 0.3.3
Check: R code for possible problems
Result: NOTE
    BoxWhisker: no visible global function definition for ‘dev.off’
    CompleteData: no visible global function definition for ‘pdf’
    CompleteData: no visible global function definition for ‘layout’
    CompleteData: no visible global function definition for ‘plot’
    CompleteData: no visible global function definition for ‘hist’
    CompleteData: no visible global function definition for ‘dev.off’
    FSelect: no visible global function definition for ‘na.omit’
    FSelect: no visible global function definition for ‘predict’
    FSelect: no visible global function definition for ‘df’
    FSelect: no visible global function definition for ‘p.adjust’
    IntPlot: no visible global function definition for ‘pdf’
    IntPlot: no visible global function definition for ‘plot’
    IntPlot: no visible global function definition for ‘segments’
    IntPlot: no visible global function definition for ‘text’
    IntPlot: no visible global function definition for ‘dev.off’
    IntPlot: no visible global function definition for ‘layout’
    IntPlot: no visible global function definition for ‘interaction.plot’
    LandscapePlot: no visible global function definition for ‘pdf’
    LandscapePlot: no visible global function definition for ‘persp’
    LandscapePlot: no visible global function definition for ‘dev.off’
    LandscapePlot: no visible global function definition for ‘jpeg’
    LandscapePlot: no visible global function definition for ‘text’
    Loadings: no visible global function definition for ‘write.csv’
    Loadings: no visible global function definition for ‘pdf’
    Loadings: no visible global function definition for ‘barplot’
    Loadings: no visible global function definition for ‘dev.off’
    PermuteLDA: no visible global function definition for ‘na.omit’
    PermuteLDA: no visible global function definition for ‘lm’
    Power: no visible global function definition for ‘rnorm’
    Power: no visible global function definition for ‘runif’
    Power: no visible global function definition for ‘palette’
    Power: no visible global function definition for ‘write.csv’
    ZTrans: no visible binding for global variable ‘sd’
    binomPower: no visible global function definition for ‘write.csv’
    h2Estimate: no visible global function definition for ‘glm’
    h2Estimate: no visible binding for global variable ‘binomial’
    h2Estimate: no visible global function definition for ‘deviance’
    ldaPlot: no visible global function definition for ‘predict’
    plotBinomPower: no visible global function definition for
     ‘colorRampPalette’
    simPower: no visible global function definition for ‘rnorm’
    simPower: no visible global function definition for ‘rnbinom’
    simPower: no visible global function definition for ‘rbinom’
    simPower: no visible global function definition for ‘aggregate’
    simPower: no visible global function definition for ‘glm’
    simPower: no visible binding for global variable ‘binomial’
    simPower: no visible global function definition for ‘deviance’
    Undefined global functions or variables:
     aggregate barplot binomial colorRampPalette dev.off deviance df glm
     hist interaction.plot jpeg layout lm na.omit p.adjust palette pdf
     persp plot predict rbinom rnbinom rnorm runif sd segments text
     write.csv
    Consider adding
     importFrom("grDevices", "colorRampPalette", "dev.off", "jpeg",
     "palette", "pdf")
     importFrom("graphics", "barplot", "hist", "layout", "persp", "plot",
     "segments", "text")
     importFrom("stats", "aggregate", "binomial", "deviance", "df", "glm",
     "interaction.plot", "lm", "na.omit", "p.adjust", "predict",
     "rbinom", "rnbinom", "rnorm", "runif", "sd")
     importFrom("utils", "write.csv")
    to your NAMESPACE.
Flavors: r-devel-linux-x86_64-debian-clang, r-devel-linux-x86_64-debian-gcc, r-devel-linux-x86_64-fedora-clang, r-devel-linux-x86_64-fedora-gcc, r-devel-windows-ix86+x86_64