CRAN Package Check Results for Package multiDimBio

Last updated on 2017-09-19 20:47:14.

Flavor Version Tinstall Tcheck Ttotal Status Flags
r-devel-linux-x86_64-debian-clang 1.1.1 4.15 59.87 64.02 OK
r-devel-linux-x86_64-debian-gcc 1.1.1 4.32 58.99 63.31 OK
r-devel-linux-x86_64-fedora-clang 1.1.1 135.07 OK
r-devel-linux-x86_64-fedora-gcc 1.1.1 134.09 OK
r-devel-windows-ix86+x86_64 1.1.1 12.00 130.00 142.00 OK
r-patched-linux-x86_64 1.1.1 4.20 60.30 64.50 OK
r-patched-solaris-x86 1.1.1 189.60 OK
r-release-linux-x86_64 1.1.1 4.27 59.90 64.17 OK
r-release-windows-ix86+x86_64 1.1.1 12.00 106.00 118.00 OK
r-release-osx-x86_64 1.1.1 ERROR
r-oldrel-windows-ix86+x86_64 1.1.1 11.00 81.00 92.00 OK
r-oldrel-osx-x86_64 1.1.1 OK

Check Details

Version: 1.1.1
Check: package dependencies
Result: ERROR
    Packages required but not available: ‘pcaMethods’ ‘gridGraphics’
    
    See section ‘The DESCRIPTION file’ in the ‘Writing R Extensions’
    manual.
Flavor: r-release-osx-x86_64