CRAN Package Check Results for Package multiDimBio

Last updated on 2014-04-23 20:47:16.

Flavor Version Tinstall Tcheck Ttotal Status Flags
r-devel-linux-x86_64-debian-clang 0.3.3 6.85 75.01 81.86 OK
r-devel-linux-x86_64-debian-gcc 0.3.3 6.85 74.94 81.79 OK
r-devel-linux-x86_64-fedora-clang 0.3.3 187.43 OK
r-devel-linux-x86_64-fedora-gcc 0.3.3 182.00 OK
r-devel-osx-x86_64-clang 0.3.3 167.62 OK
r-devel-osx-x86_64-gcc 0.3.3 ERROR
r-devel-windows-ix86+x86_64 0.3.3 18.00 112.00 130.00 OK
r-patched-linux-x86_64 0.3.3 6.78 76.56 83.34 OK
r-patched-solaris-sparc 0.3.3 986.40 OK
r-patched-solaris-x86 0.3.3 232.60 OK
r-release-linux-ix86 0.3.3 11.00 119.00 130.00 OK
r-release-linux-x86_64 0.3.3 6.65 76.47 83.12 OK
r-release-osx-x86_64-mavericks 0.3.3 ERROR
r-release-osx-x86_64-snowleopard 0.3.3 ERROR
r-release-windows-ix86+x86_64 0.3.3 17.00 107.00 124.00 OK
r-oldrel-windows-ix86+x86_64 0.3.3 16.00 103.00 119.00 OK

Check Details

Version: 0.3.3
Check: package dependencies
Result: ERROR
    Packages required but not available: ‘ggplot2’ ‘pcaMethods’
    
    See the information on DESCRIPTION files in the chapter ‘Creating R
    packages’ of the ‘Writing R Extensions’ manual.
Flavor: r-devel-osx-x86_64-gcc

Version: 0.3.3
Check: package dependencies
Result: ERROR
    Package required but not available: ‘pcaMethods’
    
    See the information on DESCRIPTION files in the chapter ‘Creating R
    packages’ of the ‘Writing R Extensions’ manual.
Flavors: r-release-osx-x86_64-mavericks, r-release-osx-x86_64-snowleopard