CRAN Package Check Results for Package multiPIM

Last updated on 2014-04-16 09:48:03.

Flavor Version Tinstall Tcheck Ttotal Status Flags
r-devel-linux-x86_64-debian-clang 1.4-1 1.13 24.52 25.64 OK
r-devel-linux-x86_64-debian-gcc 1.4-1 1.13 25.05 26.18 OK
r-devel-linux-x86_64-fedora-clang 1.4-1 27.15 OK
r-devel-linux-x86_64-fedora-gcc 1.4-1 26.94 OK
r-devel-macosx-x86_64-clang 1.4-1 49.23 OK
r-devel-macosx-x86_64-gcc 1.4-1 OK
r-devel-windows-ix86+x86_64 1.4-1 5.00 35.00 40.00 NOTE
r-patched-linux-x86_64 1.4-1 1.14 24.76 25.90 OK
r-patched-solaris-sparc 1.4-1 260.40 OK
r-patched-solaris-x86 1.4-1 54.20 OK
r-release-linux-ix86 1.3-1 3.00 43.00 46.00 NOTE
r-release-linux-x86_64 1.3-1 1.10 23.87 24.97 NOTE
r-release-macosx-x86_64 1.4-1 OK
r-release-windows-ix86+x86_64 1.4-1 5.00 42.00 47.00 NOTE
r-oldrel-windows-ix86+x86_64 1.4-1 5.00 38.00 43.00 NOTE

Check Details

Version: 1.4-1
Check: R code for possible problems
Result: NOTE
    multiPIMboot: no visible global function definition for
     'mc.reset.stream'
    multiPIMboot : <anonymous>: no visible global function definition for
     'mcparallel'
    multiPIMboot: no visible global function definition for 'mccollect'
Flavors: r-devel-windows-ix86+x86_64, r-release-windows-ix86+x86_64, r-oldrel-windows-ix86+x86_64

Version: 1.3-1
Check: dependencies in R code
Result: NOTE
    Packages in Depends field not imported from:
     ‘lars’ ‘penalized’ ‘polspline’ ‘rpart’
     These packages need to be imported from (in the NAMESPACE file)
     for when this namespace is loaded but not attached.
    See the information on DESCRIPTION files in the chapter ‘Creating R
    packages’ of the ‘Writing R Extensions’ manual.
Flavors: r-release-linux-ix86, r-release-linux-x86_64