CRAN Package Check Results for Package multiPIM

Last updated on 2014-10-31 06:47:23.

Flavor Version Tinstall Tcheck Ttotal Status Flags
r-devel-linux-x86_64-debian-clang 1.4-1 1.07 24.12 25.20 NOTE
r-devel-linux-x86_64-debian-gcc 1.4-1 1.17 22.43 23.60 NOTE
r-devel-linux-x86_64-fedora-clang 1.4-1 47.79 NOTE
r-devel-linux-x86_64-fedora-gcc 1.4-1 44.61 NOTE
r-devel-osx-x86_64-clang 1.4-1 46.37 NOTE
r-devel-windows-ix86+x86_64 1.4-1 5.00 33.00 38.00 NOTE
r-patched-linux-x86_64 1.4-1 1.37 23.54 24.91 NOTE
r-patched-solaris-sparc 1.4-1 289.40 NOTE
r-patched-solaris-x86 1.4-1 64.90 NOTE
r-release-linux-ix86 1.4-1 1.56 31.74 33.29 OK
r-release-linux-x86_64 1.4-1 1.11 25.40 26.50 OK
r-release-osx-x86_64-mavericks 1.4-1 OK
r-release-osx-x86_64-snowleopard 1.4-1 OK
r-release-windows-ix86+x86_64 1.4-1 7.00 37.00 44.00 NOTE
r-oldrel-windows-ix86+x86_64 1.4-1 5.00 38.00 43.00 NOTE

Check Details

Version: 1.4-1
Check: R code for possible problems
Result: NOTE
    multiPIMboot: no visible global function definition for
     ‘mc.reset.stream’
    multiPIMboot : <anonymous>: no visible global function definition for
     ‘mcparallel’
    multiPIMboot: no visible global function definition for ‘mccollect’
Flavors: r-devel-linux-x86_64-debian-clang, r-devel-linux-x86_64-debian-gcc, r-devel-linux-x86_64-fedora-clang, r-devel-linux-x86_64-fedora-gcc, r-devel-osx-x86_64-clang, r-devel-windows-ix86+x86_64, r-patched-linux-x86_64, r-patched-solaris-sparc, r-patched-solaris-x86, r-release-windows-ix86+x86_64, r-oldrel-windows-ix86+x86_64