CRAN Package Check Results for Package multiPIM

Last updated on 2014-07-28 15:49:22.

Flavor Version Tinstall Tcheck Ttotal Status Flags
r-devel-linux-x86_64-debian-clang 1.4-1 1.06 23.15 24.21 OK
r-devel-linux-x86_64-debian-gcc 1.4-1 1.04 23.60 24.65 OK
r-devel-linux-x86_64-fedora-clang 1.4-1 51.37 OK
r-devel-linux-x86_64-fedora-gcc 1.4-1 46.06 OK
r-devel-osx-x86_64-clang 1.4-1 46.08 OK
r-devel-windows-ix86+x86_64 1.4-1 5.00 36.00 41.00 NOTE
r-patched-linux-x86_64 1.4-1 1.07 23.32 24.39 OK
r-patched-solaris-sparc 1.4-1 260.40 OK
r-patched-solaris-x86 1.4-1 64.50 OK
r-release-linux-ix86 1.4-1 1.52 31.30 32.81 OK
r-release-linux-x86_64 1.4-1 1.12 24.58 25.70 OK
r-release-osx-x86_64-mavericks 1.4-1 OK
r-release-osx-x86_64-snowleopard 1.4-1 OK
r-release-windows-ix86+x86_64 1.4-1 7.00 37.00 44.00 NOTE
r-oldrel-windows-ix86+x86_64 1.4-1 5.00 38.00 43.00 NOTE

Check Details

Version: 1.4-1
Check: R code for possible problems
Result: NOTE
    multiPIMboot: no visible global function definition for
     'mc.reset.stream'
    multiPIMboot : <anonymous>: no visible global function definition for
     'mcparallel'
    multiPIMboot: no visible global function definition for 'mccollect'
Flavors: r-devel-windows-ix86+x86_64, r-release-windows-ix86+x86_64, r-oldrel-windows-ix86+x86_64