CRAN Package Check Results for Package multiPIM

Last updated on 2016-12-06 02:47:33.

Flavor Version Tinstall Tcheck Ttotal Status Flags
r-devel-linux-x86_64-debian-clang 1.4-3 2.88 46.38 49.26 NOTE
r-devel-linux-x86_64-debian-gcc 1.4-3 2.64 39.18 41.83 NOTE
r-devel-linux-x86_64-fedora-clang 1.4-3 95.40 NOTE --no-stop-on-test-error
r-devel-linux-x86_64-fedora-gcc 1.4-3 95.59 NOTE --no-stop-on-test-error
r-devel-macos-x86_64-clang 1.4-3 72.86 NOTE
r-devel-windows-ix86+x86_64 1.4-3 8.00 77.00 85.00 NOTE
r-patched-linux-x86_64 1.4-3 2.43 34.27 36.70 NOTE
r-patched-solaris-sparc 1.4-3 473.80 NOTE
r-patched-solaris-x86 1.4-3 109.00 NOTE
r-release-linux-x86_64 1.4-3 2.60 34.47 37.07 NOTE
r-release-osx-x86_64-mavericks 1.4-3 NOTE
r-release-windows-ix86+x86_64 1.4-3 8.00 63.00 71.00 NOTE
r-oldrel-windows-ix86+x86_64 1.4-3 10.00 67.00 77.00 OK

Check Details

Version: 1.4-3
Check: R code for possible problems
Result: NOTE
    multiPIM : expand.factors: no visible global function definition for
     ‘formula’
    multiPIM : expand.factors: no visible global function definition for
     ‘model.matrix’
    multiPIM : <anonymous>: no visible global function definition for ‘glm’
    multiPIM : <anonymous>: no visible binding for global variable
     ‘binomial’
    multiPIM : <anonymous>: no visible global function definition for
     ‘qlogis’
    multiPIM : <anonymous>: no visible global function definition for
     ‘as.formula’
    multiPIM : <anonymous>: no visible global function definition for ‘lm’
    multiPIM: no visible global function definition for ‘glm’
    multiPIM: no visible global function definition for ‘qlogis’
    multiPIM: no visible binding for global variable ‘binomial’
    multiPIM: no visible global function definition for ‘plogis’
    multiPIM: no visible global function definition for ‘sd’
    multiPIM: no visible global function definition for ‘lm’
    summary.multiPIM: no visible binding for global variable ‘sd’
    summary.multiPIM: no visible global function definition for ‘pnorm’
    Undefined global functions or variables:
     as.formula binomial formula glm lm model.matrix plogis pnorm qlogis
     sd
    Consider adding
     importFrom("stats", "as.formula", "binomial", "formula", "glm", "lm",
     "model.matrix", "plogis", "pnorm", "qlogis", "sd")
    to your NAMESPACE file.
Flavors: r-devel-linux-x86_64-debian-clang, r-devel-linux-x86_64-debian-gcc, r-devel-macos-x86_64-clang, r-devel-windows-ix86+x86_64, r-patched-linux-x86_64, r-patched-solaris-sparc, r-patched-solaris-x86, r-release-linux-x86_64, r-release-osx-x86_64-mavericks, r-release-windows-ix86+x86_64

Version: 1.4-3
Flags: --no-stop-on-test-error
Check: R code for possible problems
Result: NOTE
    multiPIM : expand.factors: no visible global function definition for
     ‘formula’
    multiPIM : expand.factors: no visible global function definition for
     ‘model.matrix’
    multiPIM : <anonymous>: no visible global function definition for ‘glm’
    multiPIM : <anonymous>: no visible binding for global variable
     ‘binomial’
    multiPIM : <anonymous>: no visible global function definition for
     ‘qlogis’
    multiPIM : <anonymous>: no visible global function definition for
     ‘as.formula’
    multiPIM : <anonymous>: no visible global function definition for ‘lm’
    multiPIM: no visible global function definition for ‘glm’
    multiPIM: no visible global function definition for ‘qlogis’
    multiPIM: no visible binding for global variable ‘binomial’
    multiPIM: no visible global function definition for ‘plogis’
    multiPIM: no visible global function definition for ‘sd’
    multiPIM: no visible global function definition for ‘lm’
    summary.multiPIM: no visible binding for global variable ‘sd’
    summary.multiPIM: no visible global function definition for ‘pnorm’
    Undefined global functions or variables:
     as.formula binomial formula glm lm model.matrix plogis pnorm qlogis
     sd
    Consider adding
     importFrom("stats", "as.formula", "binomial", "formula", "glm", "lm",
     "model.matrix", "plogis", "pnorm", "qlogis", "sd")
    to your NAMESPACE file.
Flavors: r-devel-linux-x86_64-fedora-clang, r-devel-linux-x86_64-fedora-gcc