CRAN Package Check Results for Package multiPIM

Last updated on 2014-09-03 03:50:32.

Flavor Version Tinstall Tcheck Ttotal Status Flags
r-devel-linux-x86_64-debian-clang 1.4-1 1.05 22.66 23.72 NOTE
r-devel-linux-x86_64-debian-gcc 1.4-1 1.00 21.97 22.97 NOTE
r-devel-linux-x86_64-fedora-clang 1.4-1 48.59 NOTE
r-devel-linux-x86_64-fedora-gcc 1.4-1 44.52 NOTE
r-devel-osx-x86_64-clang 1.4-1 43.84 NOTE
r-devel-windows-ix86+x86_64 1.4-1 5.00 36.00 41.00 NOTE
r-patched-linux-x86_64 1.4-1 1.09 23.31 24.40 OK
r-patched-solaris-sparc 1.4-1 277.30 OK
r-patched-solaris-x86 1.4-1 64.10 OK
r-release-linux-ix86 1.4-1 1.50 33.26 34.76 OK
r-release-linux-x86_64 1.4-1 1.12 23.61 24.74 OK
r-release-osx-x86_64-mavericks 1.4-1 OK
r-release-osx-x86_64-snowleopard 1.4-1 OK
r-release-windows-ix86+x86_64 1.4-1 7.00 37.00 44.00 NOTE
r-oldrel-windows-ix86+x86_64 1.4-1 5.00 38.00 43.00 NOTE

Check Details

Version: 1.4-1
Check: R code for possible problems
Result: NOTE
    multiPIMboot: no visible global function definition for
     ‘mc.reset.stream’
    multiPIMboot : <anonymous>: no visible global function definition for
     ‘mcparallel’
    multiPIMboot: no visible global function definition for ‘mccollect’
Flavors: r-devel-linux-x86_64-debian-clang, r-devel-linux-x86_64-debian-gcc, r-devel-linux-x86_64-fedora-clang, r-devel-linux-x86_64-fedora-gcc, r-devel-osx-x86_64-clang, r-devel-windows-ix86+x86_64, r-release-windows-ix86+x86_64, r-oldrel-windows-ix86+x86_64