CRAN Package Check Results for Package multiPIM

Last updated on 2015-03-03 20:48:44.

Flavor Version Tinstall Tcheck Ttotal Status Flags
r-devel-linux-x86_64-debian-clang 1.4-3 1.35 20.53 21.88 OK
r-devel-linux-x86_64-debian-gcc 1.4-3 1.08 19.95 21.04 OK
r-devel-linux-x86_64-fedora-clang 1.4-3 40.94 OK
r-devel-linux-x86_64-fedora-gcc 1.4-3 38.88 OK
r-devel-osx-x86_64-clang 1.4-3 41.43 OK
r-devel-windows-ix86+x86_64 1.4-3 5.00 34.00 39.00 OK
r-patched-linux-x86_64 1.4-3 1.10 24.27 25.37 OK
r-patched-solaris-sparc 1.4-3 302.20 OK
r-patched-solaris-x86 1.4-3 64.00 OK
r-release-linux-ix86 1.4-1 1.42 31.31 32.73 NOTE
r-release-linux-x86_64 1.4-3 1.11 24.33 25.44 OK
r-release-osx-x86_64-mavericks 1.4-3 OK
r-release-osx-x86_64-snowleopard 1.4-3 OK
r-release-windows-ix86+x86_64 1.4-3 7.00 44.00 51.00 OK
r-oldrel-windows-ix86+x86_64 1.4-3 6.00 39.00 45.00 OK

Check Details

Version: 1.4-1
Check: R code for possible problems
Result: NOTE
    multiPIMboot: no visible global function definition for
     ‘mc.reset.stream’
    multiPIMboot : <anonymous>: no visible global function definition for
     ‘mcparallel’
    multiPIMboot: no visible global function definition for ‘mccollect’
Flavor: r-release-linux-ix86