CRAN Package Check Results for Package multiPIM

Last updated on 2015-07-29 21:46:55.

Flavor Version Tinstall Tcheck Ttotal Status Flags
r-devel-linux-x86_64-debian-clang 1.4-3 0.88 20.80 21.68 NOTE
r-devel-linux-x86_64-debian-gcc 1.4-3 0.89 20.34 21.23 NOTE
r-devel-linux-x86_64-fedora-clang 1.4-3 42.63 NOTE
r-devel-linux-x86_64-fedora-gcc 1.4-3 39.80 NOTE
r-devel-osx-x86_64-clang 1.4-3 35.28 OK
r-devel-windows-ix86+x86_64 1.4-3 4.00 44.00 48.00 NOTE
r-patched-linux-x86_64 1.4-3 0.93 20.53 21.46 OK
r-patched-solaris-sparc 1.4-3 266.40 OK
r-patched-solaris-x86 1.4-3 56.40 OK
r-release-linux-x86_64 1.4-3 0.91 20.27 21.18 OK
r-release-osx-x86_64-mavericks 1.4-3 OK
r-release-windows-ix86+x86_64 1.4-3 3.00 33.00 36.00 OK
r-oldrel-windows-ix86+x86_64 1.4-3 8.00 39.00 47.00 OK

Check Details

Version: 1.4-3
Check: R code for possible problems
Result: NOTE
    multiPIM : expand.factors: no visible global function definition for
     ‘formula’
    multiPIM : expand.factors: no visible global function definition for
     ‘model.matrix’
    multiPIM : <anonymous>: no visible global function definition for ‘glm’
    multiPIM : <anonymous>: no visible binding for global variable
     ‘binomial’
    multiPIM : <anonymous>: no visible global function definition for
     ‘qlogis’
    multiPIM : <anonymous>: no visible global function definition for
     ‘as.formula’
    multiPIM : <anonymous>: no visible global function definition for ‘lm’
    multiPIM: no visible global function definition for ‘glm’
    multiPIM: no visible global function definition for ‘qlogis’
    multiPIM: no visible binding for global variable ‘binomial’
    multiPIM: no visible global function definition for ‘plogis’
    multiPIM: no visible global function definition for ‘sd’
    multiPIM: no visible global function definition for ‘lm’
    summary.multiPIM: no visible binding for global variable ‘sd’
    summary.multiPIM: no visible global function definition for ‘pnorm’
    Undefined global functions or variables:
     as.formula binomial formula glm lm model.matrix plogis pnorm qlogis
     sd
    Consider adding
     importFrom("stats", "as.formula", "binomial", "formula", "glm", "lm",
     "model.matrix", "plogis", "pnorm", "qlogis", "sd")
    to your NAMESPACE.
Flavors: r-devel-linux-x86_64-debian-clang, r-devel-linux-x86_64-debian-gcc, r-devel-linux-x86_64-fedora-clang, r-devel-linux-x86_64-fedora-gcc, r-devel-windows-ix86+x86_64