CRAN Package Check Results for Package multiPIM

Last updated on 2017-11-25 09:49:45 CET.

Flavor Version Tinstall Tcheck Ttotal Status Flags
r-devel-linux-x86_64-debian-clang 1.4-3 4.24 101.19 105.42 NOTE
r-devel-linux-x86_64-debian-gcc 1.4-3 2.99 91.63 94.62 NOTE
r-devel-linux-x86_64-fedora-clang 1.4-3 83.29 NOTE
r-devel-linux-x86_64-fedora-gcc 1.4-3 81.70 NOTE
r-devel-windows-ix86+x86_64 1.4-3 8.00 97.00 105.00 NOTE
r-patched-linux-x86_64 1.4-3 3.48 107.35 110.83 NOTE
r-patched-solaris-x86 1.4-3 138.50 NOTE
r-release-linux-x86_64 1.4-3 4.61 103.02 107.63 NOTE
r-release-windows-ix86+x86_64 1.4-3 8.00 96.00 104.00 NOTE
r-release-osx-x86_64 1.4-3 NOTE
r-oldrel-windows-ix86+x86_64 1.4-3 9.00 101.00 110.00 NOTE
r-oldrel-osx-x86_64 1.4-3 NOTE

Check Details

Version: 1.4-3
Check: R code for possible problems
Result: NOTE
    multiPIM : expand.factors: no visible global function definition for
     ‘formula’
    multiPIM : expand.factors: no visible global function definition for
     ‘model.matrix’
    multiPIM : <anonymous>: no visible global function definition for ‘glm’
    multiPIM : <anonymous>: no visible binding for global variable
     ‘binomial’
    multiPIM : <anonymous>: no visible global function definition for
     ‘qlogis’
    multiPIM : <anonymous>: no visible global function definition for
     ‘as.formula’
    multiPIM : <anonymous>: no visible global function definition for ‘lm’
    multiPIM: no visible global function definition for ‘glm’
    multiPIM: no visible global function definition for ‘qlogis’
    multiPIM: no visible binding for global variable ‘binomial’
    multiPIM: no visible global function definition for ‘plogis’
    multiPIM: no visible global function definition for ‘sd’
    multiPIM: no visible global function definition for ‘lm’
    summary.multiPIM: no visible binding for global variable ‘sd’
    summary.multiPIM: no visible global function definition for ‘pnorm’
    Undefined global functions or variables:
     as.formula binomial formula glm lm model.matrix plogis pnorm qlogis
     sd
    Consider adding
     importFrom("stats", "as.formula", "binomial", "formula", "glm", "lm",
     "model.matrix", "plogis", "pnorm", "qlogis", "sd")
    to your NAMESPACE file.
Flavors: r-devel-linux-x86_64-debian-clang, r-devel-linux-x86_64-debian-gcc, r-devel-linux-x86_64-fedora-clang, r-devel-linux-x86_64-fedora-gcc, r-devel-windows-ix86+x86_64, r-patched-linux-x86_64, r-patched-solaris-x86, r-release-linux-x86_64, r-release-windows-ix86+x86_64, r-release-osx-x86_64, r-oldrel-windows-ix86+x86_64, r-oldrel-osx-x86_64