CRAN Package Check Results for Package multiPIM

Last updated on 2018-04-21 23:48:26 CEST.

Flavor Version Tinstall Tcheck Ttotal Status Flags
r-devel-linux-x86_64-debian-clang 1.4-3 5.23 66.85 72.08 NOTE
r-devel-linux-x86_64-debian-gcc 1.4-3 5.08 52.41 57.49 NOTE
r-devel-linux-x86_64-fedora-clang 1.4-3 85.84 NOTE
r-devel-linux-x86_64-fedora-gcc 1.4-3 83.32 NOTE
r-devel-windows-ix86+x86_64 1.4-3 12.00 96.00 108.00 NOTE
r-devel-osx-x86_64 1.4-3 NOTE
r-patched-linux-x86_64 1.4-3 4.39 65.70 70.09 NOTE
r-patched-solaris-x86 1.4-3 131.10 NOTE
r-release-linux-x86_64 1.4-3 4.58 69.91 74.49 NOTE
r-release-windows-ix86+x86_64 1.4-3 8.00 106.00 114.00 NOTE
r-release-osx-x86_64 1.4-3 NOTE
r-oldrel-windows-ix86+x86_64 1.4-3 10.00 68.00 78.00 NOTE

Check Details

Version: 1.4-3
Check: R code for possible problems
Result: NOTE
    multiPIM : expand.factors: no visible global function definition for
     ‘formula’
    multiPIM : expand.factors: no visible global function definition for
     ‘model.matrix’
    multiPIM : <anonymous>: no visible global function definition for ‘glm’
    multiPIM : <anonymous>: no visible binding for global variable
     ‘binomial’
    multiPIM : <anonymous>: no visible global function definition for
     ‘qlogis’
    multiPIM : <anonymous>: no visible global function definition for
     ‘as.formula’
    multiPIM : <anonymous>: no visible global function definition for ‘lm’
    multiPIM: no visible global function definition for ‘glm’
    multiPIM: no visible global function definition for ‘qlogis’
    multiPIM: no visible binding for global variable ‘binomial’
    multiPIM: no visible global function definition for ‘plogis’
    multiPIM: no visible global function definition for ‘sd’
    multiPIM: no visible global function definition for ‘lm’
    summary.multiPIM: no visible binding for global variable ‘sd’
    summary.multiPIM: no visible global function definition for ‘pnorm’
    Undefined global functions or variables:
     as.formula binomial formula glm lm model.matrix plogis pnorm qlogis
     sd
    Consider adding
     importFrom("stats", "as.formula", "binomial", "formula", "glm", "lm",
     "model.matrix", "plogis", "pnorm", "qlogis", "sd")
    to your NAMESPACE file.
Flavors: r-devel-linux-x86_64-debian-clang, r-devel-linux-x86_64-debian-gcc, r-devel-linux-x86_64-fedora-clang, r-devel-linux-x86_64-fedora-gcc, r-devel-windows-ix86+x86_64, r-devel-osx-x86_64, r-patched-linux-x86_64, r-patched-solaris-x86, r-release-linux-x86_64, r-release-windows-ix86+x86_64, r-release-osx-x86_64, r-oldrel-windows-ix86+x86_64