CRAN Package Check Results for Package multiPIM

Last updated on 2015-01-26 08:48:59.

Flavor Version Tinstall Tcheck Ttotal Status Flags
r-devel-linux-x86_64-debian-clang 1.4-1 1.33 21.56 22.89 NOTE
r-devel-linux-x86_64-debian-gcc 1.4-1 1.00 20.55 21.55 NOTE
r-devel-linux-x86_64-fedora-clang 1.4-1 51.01 NOTE
r-devel-linux-x86_64-fedora-gcc 1.4-1 48.09 NOTE
r-devel-osx-x86_64-clang 1.4-1 48.30 NOTE
r-devel-windows-ix86+x86_64 1.4-1 6.00 38.00 44.00 NOTE
r-patched-linux-x86_64 1.4-1 1.08 23.22 24.30 NOTE
r-patched-solaris-sparc 1.4-1 301.40 NOTE
r-patched-solaris-x86 1.4-1 68.20 NOTE
r-release-linux-ix86 1.4-1 1.45 30.72 32.18 NOTE
r-release-linux-x86_64 1.4-1 1.08 25.05 26.13 NOTE
r-release-osx-x86_64-mavericks 1.4-1 NOTE
r-release-osx-x86_64-snowleopard 1.4-1 OK
r-release-windows-ix86+x86_64 1.4-1 6.00 44.00 50.00 NOTE
r-oldrel-windows-ix86+x86_64 1.4-1 7.00 45.00 52.00 NOTE

Check Details

Version: 1.4-1
Check: dependencies in R code
Result: NOTE
    'library' or 'require' call to ‘parallel’ in package code.
     Please use :: or requireNamespace() instead.
     See section 'Suggested packages' in the 'Writing R Extensions' manual.
Flavors: r-devel-linux-x86_64-debian-clang, r-devel-linux-x86_64-debian-gcc, r-devel-linux-x86_64-fedora-clang, r-devel-linux-x86_64-fedora-gcc, r-devel-osx-x86_64-clang, r-devel-windows-ix86+x86_64

Version: 1.4-1
Check: R code for possible problems
Result: NOTE
    multiPIMboot: no visible global function definition for
     ‘mc.reset.stream’
    multiPIMboot : <anonymous>: no visible global function definition for
     ‘mcparallel’
    multiPIMboot: no visible global function definition for ‘mccollect’
Flavors: r-devel-linux-x86_64-debian-clang, r-devel-linux-x86_64-debian-gcc, r-devel-linux-x86_64-fedora-clang, r-devel-linux-x86_64-fedora-gcc, r-devel-osx-x86_64-clang, r-devel-windows-ix86+x86_64, r-patched-linux-x86_64, r-patched-solaris-sparc, r-patched-solaris-x86, r-release-linux-ix86, r-release-linux-x86_64, r-release-osx-x86_64-mavericks, r-release-windows-ix86+x86_64, r-oldrel-windows-ix86+x86_64