CRAN Package Check Results for Package multiPIM

Last updated on 2014-12-19 23:47:01.

Flavor Version Tinstall Tcheck Ttotal Status Flags
r-devel-linux-x86_64-debian-clang 1.4-1 1.05 22.88 23.93 NOTE
r-devel-linux-x86_64-debian-gcc 1.4-1 1.03 22.66 23.69 NOTE
r-devel-linux-x86_64-fedora-clang 1.4-1 49.28 NOTE
r-devel-linux-x86_64-fedora-gcc 1.4-1 47.52 NOTE
r-devel-osx-x86_64-clang 1.4-1 46.68 NOTE
r-devel-windows-ix86+x86_64 1.4-1 6.00 52.00 58.00 NOTE
r-patched-linux-x86_64 1.4-1 1.08 24.70 25.78 NOTE
r-patched-solaris-sparc 1.4-1 289.40 NOTE
r-patched-solaris-x86 1.4-1 64.90 NOTE
r-release-linux-ix86 1.4-1 1.40 29.86 31.26 NOTE
r-release-linux-x86_64 1.4-1 1.06 23.68 24.74 NOTE
r-release-osx-x86_64-mavericks 1.4-1 OK
r-release-osx-x86_64-snowleopard 1.4-1 OK
r-release-windows-ix86+x86_64 1.4-1 5.00 37.00 42.00 NOTE
r-oldrel-windows-ix86+x86_64 1.4-1 5.00 38.00 43.00 NOTE

Check Details

Version: 1.4-1
Check: R code for possible problems
Result: NOTE
    multiPIMboot: no visible global function definition for
     ‘mc.reset.stream’
    multiPIMboot : <anonymous>: no visible global function definition for
     ‘mcparallel’
    multiPIMboot: no visible global function definition for ‘mccollect’
Flavors: r-devel-linux-x86_64-debian-clang, r-devel-linux-x86_64-debian-gcc, r-devel-linux-x86_64-fedora-clang, r-devel-linux-x86_64-fedora-gcc, r-devel-osx-x86_64-clang, r-devel-windows-ix86+x86_64, r-patched-linux-x86_64, r-patched-solaris-sparc, r-patched-solaris-x86, r-release-linux-ix86, r-release-linux-x86_64, r-release-windows-ix86+x86_64, r-oldrel-windows-ix86+x86_64