CRAN Package Check Results for Package multiPIM

Last updated on 2016-09-29 12:47:57.

Flavor Version Tinstall Tcheck Ttotal Status Flags
r-devel-linux-x86_64-debian-clang 1.4-3 2.50 35.48 37.98 NOTE
r-devel-linux-x86_64-debian-gcc 1.4-3 2.22 33.83 36.05 NOTE
r-devel-linux-x86_64-fedora-clang 1.4-3 84.40 NOTE
r-devel-linux-x86_64-fedora-gcc 1.4-3 75.37 NOTE
r-devel-macos-x86_64-clang 1.4-3 59.68 NOTE
r-devel-windows-ix86+x86_64 1.4-3 9.00 82.00 91.00 NOTE
r-patched-linux-x86_64 1.4-3 2.42 33.49 35.91 NOTE
r-patched-solaris-sparc 1.4-3 473.80 NOTE
r-patched-solaris-x86 1.4-3 108.10 NOTE
r-release-linux-x86_64 1.4-3 2.38 34.72 37.09 NOTE
r-release-osx-x86_64-mavericks 1.4-3 NOTE
r-release-windows-ix86+x86_64 1.4-3 9.00 63.00 72.00 NOTE
r-oldrel-windows-ix86+x86_64 1.4-3 11.00 62.00 73.00 OK

Check Details

Version: 1.4-3
Check: R code for possible problems
Result: NOTE
    multiPIM : expand.factors: no visible global function definition for
     ‘formula’
    multiPIM : expand.factors: no visible global function definition for
     ‘model.matrix’
    multiPIM : <anonymous>: no visible global function definition for ‘glm’
    multiPIM : <anonymous>: no visible binding for global variable
     ‘binomial’
    multiPIM : <anonymous>: no visible global function definition for
     ‘qlogis’
    multiPIM : <anonymous>: no visible global function definition for
     ‘as.formula’
    multiPIM : <anonymous>: no visible global function definition for ‘lm’
    multiPIM: no visible global function definition for ‘glm’
    multiPIM: no visible global function definition for ‘qlogis’
    multiPIM: no visible binding for global variable ‘binomial’
    multiPIM: no visible global function definition for ‘plogis’
    multiPIM: no visible global function definition for ‘sd’
    multiPIM: no visible global function definition for ‘lm’
    summary.multiPIM: no visible binding for global variable ‘sd’
    summary.multiPIM: no visible global function definition for ‘pnorm’
    Undefined global functions or variables:
     as.formula binomial formula glm lm model.matrix plogis pnorm qlogis
     sd
    Consider adding
     importFrom("stats", "as.formula", "binomial", "formula", "glm", "lm",
     "model.matrix", "plogis", "pnorm", "qlogis", "sd")
    to your NAMESPACE file.
Flavors: r-devel-linux-x86_64-debian-clang, r-devel-linux-x86_64-debian-gcc, r-devel-linux-x86_64-fedora-clang, r-devel-linux-x86_64-fedora-gcc, r-devel-macos-x86_64-clang, r-devel-windows-ix86+x86_64, r-patched-linux-x86_64, r-patched-solaris-sparc, r-patched-solaris-x86, r-release-linux-x86_64, r-release-osx-x86_64-mavericks, r-release-windows-ix86+x86_64