CRAN Package Check Results for Package multibiplotGUI

Last updated on 2014-07-29 05:47:06.

Flavor Version Tinstall Tcheck Ttotal Status Flags
r-devel-linux-x86_64-debian-clang 0.0-1 0.80 14.75 15.54 NOTE
r-devel-linux-x86_64-debian-gcc 0.0-1 0.75 14.69 15.44 NOTE
r-devel-linux-x86_64-fedora-clang 0.0-1 30.85 NOTE
r-devel-linux-x86_64-fedora-gcc 0.0-1 28.27 NOTE
r-devel-osx-x86_64-clang 0.0-1 33.75 NOTE
r-devel-windows-ix86+x86_64 0.0-1 4.00 24.00 28.00 NOTE
r-patched-linux-x86_64 0.0-1 0.76 14.69 15.46 NOTE
r-patched-solaris-sparc 0.0-1 198.30 NOTE
r-patched-solaris-x86 0.0-1 48.00 NOTE
r-release-linux-ix86 0.0-1 1.21 22.66 23.87 NOTE
r-release-linux-x86_64 0.0-1 0.81 15.48 16.30 NOTE
r-release-osx-x86_64-mavericks 0.0-1 ERROR
r-release-osx-x86_64-snowleopard 0.0-1 WARN
r-release-windows-ix86+x86_64 0.0-1 4.00 26.00 30.00 NOTE
r-oldrel-windows-ix86+x86_64 0.0-1 6.00 25.00 31.00 NOTE

Check Details

Version: 0.0-1
Check: dependencies in R code
Result: NOTE
    'library' or 'require' calls to packages already attached by Depends:
     RODBC rgl tcltk tkrplot
     Please remove these calls from your code.
    See the information on DESCRIPTION files in the chapter Creating R
    packages of the Writing R Extensions manual.
Flavors: r-devel-linux-x86_64-debian-clang, r-devel-linux-x86_64-debian-gcc, r-devel-linux-x86_64-fedora-clang, r-devel-linux-x86_64-fedora-gcc, r-devel-osx-x86_64-clang, r-devel-windows-ix86+x86_64, r-patched-linux-x86_64, r-patched-solaris-sparc, r-patched-solaris-x86, r-release-linux-ix86, r-release-linux-x86_64, r-release-osx-x86_64-snowleopard, r-release-windows-ix86+x86_64, r-oldrel-windows-ix86+x86_64

Version: 0.0-1
Check: R code for possible problems
Result: NOTE
    multibiplot: no visible binding for '<<-' assignment to tipo
    multibiplot : OnOKinf : OnOK: no visible binding for '<<-' assignment
     to NameVal
    multibiplot : OnOKinf : OnOK: no visible binding for global variable
     NameVal
    multibiplot : OnOKinf : OnOK: no visible binding for '<<-' assignment
     to nombres
    multibiplot : OnOKinf : OnOK: no visible binding for '<<-' assignment
     to nombresslab
    multibiplot : OnOKinf : OnOK: no visible binding for '<<-' assignment
     to nombresst
    multibiplot : OnOKinf : OnOK: no visible binding for '<<-' assignment
     to valorespropios
    multibiplot : OnOKinf : OnOK: no visible binding for '<<-' assignment
     to dimensiones
    multibiplot : OnOKinf : OnOK: no visible binding for '<<-' assignment
     to diagonales
    multibiplot : OnOKinf : OnOK: no visible binding for '<<-' assignment
     to invdiagonales
    multibiplot : OnOKinf : OnOK: no visible binding for global variable
     nombres
    multibiplot : OnOKinf : OnOK: no visible binding for global variable
     nombresslab
    multibiplot : OnOKinf : OnOK: no visible binding for global variable
     nombresst
    multibiplot : OnOKinf : OnOK: no visible binding for global variable
     valorespropios
    multibiplot : OnOKinf : OnOK: no visible binding for global variable
     dimensiones
    multibiplot : OnOKinf : OnOK: no visible binding for global variable
     diagonales
    multibiplot : OnOKinf : OnOK: no visible global function definition for
     odbcConnectExcel
    multibiplot : OnOKinf : OnOK : OnOK: no visible binding for '<<-'
     assignment to hojaChoice
    multibiplot : OnOKinf : OnOK : OnOK: no visible binding for '<<-'
     assignment to matrizd
    multibiplot : OnOKinf : OnOK : OnOK: no visible binding for global
     variable hojaChoice
    multibiplot : OnOKinf : OnOK : OnOK: no visible binding for global
     variable nombres
    multibiplot : OnOKinf : OnOK : OnOK: no visible binding for global
     variable matrizd
    multibiplot : OnOKinf : OnOK: no visible binding for global variable
     filas
    multibiplot : OnOKinf : OnOK: no visible binding for global variable
     columnas
    multibiplot : OnOKinf : OnOK: no visible binding for '<<-' assignment
     to X
    multibiplot : OnOKinf : OnOK: no visible binding for global variable
     X
    multibiplot : OnOKinf : OnOK: no visible binding for '<<-' assignment
     to media
    multibiplot : OnOKinf : OnOK: no visible binding for '<<-' assignment
     to desvt
    multibiplot : OnOKinf : OnOK: no visible binding for '<<-' assignment
     to matrizst
    multibiplot : OnOKinf : OnOK: no visible binding for global variable
     matrizst
    multibiplot : OnOKinf : OnOK: no visible binding for global variable
     media
    multibiplot : OnOKinf : OnOK: no visible binding for global variable
     desvt
    multibiplot : OnOKinf : OnOK: no visible binding for '<<-' assignment
     to matrizcor
    multibiplot : OnOKinf : OnOK: no visible binding for '<<-' assignment
     to vvpropios
    multibiplot : OnOKinf : OnOK: no visible binding for global variable
     matrizcor
    multibiplot : OnOKinf : OnOK: no visible binding for global variable
     vvpropios
    multibiplot : OnOKinf : OnOK: no visible binding for '<<-' assignment
     to diagonal
    multibiplot : OnOKinf : OnOK: no visible binding for global variable
     diagonal
    multibiplot : OnOKinf : OnOK: no visible binding for '<<-' assignment
     to textindividuos
    multibiplot : OnOKinf : OnOK: no visible binding for '<<-' assignment
     to textvariables
    multibiplot : OnOKinf : OnOK: no visible binding for '<<-' assignment
     to Xpon
    multibiplot : OnOKinf : OnOK: no visible binding for global variable
     textindividuos
    multibiplot : OnOKinf : OnOK: no visible binding for global variable
     Xpon
    multibiplot : OnOKinf : OnOK: no visible binding for global variable
     textvariables
    multibiplot : OnOKinf : OnOK: no visible binding for '<<-' assignment
     to colvariables
    multibiplot : OnOKinf : OnOK: no visible binding for '<<-' assignment
     to colindividuos
    multibiplot : OnOKinf : OnOK: no visible binding for '<<-' assignment
     to simvariables
    multibiplot : OnOKinf : OnOK: no visible binding for '<<-' assignment
     to simindividuos
    multibiplot : OnOKinf : OnOK : <anonymous>: no visible binding for
     '<<-' assignment to tipo
    multibiplot : OnOKinf : OnOK : OnOKtrans: no visible binding for '<<-'
     assignment to tChoice
    multibiplot : OnOKinf : OnOK : OnOKtrans: no visible binding for global
     variable tChoice
    multibiplot : OnOKinf : OnOK : OnOKtrans: no visible binding for '<<-'
     assignment to media
    multibiplot : OnOKinf : OnOK : OnOKtrans: no visible binding for global
     variable Xpon
    multibiplot : OnOKinf : OnOK : OnOKtrans: no visible binding for '<<-'
     assignment to Xstd
    multibiplot : OnOKinf : OnOK : OnOKtrans: no visible binding for global
     variable Xstd
    multibiplot : OnOKinf : OnOK : OnOKtrans: no visible binding for global
     variable media
    multibiplot : OnOKinf : OnOK : OnOKtrans: no visible binding for '<<-'
     assignment to mediav
    multibiplot : OnOKinf : OnOK : OnOKtrans: no visible binding for global
     variable mediav
    multibiplot : OnOKinf : OnOK : OnOKtrans: no visible binding for '<<-'
     assignment to desvvar
    multibiplot : OnOKinf : OnOK : OnOKtrans: no visible binding for global
     variable desvvar
    multibiplot : OnOKinf : OnOK : OnOKi: no visible binding for '<<-'
     assignment to Choicei
    multibiplot : OnOKinf : OnOK : OnOKi: no visible binding for global
     variable textindividuos
    multibiplot : OnOKinf : OnOK : OnOKi: no visible binding for global
     variable colindividuos
    multibiplot : OnOKinf : OnOK: no visible binding for global variable
     colindividuos
    multibiplot : OnOKinf : OnOK : ChangeColori: no visible binding for
     global variable colindividuos
    multibiplot : OnOKinf : OnOK : ChangeColori: no visible binding for
     '<<-' assignment to colindividuos
    multibiplot : OnOKinf : OnOK : OnOKli: no visible binding for '<<-'
     assignment to textindividuos
    multibiplot : OnOKinf : OnOK : OnOKli: no visible binding for global
     variable textindividuos
    multibiplot : OnOKinf : OnOK : OnOKli: no visible binding for global
     variable Xpon
    multibiplot : OnOKinf : OnOK : chang.symi: no visible binding for '<<-'
     assignment to simChoicei
    multibiplot : OnOKinf : OnOK : chang.symi: no visible binding for '<<-'
     assignment to simindividuos
    multibiplot : OnOKinf : OnOK : chang.symi: no visible binding for
     global variable simindividuos
    multibiplot : OnOKinf : OnOK : chang.symi: no visible binding for
     global variable simChoicei
    multibiplot : OnOKinf : OnOK : OnOKv: no visible binding for '<<-'
     assignment to Choicev
    multibiplot : OnOKinf : OnOK : OnOKv: no visible binding for global
     variable textvariables
    multibiplot : OnOKinf : OnOK : OnOKv: no visible binding for global
     variable colvariables
    multibiplot : OnOKinf : OnOK: no visible binding for global variable
     colvariables
    multibiplot : OnOKinf : OnOK : ChangeColorv: no visible binding for
     global variable colvariables
    multibiplot : OnOKinf : OnOK : ChangeColorv: no visible binding for
     '<<-' assignment to colvariables
    multibiplot : OnOKinf : OnOK : OnOKlv: no visible binding for '<<-'
     assignment to textvariables
    multibiplot : OnOKinf : OnOK : OnOKlv: no visible binding for global
     variable textvariables
    multibiplot : OnOKinf : OnOK : OnOKlv: no visible binding for global
     variable Xpon
    multibiplot : OnOKinf : OnOK : Graphics: no visible binding for '<<-'
     assignment to Myhscale
    multibiplot : OnOKinf : OnOK : Graphics: no visible binding for '<<-'
     assignment to Myvscale
    multibiplot : OnOKinf : OnOK : Graphics: no visible binding for '<<-'
     assignment to ejes
    multibiplot : OnOKinf : OnOK : Graphics: no visible binding for global
     variable tipo
    multibiplot : OnOKinf : OnOK : Graphics: no visible binding for '<<-'
     assignment to descom
    multibiplot : OnOKinf : OnOK : Graphics: no visible binding for global
     variable Xstd
    multibiplot : OnOKinf : OnOK : Graphics: no visible binding for '<<-'
     assignment to coindividuos
    multibiplot : OnOKinf : OnOK : Graphics: no visible binding for global
     variable descom
    multibiplot : OnOKinf : OnOK : Graphics: no visible binding for '<<-'
     assignment to covariables
    multibiplot : OnOKinf : OnOK : Graphics: no visible binding for '<<-'
     assignment to suma2valprop
    multibiplot : OnOKinf : OnOK : Graphics: no visible binding for '<<-'
     assignment to sumaRvalprop
    multibiplot : OnOKinf : OnOK : Graphics: no visible binding for '<<-'
     assignment to suma2valprop4
    multibiplot : OnOKinf : OnOK : Graphics: no visible binding for '<<-'
     assignment to sumaRvalprop4
    multibiplot : OnOKinf : OnOK : Graphics: no visible binding for '<<-'
     assignment to bonajuste
    multibiplot : OnOKinf : OnOK : Graphics: no visible binding for global
     variable suma2valprop
    multibiplot : OnOKinf : OnOK : Graphics: no visible binding for global
     variable sumaRvalprop
    multibiplot : OnOKinf : OnOK : Graphics: no visible binding for '<<-'
     assignment to calcol
    multibiplot : OnOKinf : OnOK : Graphics: no visible binding for global
     variable suma2valprop4
    multibiplot : OnOKinf : OnOK : Graphics: no visible binding for global
     variable sumaRvalprop4
    multibiplot : OnOKinf : OnOK : Graphics: no visible binding for '<<-'
     assignment to coindividuosnam
    multibiplot : OnOKinf : OnOK : Graphics: no visible binding for global
     variable coindividuos
    multibiplot : OnOKinf : OnOK : Graphics: no visible binding for global
     variable coindividuosnam
    multibiplot : OnOKinf : OnOK : Graphics: no visible binding for global
     variable textindividuos
    multibiplot : OnOKinf : OnOK : Graphics: no visible binding for global
     variable ejes
    multibiplot : OnOKinf : OnOK : Graphics: no visible binding for '<<-'
     assignment to covariablesnam
    multibiplot : OnOKinf : OnOK : Graphics: no visible binding for global
     variable covariables
    multibiplot : OnOKinf : OnOK : Graphics: no visible binding for global
     variable covariablesnam
    multibiplot : OnOKinf : OnOK : Graphics: no visible binding for global
     variable textvariables
    multibiplot : OnOKinf : OnOK : Graphics: no visible binding for '<<-'
     assignment to coindivcuad
    multibiplot : OnOKinf : OnOK : Graphics: no visible binding for '<<-'
     assignment to CRTi
    multibiplot : OnOKinf : OnOK : Graphics: no visible binding for global
     variable coindivcuad
    multibiplot : OnOKinf : OnOK : Graphics: no visible binding for global
     variable CRTi
    multibiplot : OnOKinf : OnOK : Graphics: no visible binding for '<<-'
     assignment to covarcuad
    multibiplot : OnOKinf : OnOK : Graphics: no visible binding for '<<-'
     assignment to CRTj
    multibiplot : OnOKinf : OnOK : Graphics: no visible binding for global
     variable covarcuad
    multibiplot : OnOKinf : OnOK : Graphics: no visible binding for global
     variable CRTj
    multibiplot : OnOKinf : OnOK : Graphics: no visible binding for '<<-'
     assignment to CREiFq
    multibiplot : OnOKinf : OnOK : Graphics: no visible binding for global
     variable CREiFq
    multibiplot : OnOKinf : OnOK : Graphics: no visible binding for '<<-'
     assignment to CREjFq
    multibiplot : OnOKinf : OnOK : Graphics: no visible binding for '<<-'
     assignment to sumavar
    multibiplot : OnOKinf : OnOK : Graphics: no visible binding for global
     variable CREjFq
    multibiplot : OnOKinf : OnOK : Graphics: no visible binding for global
     variable sumavar
    multibiplot : OnOKinf : OnOK : Graphics: no visible binding for '<<-'
     assignment to CRFqEi
    multibiplot : OnOKinf : OnOK : Graphics: no visible binding for '<<-'
     assignment to sumaindi
    multibiplot : OnOKinf : OnOK : Graphics: no visible binding for global
     variable CRFqEi
    multibiplot : OnOKinf : OnOK : Graphics: no visible binding for global
     variable sumaindi
    multibiplot : OnOKinf : OnOK : Graphics: no visible binding for '<<-'
     assignment to CRFqEj
    multibiplot : OnOKinf : OnOK : Graphics: no visible binding for global
     variable CRFqEj
    multibiplot : OnOKinf : OnOK : Graphics: no visible binding for '<<-'
     assignment to calfilas
    multibiplot : OnOKinf : OnOK : Graphics: no visible binding for '<<-'
     assignment to rangos
    multibiplot : OnOKinf : OnOK : Graphics: no visible binding for global
     variable NameVal
    multibiplot : OnOKinf : OnOK : Graphics: no visible binding for global
     variable rangos
    multibiplot : OnOKinf : OnOK : Graphics: no visible binding for global
     variable dimensiones
    multibiplot : OnOKinf : OnOK : Graphics: no visible binding for '<<-'
     assignment to sumacoordindgrupo
    multibiplot : OnOKinf : OnOK : Graphics: no visible binding for '<<-'
     assignment to sumacoordvargrupo
    multibiplot : OnOKinf : OnOK : Graphics: no visible binding for '<<-'
     assignment to CRTt
    multibiplot : OnOKinf : OnOK : Graphics: no visible binding for '<<-'
     assignment to CRGtFq
    multibiplot : OnOKinf : OnOK : Graphics: no visible binding for '<<-'
     assignment to CRFqGt
    multibiplot : OnOKinf : OnOK : Graphics: no visible binding for '<<-'
     assignment to Xaproxestim
    multibiplot : OnOKinf : OnOK : Graphics: no visible binding for '<<-'
     assignment to lambda
    multibiplot : OnOKinf : OnOK : Graphics: no visible binding for global
     variable valorespropios
    multibiplot : OnOKinf : OnOK : Graphics: no visible binding for global
     variable lambda
    multibiplot : OnOKinf : OnOK : Graphics: no visible binding for global
     variable filas
    multibiplot : OnOKinf : OnOK : Graphics: no visible binding for global
     variable columnas
    multibiplot : OnOKinf : OnOK : Graphics: no visible binding for global
     variable sumacoordindgrupo
    multibiplot : OnOKinf : OnOK : Graphics: no visible binding for global
     variable CRTt
    multibiplot : OnOKinf : OnOK : Graphics: no visible binding for global
     variable CRGtFq
    multibiplot : OnOKinf : OnOK : Graphics: no visible binding for global
     variable CRFqGt
    multibiplot : OnOKinf : OnOK : Graphics: no visible binding for '<<-'
     assignment to Nlambda
    multibiplot : OnOKinf : OnOK : Graphics: no visible binding for '<<-'
     assignment to invN
    multibiplot : OnOKinf : OnOK : Graphics: no visible binding for global
     variable Nlambda
    multibiplot : OnOKinf : OnOK : Graphics: no visible binding for '<<-'
     assignment to Xestim
    multibiplot : OnOKinf : OnOK : Graphics: no visible binding for global
     variable invN
    multibiplot : OnOKinf : OnOK : Graphics: no visible binding for global
     variable Xaproxestim
    multibiplot : OnOKinf : OnOK : Graphics: no visible binding for global
     variable sumacoordvargrupo
    multibiplot : OnOKinf : OnOK : Graphics: no visible binding for '<<-'
     assignment to Mlambda
    multibiplot : OnOKinf : OnOK : Graphics: no visible binding for '<<-'
     assignment to invM
    multibiplot : OnOKinf : OnOK : Graphics: no visible binding for global
     variable Mlambda
    multibiplot : OnOKinf : OnOK : Graphics: no visible binding for global
     variable invM
    multibiplot : OnOKinf : OnOK : Graphics: no visible binding for '<<-'
     assignment to SCT
    multibiplot : OnOKinf : OnOK : Graphics: no visible binding for global
     variable X
    multibiplot : OnOKinf : OnOK : Graphics: no visible binding for '<<-'
     assignment to SCEx
    multibiplot : OnOKinf : OnOK : Graphics: no visible binding for global
     variable Xestim
    multibiplot : OnOKinf : OnOK : Graphics: no visible binding for '<<-'
     assignment to bonajusXstd
    multibiplot : OnOKinf : OnOK : Graphics: no visible binding for global
     variable SCEx
    multibiplot : OnOKinf : OnOK : Graphics: no visible binding for global
     variable SCT
    multibiplot : OnOKinf : OnOK : Graphics: no visible binding for global
     variable bonajuste
    multibiplot : OnOKinf : OnOK : Graphics: no visible binding for global
     variable bonajusXstd
    multibiplot : OnOKinf : OnOK : Graphics: no visible binding for global
     variable calfilas
    multibiplot : OnOKinf : OnOK : Graphics: no visible binding for global
     variable calcol
    multibiplot : OnOKinf : OnOK : Graphics: no visible binding for '<<-'
     assignment to datos
    multibiplot : OnOKinf : OnOK : Graphics: no visible binding for '<<-'
     assignment to centro
    multibiplot : OnOKinf : OnOK : Graphics: no visible binding for '<<-'
     assignment to cbVal
    multibiplot : OnOKinf : OnOK : Graphics: no visible binding for '<<-'
     assignment to xCoords
    multibiplot : OnOKinf : OnOK : Graphics: no visible binding for global
     variable datos
    multibiplot : OnOKinf : OnOK : Graphics: no visible binding for '<<-'
     assignment to yCoords
    multibiplot : OnOKinf : OnOK : Graphics: no visible binding for '<<-'
     assignment to zCoords
    multibiplot : OnOKinf : OnOK : Graphics: no visible binding for '<<-'
     assignment to labelsVec
    multibiplot : OnOKinf : OnOK : Graphics: no visible binding for '<<-'
     assignment to colores
    multibiplot : OnOKinf : OnOK : Graphics: no visible binding for global
     variable colindividuos
    multibiplot : OnOKinf : OnOK : Graphics: no visible binding for global
     variable colvariables
    multibiplot : OnOKinf : OnOK : Graphics: no visible binding for '<<-'
     assignment to simbolos
    multibiplot : OnOKinf : OnOK : Graphics: no visible binding for global
     variable simindividuos
    multibiplot : OnOKinf : OnOK : Graphics: no visible binding for global
     variable simvariables
    multibiplot : OnOKinf : OnOK : Graphics: no visible binding for global
     variable xCoords
    multibiplot : OnOKinf : OnOK : Graphics : plotFunctiond: no visible
     binding for global variable datos
    multibiplot : OnOKinf : OnOK : Graphics : plotFunctiond: no visible
     binding for global variable filas
    multibiplot : OnOKinf : OnOK : Graphics : plotFunctiond: no visible
     binding for global variable columnas
    multibiplot : OnOKinf : OnOK : Graphics : plotFunctiond: no visible
     binding for '<<-' assignment to cexin
    multibiplot : OnOKinf : OnOK : Graphics : plotFunctiond: no visible
     binding for '<<-' assignment to cexvar
    multibiplot : OnOKinf : OnOK : Graphics : plotFunctiond: no visible
     binding for global variable coindividuos
    multibiplot : OnOKinf : OnOK : Graphics : plotFunctiond: no visible
     binding for global variable simindividuos
    multibiplot : OnOKinf : OnOK : Graphics : plotFunctiond: no visible
     binding for global variable colindividuos
    multibiplot : OnOKinf : OnOK : Graphics : plotFunctiond: no visible
     binding for global variable centro
    multibiplot : OnOKinf : OnOK : Graphics : plotFunctiond: no visible
     binding for global variable covariables
    multibiplot : OnOKinf : OnOK : Graphics : plotFunctiond: no visible
     binding for global variable colvariables
    multibiplot : OnOKinf : OnOK : Graphics : plotFunctiond: no visible
     binding for '<<-' assignment to cex
    multibiplot : OnOKinf : OnOK : Graphics : plotFunctiond: no visible
     binding for global variable cexin
    multibiplot : OnOKinf : OnOK : Graphics : plotFunctiond: no visible
     binding for global variable cexvar
    multibiplot : OnOKinf : OnOK : Graphics : plotFunctiond: no visible
     binding for '<<-' assignment to cbVal
    multibiplot : OnOKinf : OnOK : Graphics : plotFunctiond: no visible
     binding for global variable cbVal
    multibiplot : OnOKinf : OnOK : Graphics : plotFunctiond: no visible
     binding for global variable xCoords
    multibiplot : OnOKinf : OnOK : Graphics : plotFunctiond: no visible
     binding for global variable yCoords
    multibiplot : OnOKinf : OnOK : Graphics : plotFunctiond: no visible
     binding for global variable labelsVec
    multibiplot : OnOKinf : OnOK : Graphics : plotFunctiond: no visible
     binding for global variable colores
    multibiplot : OnOKinf : OnOK : Graphics : plotFunctiond: no visible
     binding for global variable cex
    multibiplot : OnOKinf : OnOK : Graphics : labelClosestPoint: no visible
     binding for '<<-' assignment to indexClosest
    multibiplot : OnOKinf : OnOK : Graphics : labelClosestPoint: no visible
     binding for global variable mbval
    multibiplot : OnOKinf : OnOK : Graphics : labelClosestPoint: no visible
     binding for global variable indexClosest
    multibiplot : OnOKinf : OnOK : Graphics : labelClosestPoint: no visible
     binding for '<<-' assignment to xCoords
    multibiplot : OnOKinf : OnOK : Graphics : labelClosestPoint: no visible
     binding for global variable xCoords
    multibiplot : OnOKinf : OnOK : Graphics : labelClosestPoint: no visible
     binding for global variable xPlotCoord
    multibiplot : OnOKinf : OnOK : Graphics : labelClosestPoint: no visible
     binding for '<<-' assignment to yCoords
    multibiplot : OnOKinf : OnOK : Graphics : labelClosestPoint: no visible
     binding for global variable yCoords
    multibiplot : OnOKinf : OnOK : Graphics : labelClosestPoint: no visible
     binding for global variable yPlotCoord
    multibiplot : OnOKinf : OnOK : Graphics : labelClosestPointd: no
     visible binding for '<<-' assignment to indexClosest
    multibiplot : OnOKinf : OnOK : Graphics : labelClosestPointd: no
     visible binding for global variable labelsVec
    multibiplot : OnOKinf : OnOK : Graphics : labelClosestPointd: no
     visible binding for global variable indexClosest
    multibiplot : OnOKinf : OnOK : Graphics : labelClosestPointd: no
     visible binding for global variable colores
    multibiplot : OnOKinf : OnOK : Graphics : labelClosestPointd :
     ChangeColori: no visible binding for global variable colores
    multibiplot : OnOKinf : OnOK : Graphics : labelClosestPointd :
     ChangeColori: no visible binding for global variable indexClosest
    multibiplot : OnOKinf : OnOK : Graphics : labelClosestPointd :
     ChangeColori: no visible binding for '<<-' assignment to colores
    multibiplot : OnOKinf : OnOK : Graphics : labelClosestPointd :
     ChangeColori: no visible binding for '<<-' assignment to
     colindividuos
    multibiplot : OnOKinf : OnOK : Graphics : labelClosestPointd :
     ChangeColori: no visible binding for global variable colindividuos
    multibiplot : OnOKinf : OnOK : Graphics : labelClosestPointd :
     ChangeColori: no visible binding for '<<-' assignment to
     colvariables
    multibiplot : OnOKinf : OnOK : Graphics : labelClosestPointd :
     ChangeColori: no visible binding for global variable colvariables
    multibiplot : OnOKinf : OnOK : Graphics : labelClosestPointd : OnOKli:
     no visible binding for '<<-' assignment to labelsVec
    multibiplot : OnOKinf : OnOK : Graphics : labelClosestPointd : OnOKli:
     no visible binding for global variable labelsVec
    multibiplot : OnOKinf : OnOK : Graphics : labelClosestPointd : OnOKli:
     no visible binding for global variable indexClosest
    multibiplot : OnOKinf : OnOK : Graphics : labelClosestPointd : OnOKli:
     no visible binding for '<<-' assignment to textindividuos
    multibiplot : OnOKinf : OnOK : Graphics : labelClosestPointd : OnOKli:
     no visible binding for global variable textindividuos
    multibiplot : OnOKinf : OnOK : Graphics : labelClosestPointd : OnOKli:
     no visible binding for '<<-' assignment to textvariables
    multibiplot : OnOKinf : OnOK : Graphics : labelClosestPointd : OnOKli:
     no visible binding for global variable textvariables
    multibiplot : OnOKinf : OnOK : Graphics : labelClosestPointd : OnOKli:
     no visible binding for global variable Xpon
    multibiplot : OnOKinf : OnOK : Graphics : labelClosestPointd: no
     visible binding for global variable simbolos
    multibiplot : OnOKinf : OnOK : Graphics : labelClosestPointd :
     chang.sym: no visible binding for '<<-' assignment to simChoice
    multibiplot : OnOKinf : OnOK : Graphics : labelClosestPointd :
     chang.sym: no visible binding for '<<-' assignment to simbolos
    multibiplot : OnOKinf : OnOK : Graphics : labelClosestPointd :
     chang.sym: no visible binding for global variable simbolos
    multibiplot : OnOKinf : OnOK : Graphics : labelClosestPointd :
     chang.sym: no visible binding for global variable indexClosest
    multibiplot : OnOKinf : OnOK : Graphics : labelClosestPointd :
     chang.sym: no visible binding for global variable simChoice
    multibiplot : OnOKinf : OnOK : Graphics : labelClosestPointd :
     chang.sym: no visible binding for '<<-' assignment to simindividuos
    multibiplot : OnOKinf : OnOK : Graphics : labelClosestPointd :
     chang.sym: no visible binding for global variable simindividuos
    multibiplot : OnOKinf : OnOK : Graphics : labelClosestPointd :
     chang.sym: no visible binding for '<<-' assignment to simvariables
    multibiplot : OnOKinf : OnOK : Graphics : labelClosestPointd :
     chang.sym: no visible binding for global variable simvariables
    multibiplot : OnOKinf : OnOK : Graphics : g3d: no visible binding for
     global variable cbVal
    multibiplot : OnOKinf : OnOK : Graphics : g3d: no visible binding for
     global variable xCoords
    multibiplot : OnOKinf : OnOK : Graphics : g3d: no visible binding for
     global variable yCoords
    multibiplot : OnOKinf : OnOK : Graphics : g3d: no visible binding for
     global variable zCoords
    multibiplot : OnOKinf : OnOK : Graphics : g3d: no visible binding for
     global variable colores
    multibiplot : OnOKinf : OnOK : Graphics : g3d: no visible binding for
     global variable labelsVec
    multibiplot : OnOKinf : OnOK : Graphics : g3d: no visible binding for
     global variable covariables
    multibiplot : OnOKinf : OnOK : Graphics : g3d: no visible binding for
     global variable colvariables
    multibiplot : OnOKinf : OnOK : Graphics : OnLeftClick: no visible
     binding for '<<-' assignment to xClick
    multibiplot : OnOKinf : OnOK : Graphics : OnLeftClick: no visible
     binding for '<<-' assignment to yClick
    multibiplot : OnOKinf : OnOK : Graphics : OnLeftClick: no visible
     binding for '<<-' assignment to width
    multibiplot : OnOKinf : OnOK : Graphics : OnLeftClick: no visible
     binding for '<<-' assignment to height
    multibiplot : OnOKinf : OnOK : Graphics : OnLeftClick: no visible
     binding for '<<-' assignment to xMin
    multibiplot : OnOKinf : OnOK : Graphics : OnLeftClick: no visible
     binding for global variable width
    multibiplot : OnOKinf : OnOK : Graphics : OnLeftClick: no visible
     binding for '<<-' assignment to xMax
    multibiplot : OnOKinf : OnOK : Graphics : OnLeftClick: no visible
     binding for '<<-' assignment to yMin
    multibiplot : OnOKinf : OnOK : Graphics : OnLeftClick: no visible
     binding for global variable height
    multibiplot : OnOKinf : OnOK : Graphics : OnLeftClick: no visible
     binding for '<<-' assignment to yMax
    multibiplot : OnOKinf : OnOK : Graphics : OnLeftClick: no visible
     binding for '<<-' assignment to rangeX
    multibiplot : OnOKinf : OnOK : Graphics : OnLeftClick: no visible
     binding for '<<-' assignment to rangeY
    multibiplot : OnOKinf : OnOK : Graphics : OnLeftClick: no visible
     binding for '<<-' assignment to imgXcoords
    multibiplot : OnOKinf : OnOK : Graphics : OnLeftClick: no visible
     binding for global variable xCoords
    multibiplot : OnOKinf : OnOK : Graphics : OnLeftClick: no visible
     binding for global variable xMax
    multibiplot : OnOKinf : OnOK : Graphics : OnLeftClick: no visible
     binding for global variable xMin
    multibiplot : OnOKinf : OnOK : Graphics : OnLeftClick: no visible
     binding for global variable rangeX
    multibiplot : OnOKinf : OnOK : Graphics : OnLeftClick: no visible
     binding for '<<-' assignment to imgYcoords
    multibiplot : OnOKinf : OnOK : Graphics : OnLeftClick: no visible
     binding for global variable yCoords
    multibiplot : OnOKinf : OnOK : Graphics : OnLeftClick: no visible
     binding for global variable yMax
    multibiplot : OnOKinf : OnOK : Graphics : OnLeftClick: no visible
     binding for global variable yMin
    multibiplot : OnOKinf : OnOK : Graphics : OnLeftClick: no visible
     binding for global variable rangeY
    multibiplot : OnOKinf : OnOK : Graphics : OnLeftClick: no visible
     binding for global variable xClick
    multibiplot : OnOKinf : OnOK : Graphics : OnLeftClick: no visible
     binding for global variable yClick
    multibiplot : OnOKinf : OnOK : Graphics : OnLeftClick: no visible
     binding for '<<-' assignment to xPlotCoord
    multibiplot : OnOKinf : OnOK : Graphics : OnLeftClick: no visible
     binding for '<<-' assignment to yPlotCoord
    multibiplot : OnOKinf : OnOK : Graphics : OnLeftClick: no visible
     binding for '<<-' assignment to mbval
    multibiplot : OnOKinf : OnOK : Graphics : OnLeftClick: no visible
     binding for global variable imgXcoords
    multibiplot : OnOKinf : OnOK : Graphics : OnLeftClick: no visible
     binding for global variable imgYcoords
    multibiplot : OnOKinf : OnOK : Graphics : OnRightClick: no visible
     binding for '<<-' assignment to xClick
    multibiplot : OnOKinf : OnOK : Graphics : OnRightClick: no visible
     binding for '<<-' assignment to yClick
    multibiplot : OnOKinf : OnOK : Graphics : OnRightClick: no visible
     binding for '<<-' assignment to width
    multibiplot : OnOKinf : OnOK : Graphics : OnRightClick: no visible
     binding for '<<-' assignment to height
    multibiplot : OnOKinf : OnOK : Graphics : OnRightClick: no visible
     binding for '<<-' assignment to xMin
    multibiplot : OnOKinf : OnOK : Graphics : OnRightClick: no visible
     binding for global variable width
    multibiplot : OnOKinf : OnOK : Graphics : OnRightClick: no visible
     binding for '<<-' assignment to xMax
    multibiplot : OnOKinf : OnOK : Graphics : OnRightClick: no visible
     binding for '<<-' assignment to yMin
    multibiplot : OnOKinf : OnOK : Graphics : OnRightClick: no visible
     binding for global variable height
    multibiplot : OnOKinf : OnOK : Graphics : OnRightClick: no visible
     binding for '<<-' assignment to yMax
    multibiplot : OnOKinf : OnOK : Graphics : OnRightClick: no visible
     binding for '<<-' assignment to rangeX
    multibiplot : OnOKinf : OnOK : Graphics : OnRightClick: no visible
     binding for '<<-' assignment to rangeY
    multibiplot : OnOKinf : OnOK : Graphics : OnRightClick: no visible
     binding for '<<-' assignment to imgXcoords
    multibiplot : OnOKinf : OnOK : Graphics : OnRightClick: no visible
     binding for global variable xCoords
    multibiplot : OnOKinf : OnOK : Graphics : OnRightClick: no visible
     binding for global variable xMax
    multibiplot : OnOKinf : OnOK : Graphics : OnRightClick: no visible
     binding for global variable xMin
    multibiplot : OnOKinf : OnOK : Graphics : OnRightClick: no visible
     binding for global variable rangeX
    multibiplot : OnOKinf : OnOK : Graphics : OnRightClick: no visible
     binding for '<<-' assignment to imgYcoords
    multibiplot : OnOKinf : OnOK : Graphics : OnRightClick: no visible
     binding for global variable yCoords
    multibiplot : OnOKinf : OnOK : Graphics : OnRightClick: no visible
     binding for global variable yMax
    multibiplot : OnOKinf : OnOK : Graphics : OnRightClick: no visible
     binding for global variable yMin
    multibiplot : OnOKinf : OnOK : Graphics : OnRightClick: no visible
     binding for global variable rangeY
    multibiplot : OnOKinf : OnOK : Graphics : OnRightClick: no visible
     binding for global variable xClick
    multibiplot : OnOKinf : OnOK : Graphics : OnRightClick: no visible
     binding for global variable yClick
    multibiplot : OnOKinf : OnOK : Graphics : OnRightClick: no visible
     binding for '<<-' assignment to xPlotCoord
    multibiplot : OnOKinf : OnOK : Graphics : OnRightClick: no visible
     binding for '<<-' assignment to yPlotCoord
    multibiplot : OnOKinf : OnOK : Graphics : OnRightClick: no visible
     binding for global variable imgXcoords
    multibiplot : OnOKinf : OnOK : Graphics : OnRightClick: no visible
     binding for global variable imgYcoords
    multibiplot : OnOKinf : <anonymous>: no visible binding for '<<-'
     assignment to filas
    multibiplot : OnOKinf : <anonymous>: no visible binding for '<<-'
     assignment to columnas
    
    Found the following assignments to the global environment:
    File multibiplotGUI/R/multibiplot.R :
     assign(nombres[j], matrizd, envir = .GlobalEnv)
     assign(nombresslab[i], matriz, envir = .GlobalEnv)
     assign(dimensiones[z], (dim(get(nombresslab[z])))[1], envir = .GlobalEnv)
     assign(nombresst[i], matrizst, envir = .GlobalEnv)
     assign(valorespropios[i], vvpropios$values[1], envir = .GlobalEnv)
     assign(diagonales[i], diagonal, envir = .GlobalEnv)
     assign(valorespropios[i], vvpropios$values[1], envir = .GlobalEnv)
     assign(dimensiones[i], (dim(get(nombresslab[i])))[2], envir = .GlobalEnv)
Flavors: r-devel-linux-x86_64-debian-clang, r-devel-linux-x86_64-debian-gcc, r-devel-linux-x86_64-fedora-clang, r-devel-osx-x86_64-clang, r-patched-linux-x86_64, r-release-linux-ix86, r-release-linux-x86_64

Version: 0.0-1
Check: R code for possible problems
Result: NOTE
    multibiplot: no visible binding for '<<-' assignment to tipo
    multibiplot : OnOKinf : OnOK: no visible binding for '<<-' assignment
     to NameVal
    multibiplot : OnOKinf : OnOK: no visible binding for global variable
     NameVal
    multibiplot : OnOKinf : OnOK: no visible binding for '<<-' assignment
     to nombres
    multibiplot : OnOKinf : OnOK: no visible binding for '<<-' assignment
     to nombresslab
    multibiplot : OnOKinf : OnOK: no visible binding for '<<-' assignment
     to nombresst
    multibiplot : OnOKinf : OnOK: no visible binding for '<<-' assignment
     to valorespropios
    multibiplot : OnOKinf : OnOK: no visible binding for '<<-' assignment
     to dimensiones
    multibiplot : OnOKinf : OnOK: no visible binding for '<<-' assignment
     to diagonales
    multibiplot : OnOKinf : OnOK: no visible binding for '<<-' assignment
     to invdiagonales
    multibiplot : OnOKinf : OnOK: no visible binding for global variable
     nombres
    multibiplot : OnOKinf : OnOK: no visible binding for global variable
     nombresslab
    multibiplot : OnOKinf : OnOK: no visible binding for global variable
     nombresst
    multibiplot : OnOKinf : OnOK: no visible binding for global variable
     valorespropios
    multibiplot : OnOKinf : OnOK: no visible binding for global variable
     dimensiones
    multibiplot : OnOKinf : OnOK: no visible binding for global variable
     diagonales
    multibiplot : OnOKinf : OnOK: no visible global function definition for
     odbcConnectExcel
    multibiplot : OnOKinf : OnOK : OnOK: no visible binding for '<<-'
     assignment to hojaChoice
    multibiplot : OnOKinf : OnOK : OnOK: no visible binding for '<<-'
     assignment to matrizd
    multibiplot : OnOKinf : OnOK : OnOK: no visible binding for global
     variable hojaChoice
    multibiplot : OnOKinf : OnOK : OnOK: no visible binding for global
     variable nombres
    multibiplot : OnOKinf : OnOK : OnOK: no visible binding for global
     variable matrizd
    multibiplot : OnOKinf : OnOK: no visible binding for global variable
     filas
    multibiplot : OnOKinf : OnOK: no visible binding for global variable
     columnas
    multibiplot : OnOKinf : OnOK: no visible binding for '<<-' assignment
     to X
    multibiplot : OnOKinf : OnOK: no visible binding for global variable
     X
    multibiplot : OnOKinf : OnOK: no visible binding for '<<-' assignment
     to media
    multibiplot : OnOKinf : OnOK: no visible binding for '<<-' assignment
     to desvt
    multibiplot : OnOKinf : OnOK: no visible binding for '<<-' assignment
     to matrizst
    multibiplot : OnOKinf : OnOK: no visible binding for global variable
     matrizst
    multibiplot : OnOKinf : OnOK: no visible binding for global variable
     media
    multibiplot : OnOKinf : OnOK: no visible binding for global variable
     desvt
    multibiplot : OnOKinf : OnOK: no visible binding for '<<-' assignment
     to matrizcor
    multibiplot : OnOKinf : OnOK: no visible binding for '<<-' assignment
     to vvpropios
    multibiplot : OnOKinf : OnOK: no visible binding for global variable
     matrizcor
    multibiplot : OnOKinf : OnOK: no visible binding for global variable
     vvpropios
    multibiplot : OnOKinf : OnOK: no visible binding for '<<-' assignment
     to diagonal
    multibiplot : OnOKinf : OnOK: no visible binding for global variable
     diagonal
    multibiplot : OnOKinf : OnOK: no visible binding for '<<-' assignment
     to textindividuos
    multibiplot : OnOKinf : OnOK: no visible binding for '<<-' assignment
     to textvariables
    multibiplot : OnOKinf : OnOK: no visible binding for '<<-' assignment
     to Xpon
    multibiplot : OnOKinf : OnOK: no visible binding for global variable
     textindividuos
    multibiplot : OnOKinf : OnOK: no visible binding for global variable
     Xpon
    multibiplot : OnOKinf : OnOK: no visible binding for global variable
     textvariables
    multibiplot : OnOKinf : OnOK: no visible binding for '<<-' assignment
     to colvariables
    multibiplot : OnOKinf : OnOK: no visible binding for '<<-' assignment
     to colindividuos
    multibiplot : OnOKinf : OnOK: no visible binding for '<<-' assignment
     to simvariables
    multibiplot : OnOKinf : OnOK: no visible binding for '<<-' assignment
     to simindividuos
    multibiplot : OnOKinf : OnOK : <anonymous>: no visible binding for
     '<<-' assignment to tipo
    multibiplot : OnOKinf : OnOK : OnOKtrans: no visible binding for '<<-'
     assignment to tChoice
    multibiplot : OnOKinf : OnOK : OnOKtrans: no visible binding for global
     variable tChoice
    multibiplot : OnOKinf : OnOK : OnOKtrans: no visible binding for '<<-'
     assignment to media
    multibiplot : OnOKinf : OnOK : OnOKtrans: no visible binding for global
     variable Xpon
    multibiplot : OnOKinf : OnOK : OnOKtrans: no visible binding for '<<-'
     assignment to Xstd
    multibiplot : OnOKinf : OnOK : OnOKtrans: no visible binding for global
     variable Xstd
    multibiplot : OnOKinf : OnOK : OnOKtrans: no visible binding for global
     variable media
    multibiplot : OnOKinf : OnOK : OnOKtrans: no visible binding for '<<-'
     assignment to mediav
    multibiplot : OnOKinf : OnOK : OnOKtrans: no visible binding for global
     variable mediav
    multibiplot : OnOKinf : OnOK : OnOKtrans: no visible binding for '<<-'
     assignment to desvvar
    multibiplot : OnOKinf : OnOK : OnOKtrans: no visible binding for global
     variable desvvar
    multibiplot : OnOKinf : OnOK : OnOKi: no visible binding for '<<-'
     assignment to Choicei
    multibiplot : OnOKinf : OnOK : OnOKi: no visible binding for global
     variable textindividuos
    multibiplot : OnOKinf : OnOK : OnOKi: no visible binding for global
     variable colindividuos
    multibiplot : OnOKinf : OnOK: no visible binding for global variable
     colindividuos
    multibiplot : OnOKinf : OnOK : ChangeColori: no visible binding for
     global variable colindividuos
    multibiplot : OnOKinf : OnOK : ChangeColori: no visible binding for
     '<<-' assignment to colindividuos
    multibiplot : OnOKinf : OnOK : OnOKli: no visible binding for '<<-'
     assignment to textindividuos
    multibiplot : OnOKinf : OnOK : OnOKli: no visible binding for global
     variable textindividuos
    multibiplot : OnOKinf : OnOK : OnOKli: no visible binding for global
     variable Xpon
    multibiplot : OnOKinf : OnOK : chang.symi: no visible binding for '<<-'
     assignment to simChoicei
    multibiplot : OnOKinf : OnOK : chang.symi: no visible binding for '<<-'
     assignment to simindividuos
    multibiplot : OnOKinf : OnOK : chang.symi: no visible binding for
     global variable simindividuos
    multibiplot : OnOKinf : OnOK : chang.symi: no visible binding for
     global variable simChoicei
    multibiplot : OnOKinf : OnOK : OnOKv: no visible binding for '<<-'
     assignment to Choicev
    multibiplot : OnOKinf : OnOK : OnOKv: no visible binding for global
     variable textvariables
    multibiplot : OnOKinf : OnOK : OnOKv: no visible binding for global
     variable colvariables
    multibiplot : OnOKinf : OnOK: no visible binding for global variable
     colvariables
    multibiplot : OnOKinf : OnOK : ChangeColorv: no visible binding for
     global variable colvariables
    multibiplot : OnOKinf : OnOK : ChangeColorv: no visible binding for
     '<<-' assignment to colvariables
    multibiplot : OnOKinf : OnOK : OnOKlv: no visible binding for '<<-'
     assignment to textvariables
    multibiplot : OnOKinf : OnOK : OnOKlv: no visible binding for global
     variable textvariables
    multibiplot : OnOKinf : OnOK : OnOKlv: no visible binding for global
     variable Xpon
    multibiplot : OnOKinf : OnOK : Graphics: no visible binding for '<<-'
     assignment to Myhscale
    multibiplot : OnOKinf : OnOK : Graphics: no visible binding for '<<-'
     assignment to Myvscale
    multibiplot : OnOKinf : OnOK : Graphics: no visible binding for '<<-'
     assignment to ejes
    multibiplot : OnOKinf : OnOK : Graphics: no visible binding for global
     variable tipo
    multibiplot : OnOKinf : OnOK : Graphics: no visible binding for '<<-'
     assignment to descom
    multibiplot : OnOKinf : OnOK : Graphics: no visible binding for global
     variable Xstd
    multibiplot : OnOKinf : OnOK : Graphics: no visible binding for '<<-'
     assignment to coindividuos
    multibiplot : OnOKinf : OnOK : Graphics: no visible binding for global
     variable descom
    multibiplot : OnOKinf : OnOK : Graphics: no visible binding for '<<-'
     assignment to covariables
    multibiplot : OnOKinf : OnOK : Graphics: no visible binding for '<<-'
     assignment to suma2valprop
    multibiplot : OnOKinf : OnOK : Graphics: no visible binding for '<<-'
     assignment to sumaRvalprop
    multibiplot : OnOKinf : OnOK : Graphics: no visible binding for '<<-'
     assignment to suma2valprop4
    multibiplot : OnOKinf : OnOK : Graphics: no visible binding for '<<-'
     assignment to sumaRvalprop4
    multibiplot : OnOKinf : OnOK : Graphics: no visible binding for '<<-'
     assignment to bonajuste
    multibiplot : OnOKinf : OnOK : Graphics: no visible binding for global
     variable suma2valprop
    multibiplot : OnOKinf : OnOK : Graphics: no visible binding for global
     variable sumaRvalprop
    multibiplot : OnOKinf : OnOK : Graphics: no visible binding for '<<-'
     assignment to calcol
    multibiplot : OnOKinf : OnOK : Graphics: no visible binding for global
     variable suma2valprop4
    multibiplot : OnOKinf : OnOK : Graphics: no visible binding for global
     variable sumaRvalprop4
    multibiplot : OnOKinf : OnOK : Graphics: no visible binding for '<<-'
     assignment to coindividuosnam
    multibiplot : OnOKinf : OnOK : Graphics: no visible binding for global
     variable coindividuos
    multibiplot : OnOKinf : OnOK : Graphics: no visible binding for global
     variable coindividuosnam
    multibiplot : OnOKinf : OnOK : Graphics: no visible binding for global
     variable textindividuos
    multibiplot : OnOKinf : OnOK : Graphics: no visible binding for global
     variable ejes
    multibiplot : OnOKinf : OnOK : Graphics: no visible binding for '<<-'
     assignment to covariablesnam
    multibiplot : OnOKinf : OnOK : Graphics: no visible binding for global
     variable covariables
    multibiplot : OnOKinf : OnOK : Graphics: no visible binding for global
     variable covariablesnam
    multibiplot : OnOKinf : OnOK : Graphics: no visible binding for global
     variable textvariables
    multibiplot : OnOKinf : OnOK : Graphics: no visible binding for '<<-'
     assignment to coindivcuad
    multibiplot : OnOKinf : OnOK : Graphics: no visible binding for '<<-'
     assignment to CRTi
    multibiplot : OnOKinf : OnOK : Graphics: no visible binding for global
     variable coindivcuad
    multibiplot : OnOKinf : OnOK : Graphics: no visible binding for global
     variable CRTi
    multibiplot : OnOKinf : OnOK : Graphics: no visible binding for '<<-'
     assignment to covarcuad
    multibiplot : OnOKinf : OnOK : Graphics: no visible binding for '<<-'
     assignment to CRTj
    multibiplot : OnOKinf : OnOK : Graphics: no visible binding for global
     variable covarcuad
    multibiplot : OnOKinf : OnOK : Graphics: no visible binding for global
     variable CRTj
    multibiplot : OnOKinf : OnOK : Graphics: no visible binding for '<<-'
     assignment to CREiFq
    multibiplot : OnOKinf : OnOK : Graphics: no visible binding for global
     variable CREiFq
    multibiplot : OnOKinf : OnOK : Graphics: no visible binding for '<<-'
     assignment to CREjFq
    multibiplot : OnOKinf : OnOK : Graphics: no visible binding for '<<-'
     assignment to sumavar
    multibiplot : OnOKinf : OnOK : Graphics: no visible binding for global
     variable CREjFq
    multibiplot : OnOKinf : OnOK : Graphics: no visible binding for global
     variable sumavar
    multibiplot : OnOKinf : OnOK : Graphics: no visible binding for '<<-'
     assignment to CRFqEi
    multibiplot : OnOKinf : OnOK : Graphics: no visible binding for '<<-'
     assignment to sumaindi
    multibiplot : OnOKinf : OnOK : Graphics: no visible binding for global
     variable CRFqEi
    multibiplot : OnOKinf : OnOK : Graphics: no visible binding for global
     variable sumaindi
    multibiplot : OnOKinf : OnOK : Graphics: no visible binding for '<<-'
     assignment to CRFqEj
    multibiplot : OnOKinf : OnOK : Graphics: no visible binding for global
     variable CRFqEj
    multibiplot : OnOKinf : OnOK : Graphics: no visible binding for '<<-'
     assignment to calfilas
    multibiplot : OnOKinf : OnOK : Graphics: no visible binding for '<<-'
     assignment to rangos
    multibiplot : OnOKinf : OnOK : Graphics: no visible binding for global
     variable NameVal
    multibiplot : OnOKinf : OnOK : Graphics: no visible binding for global
     variable rangos
    multibiplot : OnOKinf : OnOK : Graphics: no visible binding for global
     variable dimensiones
    multibiplot : OnOKinf : OnOK : Graphics: no visible binding for '<<-'
     assignment to sumacoordindgrupo
    multibiplot : OnOKinf : OnOK : Graphics: no visible binding for '<<-'
     assignment to sumacoordvargrupo
    multibiplot : OnOKinf : OnOK : Graphics: no visible binding for '<<-'
     assignment to CRTt
    multibiplot : OnOKinf : OnOK : Graphics: no visible binding for '<<-'
     assignment to CRGtFq
    multibiplot : OnOKinf : OnOK : Graphics: no visible binding for '<<-'
     assignment to CRFqGt
    multibiplot : OnOKinf : OnOK : Graphics: no visible binding for '<<-'
     assignment to Xaproxestim
    multibiplot : OnOKinf : OnOK : Graphics: no visible binding for '<<-'
     assignment to lambda
    multibiplot : OnOKinf : OnOK : Graphics: no visible binding for global
     variable valorespropios
    multibiplot : OnOKinf : OnOK : Graphics: no visible binding for global
     variable lambda
    multibiplot : OnOKinf : OnOK : Graphics: no visible binding for global
     variable filas
    multibiplot : OnOKinf : OnOK : Graphics: no visible binding for global
     variable columnas
    multibiplot : OnOKinf : OnOK : Graphics: no visible binding for global
     variable sumacoordindgrupo
    multibiplot : OnOKinf : OnOK : Graphics: no visible binding for global
     variable CRTt
    multibiplot : OnOKinf : OnOK : Graphics: no visible binding for global
     variable CRGtFq
    multibiplot : OnOKinf : OnOK : Graphics: no visible binding for global
     variable CRFqGt
    multibiplot : OnOKinf : OnOK : Graphics: no visible binding for '<<-'
     assignment to Nlambda
    multibiplot : OnOKinf : OnOK : Graphics: no visible binding for '<<-'
     assignment to invN
    multibiplot : OnOKinf : OnOK : Graphics: no visible binding for global
     variable Nlambda
    multibiplot : OnOKinf : OnOK : Graphics: no visible binding for '<<-'
     assignment to Xestim
    multibiplot : OnOKinf : OnOK : Graphics: no visible binding for global
     variable invN
    multibiplot : OnOKinf : OnOK : Graphics: no visible binding for global
     variable Xaproxestim
    multibiplot : OnOKinf : OnOK : Graphics: no visible binding for global
     variable sumacoordvargrupo
    multibiplot : OnOKinf : OnOK : Graphics: no visible binding for '<<-'
     assignment to Mlambda
    multibiplot : OnOKinf : OnOK : Graphics: no visible binding for '<<-'
     assignment to invM
    multibiplot : OnOKinf : OnOK : Graphics: no visible binding for global
     variable Mlambda
    multibiplot : OnOKinf : OnOK : Graphics: no visible binding for global
     variable invM
    multibiplot : OnOKinf : OnOK : Graphics: no visible binding for '<<-'
     assignment to SCT
    multibiplot : OnOKinf : OnOK : Graphics: no visible binding for global
     variable X
    multibiplot : OnOKinf : OnOK : Graphics: no visible binding for '<<-'
     assignment to SCEx
    multibiplot : OnOKinf : OnOK : Graphics: no visible binding for global
     variable Xestim
    multibiplot : OnOKinf : OnOK : Graphics: no visible binding for '<<-'
     assignment to bonajusXstd
    multibiplot : OnOKinf : OnOK : Graphics: no visible binding for global
     variable SCEx
    multibiplot : OnOKinf : OnOK : Graphics: no visible binding for global
     variable SCT
    multibiplot : OnOKinf : OnOK : Graphics: no visible binding for global
     variable bonajuste
    multibiplot : OnOKinf : OnOK : Graphics: no visible binding for global
     variable bonajusXstd
    multibiplot : OnOKinf : OnOK : Graphics: no visible binding for global
     variable calfilas
    multibiplot : OnOKinf : OnOK : Graphics: no visible binding for global
     variable calcol
    multibiplot : OnOKinf : OnOK : Graphics: no visible binding for '<<-'
     assignment to datos
    multibiplot : OnOKinf : OnOK : Graphics: no visible binding for '<<-'
     assignment to centro
    multibiplot : OnOKinf : OnOK : Graphics: no visible binding for '<<-'
     assignment to cbVal
    multibiplot : OnOKinf : OnOK : Graphics: no visible binding for '<<-'
     assignment to xCoords
    multibiplot : OnOKinf : OnOK : Graphics: no visible binding for global
     variable datos
    multibiplot : OnOKinf : OnOK : Graphics: no visible binding for '<<-'
     assignment to yCoords
    multibiplot : OnOKinf : OnOK : Graphics: no visible binding for '<<-'
     assignment to zCoords
    multibiplot : OnOKinf : OnOK : Graphics: no visible binding for '<<-'
     assignment to labelsVec
    multibiplot : OnOKinf : OnOK : Graphics: no visible binding for '<<-'
     assignment to colores
    multibiplot : OnOKinf : OnOK : Graphics: no visible binding for global
     variable colindividuos
    multibiplot : OnOKinf : OnOK : Graphics: no visible binding for global
     variable colvariables
    multibiplot : OnOKinf : OnOK : Graphics: no visible binding for '<<-'
     assignment to simbolos
    multibiplot : OnOKinf : OnOK : Graphics: no visible binding for global
     variable simindividuos
    multibiplot : OnOKinf : OnOK : Graphics: no visible binding for global
     variable simvariables
    multibiplot : OnOKinf : OnOK : Graphics: no visible binding for global
     variable xCoords
    multibiplot : OnOKinf : OnOK : Graphics : plotFunctiond: no visible
     binding for global variable datos
    multibiplot : OnOKinf : OnOK : Graphics : plotFunctiond: no visible
     binding for global variable filas
    multibiplot : OnOKinf : OnOK : Graphics : plotFunctiond: no visible
     binding for global variable columnas
    multibiplot : OnOKinf : OnOK : Graphics : plotFunctiond: no visible
     binding for '<<-' assignment to cexin
    multibiplot : OnOKinf : OnOK : Graphics : plotFunctiond: no visible
     binding for '<<-' assignment to cexvar
    multibiplot : OnOKinf : OnOK : Graphics : plotFunctiond: no visible
     binding for global variable coindividuos
    multibiplot : OnOKinf : OnOK : Graphics : plotFunctiond: no visible
     binding for global variable simindividuos
    multibiplot : OnOKinf : OnOK : Graphics : plotFunctiond: no visible
     binding for global variable colindividuos
    multibiplot : OnOKinf : OnOK : Graphics : plotFunctiond: no visible
     binding for global variable centro
    multibiplot : OnOKinf : OnOK : Graphics : plotFunctiond: no visible
     binding for global variable covariables
    multibiplot : OnOKinf : OnOK : Graphics : plotFunctiond: no visible
     binding for global variable colvariables
    multibiplot : OnOKinf : OnOK : Graphics : plotFunctiond: no visible
     binding for '<<-' assignment to cex
    multibiplot : OnOKinf : OnOK : Graphics : plotFunctiond: no visible
     binding for global variable cexin
    multibiplot : OnOKinf : OnOK : Graphics : plotFunctiond: no visible
     binding for global variable cexvar
    multibiplot : OnOKinf : OnOK : Graphics : plotFunctiond: no visible
     binding for '<<-' assignment to cbVal
    multibiplot : OnOKinf : OnOK : Graphics : plotFunctiond: no visible
     binding for global variable cbVal
    multibiplot : OnOKinf : OnOK : Graphics : plotFunctiond: no visible
     binding for global variable xCoords
    multibiplot : OnOKinf : OnOK : Graphics : plotFunctiond: no visible
     binding for global variable yCoords
    multibiplot : OnOKinf : OnOK : Graphics : plotFunctiond: no visible
     binding for global variable labelsVec
    multibiplot : OnOKinf : OnOK : Graphics : plotFunctiond: no visible
     binding for global variable colores
    multibiplot : OnOKinf : OnOK : Graphics : plotFunctiond: no visible
     binding for global variable cex
    multibiplot : OnOKinf : OnOK : Graphics : labelClosestPoint: no visible
     binding for '<<-' assignment to indexClosest
    multibiplot : OnOKinf : OnOK : Graphics : labelClosestPoint: no visible
     binding for global variable mbval
    multibiplot : OnOKinf : OnOK : Graphics : labelClosestPoint: no visible
     binding for global variable indexClosest
    multibiplot : OnOKinf : OnOK : Graphics : labelClosestPoint: no visible
     binding for '<<-' assignment to xCoords
    multibiplot : OnOKinf : OnOK : Graphics : labelClosestPoint: no visible
     binding for global variable xCoords
    multibiplot : OnOKinf : OnOK : Graphics : labelClosestPoint: no visible
     binding for global variable xPlotCoord
    multibiplot : OnOKinf : OnOK : Graphics : labelClosestPoint: no visible
     binding for '<<-' assignment to yCoords
    multibiplot : OnOKinf : OnOK : Graphics : labelClosestPoint: no visible
     binding for global variable yCoords
    multibiplot : OnOKinf : OnOK : Graphics : labelClosestPoint: no visible
     binding for global variable yPlotCoord
    multibiplot : OnOKinf : OnOK : Graphics : labelClosestPointd: no
     visible binding for '<<-' assignment to indexClosest
    multibiplot : OnOKinf : OnOK : Graphics : labelClosestPointd: no
     visible binding for global variable labelsVec
    multibiplot : OnOKinf : OnOK : Graphics : labelClosestPointd: no
     visible binding for global variable indexClosest
    multibiplot : OnOKinf : OnOK : Graphics : labelClosestPointd: no
     visible binding for global variable colores
    multibiplot : OnOKinf : OnOK : Graphics : labelClosestPointd :
     ChangeColori: no visible binding for global variable colores
    multibiplot : OnOKinf : OnOK : Graphics : labelClosestPointd :
     ChangeColori: no visible binding for global variable indexClosest
    multibiplot : OnOKinf : OnOK : Graphics : labelClosestPointd :
     ChangeColori: no visible binding for '<<-' assignment to colores
    multibiplot : OnOKinf : OnOK : Graphics : labelClosestPointd :
     ChangeColori: no visible binding for '<<-' assignment to
     colindividuos
    multibiplot : OnOKinf : OnOK : Graphics : labelClosestPointd :
     ChangeColori: no visible binding for global variable colindividuos
    multibiplot : OnOKinf : OnOK : Graphics : labelClosestPointd :
     ChangeColori: no visible binding for '<<-' assignment to
     colvariables
    multibiplot : OnOKinf : OnOK : Graphics : labelClosestPointd :
     ChangeColori: no visible binding for global variable colvariables
    multibiplot : OnOKinf : OnOK : Graphics : labelClosestPointd : OnOKli:
     no visible binding for '<<-' assignment to labelsVec
    multibiplot : OnOKinf : OnOK : Graphics : labelClosestPointd : OnOKli:
     no visible binding for global variable labelsVec
    multibiplot : OnOKinf : OnOK : Graphics : labelClosestPointd : OnOKli:
     no visible binding for global variable indexClosest
    multibiplot : OnOKinf : OnOK : Graphics : labelClosestPointd : OnOKli:
     no visible binding for '<<-' assignment to textindividuos
    multibiplot : OnOKinf : OnOK : Graphics : labelClosestPointd : OnOKli:
     no visible binding for global variable textindividuos
    multibiplot : OnOKinf : OnOK : Graphics : labelClosestPointd : OnOKli:
     no visible binding for '<<-' assignment to textvariables
    multibiplot : OnOKinf : OnOK : Graphics : labelClosestPointd : OnOKli:
     no visible binding for global variable textvariables
    multibiplot : OnOKinf : OnOK : Graphics : labelClosestPointd : OnOKli:
     no visible binding for global variable Xpon
    multibiplot : OnOKinf : OnOK : Graphics : labelClosestPointd: no
     visible binding for global variable simbolos
    multibiplot : OnOKinf : OnOK : Graphics : labelClosestPointd :
     chang.sym: no visible binding for '<<-' assignment to simChoice
    multibiplot : OnOKinf : OnOK : Graphics : labelClosestPointd :
     chang.sym: no visible binding for '<<-' assignment to simbolos
    multibiplot : OnOKinf : OnOK : Graphics : labelClosestPointd :
     chang.sym: no visible binding for global variable simbolos
    multibiplot : OnOKinf : OnOK : Graphics : labelClosestPointd :
     chang.sym: no visible binding for global variable indexClosest
    multibiplot : OnOKinf : OnOK : Graphics : labelClosestPointd :
     chang.sym: no visible binding for global variable simChoice
    multibiplot : OnOKinf : OnOK : Graphics : labelClosestPointd :
     chang.sym: no visible binding for '<<-' assignment to simindividuos
    multibiplot : OnOKinf : OnOK : Graphics : labelClosestPointd :
     chang.sym: no visible binding for global variable simindividuos
    multibiplot : OnOKinf : OnOK : Graphics : labelClosestPointd :
     chang.sym: no visible binding for '<<-' assignment to simvariables
    multibiplot : OnOKinf : OnOK : Graphics : labelClosestPointd :
     chang.sym: no visible binding for global variable simvariables
    multibiplot : OnOKinf : OnOK : Graphics : g3d: no visible binding for
     global variable cbVal
    multibiplot : OnOKinf : OnOK : Graphics : g3d: no visible binding for
     global variable xCoords
    multibiplot : OnOKinf : OnOK : Graphics : g3d: no visible binding for
     global variable yCoords
    multibiplot : OnOKinf : OnOK : Graphics : g3d: no visible binding for
     global variable zCoords
    multibiplot : OnOKinf : OnOK : Graphics : g3d: no visible binding for
     global variable colores
    multibiplot : OnOKinf : OnOK : Graphics : g3d: no visible binding for
     global variable labelsVec
    multibiplot : OnOKinf : OnOK : Graphics : g3d: no visible binding for
     global variable covariables
    multibiplot : OnOKinf : OnOK : Graphics : g3d: no visible binding for
     global variable colvariables
    multibiplot : OnOKinf : OnOK : Graphics : OnLeftClick: no visible
     binding for '<<-' assignment to xClick
    multibiplot : OnOKinf : OnOK : Graphics : OnLeftClick: no visible
     binding for '<<-' assignment to yClick
    multibiplot : OnOKinf : OnOK : Graphics : OnLeftClick: no visible
     binding for '<<-' assignment to width
    multibiplot : OnOKinf : OnOK : Graphics : OnLeftClick: no visible
     binding for '<<-' assignment to height
    multibiplot : OnOKinf : OnOK : Graphics : OnLeftClick: no visible
     binding for '<<-' assignment to xMin
    multibiplot : OnOKinf : OnOK : Graphics : OnLeftClick: no visible
     binding for global variable width
    multibiplot : OnOKinf : OnOK : Graphics : OnLeftClick: no visible
     binding for '<<-' assignment to xMax
    multibiplot : OnOKinf : OnOK : Graphics : OnLeftClick: no visible
     binding for '<<-' assignment to yMin
    multibiplot : OnOKinf : OnOK : Graphics : OnLeftClick: no visible
     binding for global variable height
    multibiplot : OnOKinf : OnOK : Graphics : OnLeftClick: no visible
     binding for '<<-' assignment to yMax
    multibiplot : OnOKinf : OnOK : Graphics : OnLeftClick: no visible
     binding for '<<-' assignment to rangeX
    multibiplot : OnOKinf : OnOK : Graphics : OnLeftClick: no visible
     binding for '<<-' assignment to rangeY
    multibiplot : OnOKinf : OnOK : Graphics : OnLeftClick: no visible
     binding for '<<-' assignment to imgXcoords
    multibiplot : OnOKinf : OnOK : Graphics : OnLeftClick: no visible
     binding for global variable xCoords
    multibiplot : OnOKinf : OnOK : Graphics : OnLeftClick: no visible
     binding for global variable xMax
    multibiplot : OnOKinf : OnOK : Graphics : OnLeftClick: no visible
     binding for global variable xMin
    multibiplot : OnOKinf : OnOK : Graphics : OnLeftClick: no visible
     binding for global variable rangeX
    multibiplot : OnOKinf : OnOK : Graphics : OnLeftClick: no visible
     binding for '<<-' assignment to imgYcoords
    multibiplot : OnOKinf : OnOK : Graphics : OnLeftClick: no visible
     binding for global variable yCoords
    multibiplot : OnOKinf : OnOK : Graphics : OnLeftClick: no visible
     binding for global variable yMax
    multibiplot : OnOKinf : OnOK : Graphics : OnLeftClick: no visible
     binding for global variable yMin
    multibiplot : OnOKinf : OnOK : Graphics : OnLeftClick: no visible
     binding for global variable rangeY
    multibiplot : OnOKinf : OnOK : Graphics : OnLeftClick: no visible
     binding for global variable xClick
    multibiplot : OnOKinf : OnOK : Graphics : OnLeftClick: no visible
     binding for global variable yClick
    multibiplot : OnOKinf : OnOK : Graphics : OnLeftClick: no visible
     binding for '<<-' assignment to xPlotCoord
    multibiplot : OnOKinf : OnOK : Graphics : OnLeftClick: no visible
     binding for '<<-' assignment to yPlotCoord
    multibiplot : OnOKinf : OnOK : Graphics : OnLeftClick: no visible
     binding for '<<-' assignment to mbval
    multibiplot : OnOKinf : OnOK : Graphics : OnLeftClick: no visible
     binding for global variable imgXcoords
    multibiplot : OnOKinf : OnOK : Graphics : OnLeftClick: no visible
     binding for global variable imgYcoords
    multibiplot : OnOKinf : OnOK : Graphics : OnRightClick: no visible
     binding for '<<-' assignment to xClick
    multibiplot : OnOKinf : OnOK : Graphics : OnRightClick: no visible
     binding for '<<-' assignment to yClick
    multibiplot : OnOKinf : OnOK : Graphics : OnRightClick: no visible
     binding for '<<-' assignment to width
    multibiplot : OnOKinf : OnOK : Graphics : OnRightClick: no visible
     binding for '<<-' assignment to height
    multibiplot : OnOKinf : OnOK : Graphics : OnRightClick: no visible
     binding for '<<-' assignment to xMin
    multibiplot : OnOKinf : OnOK : Graphics : OnRightClick: no visible
     binding for global variable width
    multibiplot : OnOKinf : OnOK : Graphics : OnRightClick: no visible
     binding for '<<-' assignment to xMax
    multibiplot : OnOKinf : OnOK : Graphics : OnRightClick: no visible
     binding for '<<-' assignment to yMin
    multibiplot : OnOKinf : OnOK : Graphics : OnRightClick: no visible
     binding for global variable height
    multibiplot : OnOKinf : OnOK : Graphics : OnRightClick: no visible
     binding for '<<-' assignment to yMax
    multibiplot : OnOKinf : OnOK : Graphics : OnRightClick: no visible
     binding for '<<-' assignment to rangeX
    multibiplot : OnOKinf : OnOK : Graphics : OnRightClick: no visible
     binding for '<<-' assignment to rangeY
    multibiplot : OnOKinf : OnOK : Graphics : OnRightClick: no visible
     binding for '<<-' assignment to imgXcoords
    multibiplot : OnOKinf : OnOK : Graphics : OnRightClick: no visible
     binding for global variable xCoords
    multibiplot : OnOKinf : OnOK : Graphics : OnRightClick: no visible
     binding for global variable xMax
    multibiplot : OnOKinf : OnOK : Graphics : OnRightClick: no visible
     binding for global variable xMin
    multibiplot : OnOKinf : OnOK : Graphics : OnRightClick: no visible
     binding for global variable rangeX
    multibiplot : OnOKinf : OnOK : Graphics : OnRightClick: no visible
     binding for '<<-' assignment to imgYcoords
    multibiplot : OnOKinf : OnOK : Graphics : OnRightClick: no visible
     binding for global variable yCoords
    multibiplot : OnOKinf : OnOK : Graphics : OnRightClick: no visible
     binding for global variable yMax
    multibiplot : OnOKinf : OnOK : Graphics : OnRightClick: no visible
     binding for global variable yMin
    multibiplot : OnOKinf : OnOK : Graphics : OnRightClick: no visible
     binding for global variable rangeY
    multibiplot : OnOKinf : OnOK : Graphics : OnRightClick: no visible
     binding for global variable xClick
    multibiplot : OnOKinf : OnOK : Graphics : OnRightClick: no visible
     binding for global variable yClick
    multibiplot : OnOKinf : OnOK : Graphics : OnRightClick: no visible
     binding for '<<-' assignment to xPlotCoord
    multibiplot : OnOKinf : OnOK : Graphics : OnRightClick: no visible
     binding for '<<-' assignment to yPlotCoord
    multibiplot : OnOKinf : OnOK : Graphics : OnRightClick: no visible
     binding for global variable imgXcoords
    multibiplot : OnOKinf : OnOK : Graphics : OnRightClick: no visible
     binding for global variable imgYcoords
    multibiplot : OnOKinf : <anonymous>: no visible binding for '<<-'
     assignment to filas
    multibiplot : OnOKinf : <anonymous>: no visible binding for '<<-'
     assignment to columnas
Flavors: r-devel-linux-x86_64-fedora-gcc, r-patched-solaris-sparc, r-patched-solaris-x86, r-release-osx-x86_64-snowleopard

Version: 0.0-1
Check: R code for possible problems
Result: NOTE
    multibiplot: no visible binding for '<<-' assignment to 'tipo'
    multibiplot : OnOKinf : OnOK: no visible binding for '<<-' assignment
     to 'NameVal'
    multibiplot : OnOKinf : OnOK: no visible binding for global variable
     'NameVal'
    multibiplot : OnOKinf : OnOK: no visible binding for '<<-' assignment
     to 'nombres'
    multibiplot : OnOKinf : OnOK: no visible binding for '<<-' assignment
     to 'nombresslab'
    multibiplot : OnOKinf : OnOK: no visible binding for '<<-' assignment
     to 'nombresst'
    multibiplot : OnOKinf : OnOK: no visible binding for '<<-' assignment
     to 'valorespropios'
    multibiplot : OnOKinf : OnOK: no visible binding for '<<-' assignment
     to 'dimensiones'
    multibiplot : OnOKinf : OnOK: no visible binding for '<<-' assignment
     to 'diagonales'
    multibiplot : OnOKinf : OnOK: no visible binding for '<<-' assignment
     to 'invdiagonales'
    multibiplot : OnOKinf : OnOK: no visible binding for global variable
     'nombres'
    multibiplot : OnOKinf : OnOK: no visible binding for global variable
     'nombresslab'
    multibiplot : OnOKinf : OnOK: no visible binding for global variable
     'nombresst'
    multibiplot : OnOKinf : OnOK: no visible binding for global variable
     'valorespropios'
    multibiplot : OnOKinf : OnOK: no visible binding for global variable
     'dimensiones'
    multibiplot : OnOKinf : OnOK: no visible binding for global variable
     'diagonales'
    multibiplot : OnOKinf : OnOK : OnOK: no visible binding for '<<-'
     assignment to 'hojaChoice'
    multibiplot : OnOKinf : OnOK : OnOK: no visible binding for '<<-'
     assignment to 'matrizd'
    multibiplot : OnOKinf : OnOK : OnOK: no visible binding for global
     variable 'hojaChoice'
    multibiplot : OnOKinf : OnOK : OnOK: no visible binding for global
     variable 'nombres'
    multibiplot : OnOKinf : OnOK : OnOK: no visible binding for global
     variable 'matrizd'
    multibiplot : OnOKinf : OnOK: no visible binding for global variable
     'filas'
    multibiplot : OnOKinf : OnOK: no visible binding for global variable
     'columnas'
    multibiplot : OnOKinf : OnOK: no visible binding for '<<-' assignment
     to 'X'
    multibiplot : OnOKinf : OnOK: no visible binding for global variable
     'X'
    multibiplot : OnOKinf : OnOK: no visible binding for '<<-' assignment
     to 'media'
    multibiplot : OnOKinf : OnOK: no visible binding for '<<-' assignment
     to 'desvt'
    multibiplot : OnOKinf : OnOK: no visible binding for '<<-' assignment
     to 'matrizst'
    multibiplot : OnOKinf : OnOK: no visible binding for global variable
     'matrizst'
    multibiplot : OnOKinf : OnOK: no visible binding for global variable
     'media'
    multibiplot : OnOKinf : OnOK: no visible binding for global variable
     'desvt'
    multibiplot : OnOKinf : OnOK: no visible binding for '<<-' assignment
     to 'matrizcor'
    multibiplot : OnOKinf : OnOK: no visible binding for '<<-' assignment
     to 'vvpropios'
    multibiplot : OnOKinf : OnOK: no visible binding for global variable
     'matrizcor'
    multibiplot : OnOKinf : OnOK: no visible binding for global variable
     'vvpropios'
    multibiplot : OnOKinf : OnOK: no visible binding for '<<-' assignment
     to 'diagonal'
    multibiplot : OnOKinf : OnOK: no visible binding for global variable
     'diagonal'
    multibiplot : OnOKinf : OnOK: no visible binding for '<<-' assignment
     to 'textindividuos'
    multibiplot : OnOKinf : OnOK: no visible binding for '<<-' assignment
     to 'textvariables'
    multibiplot : OnOKinf : OnOK: no visible binding for '<<-' assignment
     to 'Xpon'
    multibiplot : OnOKinf : OnOK: no visible binding for global variable
     'textindividuos'
    multibiplot : OnOKinf : OnOK: no visible binding for global variable
     'Xpon'
    multibiplot : OnOKinf : OnOK: no visible binding for global variable
     'textvariables'
    multibiplot : OnOKinf : OnOK: no visible binding for '<<-' assignment
     to 'colvariables'
    multibiplot : OnOKinf : OnOK: no visible binding for '<<-' assignment
     to 'colindividuos'
    multibiplot : OnOKinf : OnOK: no visible binding for '<<-' assignment
     to 'simvariables'
    multibiplot : OnOKinf : OnOK: no visible binding for '<<-' assignment
     to 'simindividuos'
    multibiplot : OnOKinf : OnOK : <anonymous>: no visible binding for
     '<<-' assignment to 'tipo'
    multibiplot : OnOKinf : OnOK : OnOKtrans: no visible binding for '<<-'
     assignment to 'tChoice'
    multibiplot : OnOKinf : OnOK : OnOKtrans: no visible binding for global
     variable 'tChoice'
    multibiplot : OnOKinf : OnOK : OnOKtrans: no visible binding for '<<-'
     assignment to 'media'
    multibiplot : OnOKinf : OnOK : OnOKtrans: no visible binding for global
     variable 'Xpon'
    multibiplot : OnOKinf : OnOK : OnOKtrans: no visible binding for '<<-'
     assignment to 'Xstd'
    multibiplot : OnOKinf : OnOK : OnOKtrans: no visible binding for global
     variable 'Xstd'
    multibiplot : OnOKinf : OnOK : OnOKtrans: no visible binding for global
     variable 'media'
    multibiplot : OnOKinf : OnOK : OnOKtrans: no visible binding for '<<-'
     assignment to 'mediav'
    multibiplot : OnOKinf : OnOK : OnOKtrans: no visible binding for global
     variable 'mediav'
    multibiplot : OnOKinf : OnOK : OnOKtrans: no visible binding for '<<-'
     assignment to 'desvvar'
    multibiplot : OnOKinf : OnOK : OnOKtrans: no visible binding for global
     variable 'desvvar'
    multibiplot : OnOKinf : OnOK : OnOKi: no visible binding for '<<-'
     assignment to 'Choicei'
    multibiplot : OnOKinf : OnOK : OnOKi: no visible binding for global
     variable 'textindividuos'
    multibiplot : OnOKinf : OnOK : OnOKi: no visible binding for global
     variable 'colindividuos'
    multibiplot : OnOKinf : OnOK: no visible binding for global variable
     'colindividuos'
    multibiplot : OnOKinf : OnOK : ChangeColori: no visible binding for
     global variable 'colindividuos'
    multibiplot : OnOKinf : OnOK : ChangeColori: no visible binding for
     '<<-' assignment to 'colindividuos'
    multibiplot : OnOKinf : OnOK : OnOKli: no visible binding for '<<-'
     assignment to 'textindividuos'
    multibiplot : OnOKinf : OnOK : OnOKli: no visible binding for global
     variable 'textindividuos'
    multibiplot : OnOKinf : OnOK : OnOKli: no visible binding for global
     variable 'Xpon'
    multibiplot : OnOKinf : OnOK : chang.symi: no visible binding for '<<-'
     assignment to 'simChoicei'
    multibiplot : OnOKinf : OnOK : chang.symi: no visible binding for '<<-'
     assignment to 'simindividuos'
    multibiplot : OnOKinf : OnOK : chang.symi: no visible binding for
     global variable 'simindividuos'
    multibiplot : OnOKinf : OnOK : chang.symi: no visible binding for
     global variable 'simChoicei'
    multibiplot : OnOKinf : OnOK : OnOKv: no visible binding for '<<-'
     assignment to 'Choicev'
    multibiplot : OnOKinf : OnOK : OnOKv: no visible binding for global
     variable 'textvariables'
    multibiplot : OnOKinf : OnOK : OnOKv: no visible binding for global
     variable 'colvariables'
    multibiplot : OnOKinf : OnOK: no visible binding for global variable
     'colvariables'
    multibiplot : OnOKinf : OnOK : ChangeColorv: no visible binding for
     global variable 'colvariables'
    multibiplot : OnOKinf : OnOK : ChangeColorv: no visible binding for
     '<<-' assignment to 'colvariables'
    multibiplot : OnOKinf : OnOK : OnOKlv: no visible binding for '<<-'
     assignment to 'textvariables'
    multibiplot : OnOKinf : OnOK : OnOKlv: no visible binding for global
     variable 'textvariables'
    multibiplot : OnOKinf : OnOK : OnOKlv: no visible binding for global
     variable 'Xpon'
    multibiplot : OnOKinf : OnOK : Graphics: no visible binding for '<<-'
     assignment to 'Myhscale'
    multibiplot : OnOKinf : OnOK : Graphics: no visible binding for '<<-'
     assignment to 'Myvscale'
    multibiplot : OnOKinf : OnOK : Graphics: no visible binding for '<<-'
     assignment to 'ejes'
    multibiplot : OnOKinf : OnOK : Graphics: no visible binding for global
     variable 'tipo'
    multibiplot : OnOKinf : OnOK : Graphics: no visible binding for '<<-'
     assignment to 'descom'
    multibiplot : OnOKinf : OnOK : Graphics: no visible binding for global
     variable 'Xstd'
    multibiplot : OnOKinf : OnOK : Graphics: no visible binding for '<<-'
     assignment to 'coindividuos'
    multibiplot : OnOKinf : OnOK : Graphics: no visible binding for global
     variable 'descom'
    multibiplot : OnOKinf : OnOK : Graphics: no visible binding for '<<-'
     assignment to 'covariables'
    multibiplot : OnOKinf : OnOK : Graphics: no visible binding for '<<-'
     assignment to 'suma2valprop'
    multibiplot : OnOKinf : OnOK : Graphics: no visible binding for '<<-'
     assignment to 'sumaRvalprop'
    multibiplot : OnOKinf : OnOK : Graphics: no visible binding for '<<-'
     assignment to 'suma2valprop4'
    multibiplot : OnOKinf : OnOK : Graphics: no visible binding for '<<-'
     assignment to 'sumaRvalprop4'
    multibiplot : OnOKinf : OnOK : Graphics: no visible binding for '<<-'
     assignment to 'bonajuste'
    multibiplot : OnOKinf : OnOK : Graphics: no visible binding for global
     variable 'suma2valprop'
    multibiplot : OnOKinf : OnOK : Graphics: no visible binding for global
     variable 'sumaRvalprop'
    multibiplot : OnOKinf : OnOK : Graphics: no visible binding for '<<-'
     assignment to 'calcol'
    multibiplot : OnOKinf : OnOK : Graphics: no visible binding for global
     variable 'suma2valprop4'
    multibiplot : OnOKinf : OnOK : Graphics: no visible binding for global
     variable 'sumaRvalprop4'
    multibiplot : OnOKinf : OnOK : Graphics: no visible binding for '<<-'
     assignment to 'coindividuosnam'
    multibiplot : OnOKinf : OnOK : Graphics: no visible binding for global
     variable 'coindividuos'
    multibiplot : OnOKinf : OnOK : Graphics: no visible binding for global
     variable 'coindividuosnam'
    multibiplot : OnOKinf : OnOK : Graphics: no visible binding for global
     variable 'textindividuos'
    multibiplot : OnOKinf : OnOK : Graphics: no visible binding for global
     variable 'ejes'
    multibiplot : OnOKinf : OnOK : Graphics: no visible binding for '<<-'
     assignment to 'covariablesnam'
    multibiplot : OnOKinf : OnOK : Graphics: no visible binding for global
     variable 'covariables'
    multibiplot : OnOKinf : OnOK : Graphics: no visible binding for global
     variable 'covariablesnam'
    multibiplot : OnOKinf : OnOK : Graphics: no visible binding for global
     variable 'textvariables'
    multibiplot : OnOKinf : OnOK : Graphics: no visible binding for '<<-'
     assignment to 'coindivcuad'
    multibiplot : OnOKinf : OnOK : Graphics: no visible binding for '<<-'
     assignment to 'CRTi'
    multibiplot : OnOKinf : OnOK : Graphics: no visible binding for global
     variable 'coindivcuad'
    multibiplot : OnOKinf : OnOK : Graphics: no visible binding for global
     variable 'CRTi'
    multibiplot : OnOKinf : OnOK : Graphics: no visible binding for '<<-'
     assignment to 'covarcuad'
    multibiplot : OnOKinf : OnOK : Graphics: no visible binding for '<<-'
     assignment to 'CRTj'
    multibiplot : OnOKinf : OnOK : Graphics: no visible binding for global
     variable 'covarcuad'
    multibiplot : OnOKinf : OnOK : Graphics: no visible binding for global
     variable 'CRTj'
    multibiplot : OnOKinf : OnOK : Graphics: no visible binding for '<<-'
     assignment to 'CREiFq'
    multibiplot : OnOKinf : OnOK : Graphics: no visible binding for global
     variable 'CREiFq'
    multibiplot : OnOKinf : OnOK : Graphics: no visible binding for '<<-'
     assignment to 'CREjFq'
    multibiplot : OnOKinf : OnOK : Graphics: no visible binding for '<<-'
     assignment to 'sumavar'
    multibiplot : OnOKinf : OnOK : Graphics: no visible binding for global
     variable 'CREjFq'
    multibiplot : OnOKinf : OnOK : Graphics: no visible binding for global
     variable 'sumavar'
    multibiplot : OnOKinf : OnOK : Graphics: no visible binding for '<<-'
     assignment to 'CRFqEi'
    multibiplot : OnOKinf : OnOK : Graphics: no visible binding for '<<-'
     assignment to 'sumaindi'
    multibiplot : OnOKinf : OnOK : Graphics: no visible binding for global
     variable 'CRFqEi'
    multibiplot : OnOKinf : OnOK : Graphics: no visible binding for global
     variable 'sumaindi'
    multibiplot : OnOKinf : OnOK : Graphics: no visible binding for '<<-'
     assignment to 'CRFqEj'
    multibiplot : OnOKinf : OnOK : Graphics: no visible binding for global
     variable 'CRFqEj'
    multibiplot : OnOKinf : OnOK : Graphics: no visible binding for '<<-'
     assignment to 'calfilas'
    multibiplot : OnOKinf : OnOK : Graphics: no visible binding for '<<-'
     assignment to 'rangos'
    multibiplot : OnOKinf : OnOK : Graphics: no visible binding for global
     variable 'NameVal'
    multibiplot : OnOKinf : OnOK : Graphics: no visible binding for global
     variable 'rangos'
    multibiplot : OnOKinf : OnOK : Graphics: no visible binding for global
     variable 'dimensiones'
    multibiplot : OnOKinf : OnOK : Graphics: no visible binding for '<<-'
     assignment to 'sumacoordindgrupo'
    multibiplot : OnOKinf : OnOK : Graphics: no visible binding for '<<-'
     assignment to 'sumacoordvargrupo'
    multibiplot : OnOKinf : OnOK : Graphics: no visible binding for '<<-'
     assignment to 'CRTt'
    multibiplot : OnOKinf : OnOK : Graphics: no visible binding for '<<-'
     assignment to 'CRGtFq'
    multibiplot : OnOKinf : OnOK : Graphics: no visible binding for '<<-'
     assignment to 'CRFqGt'
    multibiplot : OnOKinf : OnOK : Graphics: no visible binding for '<<-'
     assignment to 'Xaproxestim'
    multibiplot : OnOKinf : OnOK : Graphics: no visible binding for '<<-'
     assignment to 'lambda'
    multibiplot : OnOKinf : OnOK : Graphics: no visible binding for global
     variable 'valorespropios'
    multibiplot : OnOKinf : OnOK : Graphics: no visible binding for global
     variable 'lambda'
    multibiplot : OnOKinf : OnOK : Graphics: no visible binding for global
     variable 'filas'
    multibiplot : OnOKinf : OnOK : Graphics: no visible binding for global
     variable 'columnas'
    multibiplot : OnOKinf : OnOK : Graphics: no visible binding for global
     variable 'sumacoordindgrupo'
    multibiplot : OnOKinf : OnOK : Graphics: no visible binding for global
     variable 'CRTt'
    multibiplot : OnOKinf : OnOK : Graphics: no visible binding for global
     variable 'CRGtFq'
    multibiplot : OnOKinf : OnOK : Graphics: no visible binding for global
     variable 'CRFqGt'
    multibiplot : OnOKinf : OnOK : Graphics: no visible binding for '<<-'
     assignment to 'Nlambda'
    multibiplot : OnOKinf : OnOK : Graphics: no visible binding for '<<-'
     assignment to 'invN'
    multibiplot : OnOKinf : OnOK : Graphics: no visible binding for global
     variable 'Nlambda'
    multibiplot : OnOKinf : OnOK : Graphics: no visible binding for '<<-'
     assignment to 'Xestim'
    multibiplot : OnOKinf : OnOK : Graphics: no visible binding for global
     variable 'invN'
    multibiplot : OnOKinf : OnOK : Graphics: no visible binding for global
     variable 'Xaproxestim'
    multibiplot : OnOKinf : OnOK : Graphics: no visible binding for global
     variable 'sumacoordvargrupo'
    multibiplot : OnOKinf : OnOK : Graphics: no visible binding for '<<-'
     assignment to 'Mlambda'
    multibiplot : OnOKinf : OnOK : Graphics: no visible binding for '<<-'
     assignment to 'invM'
    multibiplot : OnOKinf : OnOK : Graphics: no visible binding for global
     variable 'Mlambda'
    multibiplot : OnOKinf : OnOK : Graphics: no visible binding for global
     variable 'invM'
    multibiplot : OnOKinf : OnOK : Graphics: no visible binding for '<<-'
     assignment to 'SCT'
    multibiplot : OnOKinf : OnOK : Graphics: no visible binding for global
     variable 'X'
    multibiplot : OnOKinf : OnOK : Graphics: no visible binding for '<<-'
     assignment to 'SCEx'
    multibiplot : OnOKinf : OnOK : Graphics: no visible binding for global
     variable 'Xestim'
    multibiplot : OnOKinf : OnOK : Graphics: no visible binding for '<<-'
     assignment to 'bonajusXstd'
    multibiplot : OnOKinf : OnOK : Graphics: no visible binding for global
     variable 'SCEx'
    multibiplot : OnOKinf : OnOK : Graphics: no visible binding for global
     variable 'SCT'
    multibiplot : OnOKinf : OnOK : Graphics: no visible binding for global
     variable 'bonajuste'
    multibiplot : OnOKinf : OnOK : Graphics: no visible binding for global
     variable 'bonajusXstd'
    multibiplot : OnOKinf : OnOK : Graphics: no visible binding for global
     variable 'calfilas'
    multibiplot : OnOKinf : OnOK : Graphics: no visible binding for global
     variable 'calcol'
    multibiplot : OnOKinf : OnOK : Graphics: no visible binding for '<<-'
     assignment to 'datos'
    multibiplot : OnOKinf : OnOK : Graphics: no visible binding for '<<-'
     assignment to 'centro'
    multibiplot : OnOKinf : OnOK : Graphics: no visible binding for '<<-'
     assignment to 'cbVal'
    multibiplot : OnOKinf : OnOK : Graphics: no visible binding for '<<-'
     assignment to 'xCoords'
    multibiplot : OnOKinf : OnOK : Graphics: no visible binding for global
     variable 'datos'
    multibiplot : OnOKinf : OnOK : Graphics: no visible binding for '<<-'
     assignment to 'yCoords'
    multibiplot : OnOKinf : OnOK : Graphics: no visible binding for '<<-'
     assignment to 'zCoords'
    multibiplot : OnOKinf : OnOK : Graphics: no visible binding for '<<-'
     assignment to 'labelsVec'
    multibiplot : OnOKinf : OnOK : Graphics: no visible binding for '<<-'
     assignment to 'colores'
    multibiplot : OnOKinf : OnOK : Graphics: no visible binding for global
     variable 'colindividuos'
    multibiplot : OnOKinf : OnOK : Graphics: no visible binding for global
     variable 'colvariables'
    multibiplot : OnOKinf : OnOK : Graphics: no visible binding for '<<-'
     assignment to 'simbolos'
    multibiplot : OnOKinf : OnOK : Graphics: no visible binding for global
     variable 'simindividuos'
    multibiplot : OnOKinf : OnOK : Graphics: no visible binding for global
     variable 'simvariables'
    multibiplot : OnOKinf : OnOK : Graphics: no visible binding for global
     variable 'xCoords'
    multibiplot : OnOKinf : OnOK : Graphics : plotFunctiond: no visible
     binding for global variable 'datos'
    multibiplot : OnOKinf : OnOK : Graphics : plotFunctiond: no visible
     binding for global variable 'filas'
    multibiplot : OnOKinf : OnOK : Graphics : plotFunctiond: no visible
     binding for global variable 'columnas'
    multibiplot : OnOKinf : OnOK : Graphics : plotFunctiond: no visible
     binding for '<<-' assignment to 'cexin'
    multibiplot : OnOKinf : OnOK : Graphics : plotFunctiond: no visible
     binding for '<<-' assignment to 'cexvar'
    multibiplot : OnOKinf : OnOK : Graphics : plotFunctiond: no visible
     binding for global variable 'coindividuos'
    multibiplot : OnOKinf : OnOK : Graphics : plotFunctiond: no visible
     binding for global variable 'simindividuos'
    multibiplot : OnOKinf : OnOK : Graphics : plotFunctiond: no visible
     binding for global variable 'colindividuos'
    multibiplot : OnOKinf : OnOK : Graphics : plotFunctiond: no visible
     binding for global variable 'centro'
    multibiplot : OnOKinf : OnOK : Graphics : plotFunctiond: no visible
     binding for global variable 'covariables'
    multibiplot : OnOKinf : OnOK : Graphics : plotFunctiond: no visible
     binding for global variable 'colvariables'
    multibiplot : OnOKinf : OnOK : Graphics : plotFunctiond: no visible
     binding for '<<-' assignment to 'cex'
    multibiplot : OnOKinf : OnOK : Graphics : plotFunctiond: no visible
     binding for global variable 'cexin'
    multibiplot : OnOKinf : OnOK : Graphics : plotFunctiond: no visible
     binding for global variable 'cexvar'
    multibiplot : OnOKinf : OnOK : Graphics : plotFunctiond: no visible
     binding for '<<-' assignment to 'cbVal'
    multibiplot : OnOKinf : OnOK : Graphics : plotFunctiond: no visible
     binding for global variable 'cbVal'
    multibiplot : OnOKinf : OnOK : Graphics : plotFunctiond: no visible
     binding for global variable 'xCoords'
    multibiplot : OnOKinf : OnOK : Graphics : plotFunctiond: no visible
     binding for global variable 'yCoords'
    multibiplot : OnOKinf : OnOK : Graphics : plotFunctiond: no visible
     binding for global variable 'labelsVec'
    multibiplot : OnOKinf : OnOK : Graphics : plotFunctiond: no visible
     binding for global variable 'colores'
    multibiplot : OnOKinf : OnOK : Graphics : plotFunctiond: no visible
     binding for global variable 'cex'
    multibiplot : OnOKinf : OnOK : Graphics : labelClosestPoint: no visible
     binding for '<<-' assignment to 'indexClosest'
    multibiplot : OnOKinf : OnOK : Graphics : labelClosestPoint: no visible
     binding for global variable 'mbval'
    multibiplot : OnOKinf : OnOK : Graphics : labelClosestPoint: no visible
     binding for global variable 'indexClosest'
    multibiplot : OnOKinf : OnOK : Graphics : labelClosestPoint: no visible
     binding for '<<-' assignment to 'xCoords'
    multibiplot : OnOKinf : OnOK : Graphics : labelClosestPoint: no visible
     binding for global variable 'xCoords'
    multibiplot : OnOKinf : OnOK : Graphics : labelClosestPoint: no visible
     binding for global variable 'xPlotCoord'
    multibiplot : OnOKinf : OnOK : Graphics : labelClosestPoint: no visible
     binding for '<<-' assignment to 'yCoords'
    multibiplot : OnOKinf : OnOK : Graphics : labelClosestPoint: no visible
     binding for global variable 'yCoords'
    multibiplot : OnOKinf : OnOK : Graphics : labelClosestPoint: no visible
     binding for global variable 'yPlotCoord'
    multibiplot : OnOKinf : OnOK : Graphics : labelClosestPointd: no
     visible binding for '<<-' assignment to 'indexClosest'
    multibiplot : OnOKinf : OnOK : Graphics : labelClosestPointd: no
     visible binding for global variable 'labelsVec'
    multibiplot : OnOKinf : OnOK : Graphics : labelClosestPointd: no
     visible binding for global variable 'indexClosest'
    multibiplot : OnOKinf : OnOK : Graphics : labelClosestPointd: no
     visible binding for global variable 'colores'
    multibiplot : OnOKinf : OnOK : Graphics : labelClosestPointd :
     ChangeColori: no visible binding for global variable 'colores'
    multibiplot : OnOKinf : OnOK : Graphics : labelClosestPointd :
     ChangeColori: no visible binding for global variable 'indexClosest'
    multibiplot : OnOKinf : OnOK : Graphics : labelClosestPointd :
     ChangeColori: no visible binding for '<<-' assignment to 'colores'
    multibiplot : OnOKinf : OnOK : Graphics : labelClosestPointd :
     ChangeColori: no visible binding for '<<-' assignment to
     'colindividuos'
    multibiplot : OnOKinf : OnOK : Graphics : labelClosestPointd :
     ChangeColori: no visible binding for global variable 'colindividuos'
    multibiplot : OnOKinf : OnOK : Graphics : labelClosestPointd :
     ChangeColori: no visible binding for '<<-' assignment to
     'colvariables'
    multibiplot : OnOKinf : OnOK : Graphics : labelClosestPointd :
     ChangeColori: no visible binding for global variable 'colvariables'
    multibiplot : OnOKinf : OnOK : Graphics : labelClosestPointd : OnOKli:
     no visible binding for '<<-' assignment to 'labelsVec'
    multibiplot : OnOKinf : OnOK : Graphics : labelClosestPointd : OnOKli:
     no visible binding for global variable 'labelsVec'
    multibiplot : OnOKinf : OnOK : Graphics : labelClosestPointd : OnOKli:
     no visible binding for global variable 'indexClosest'
    multibiplot : OnOKinf : OnOK : Graphics : labelClosestPointd : OnOKli:
     no visible binding for '<<-' assignment to 'textindividuos'
    multibiplot : OnOKinf : OnOK : Graphics : labelClosestPointd : OnOKli:
     no visible binding for global variable 'textindividuos'
    multibiplot : OnOKinf : OnOK : Graphics : labelClosestPointd : OnOKli:
     no visible binding for '<<-' assignment to 'textvariables'
    multibiplot : OnOKinf : OnOK : Graphics : labelClosestPointd : OnOKli:
     no visible binding for global variable 'textvariables'
    multibiplot : OnOKinf : OnOK : Graphics : labelClosestPointd : OnOKli:
     no visible binding for global variable 'Xpon'
    multibiplot : OnOKinf : OnOK : Graphics : labelClosestPointd: no
     visible binding for global variable 'simbolos'
    multibiplot : OnOKinf : OnOK : Graphics : labelClosestPointd :
     chang.sym: no visible binding for '<<-' assignment to 'simChoice'
    multibiplot : OnOKinf : OnOK : Graphics : labelClosestPointd :
     chang.sym: no visible binding for '<<-' assignment to 'simbolos'
    multibiplot : OnOKinf : OnOK : Graphics : labelClosestPointd :
     chang.sym: no visible binding for global variable 'simbolos'
    multibiplot : OnOKinf : OnOK : Graphics : labelClosestPointd :
     chang.sym: no visible binding for global variable 'indexClosest'
    multibiplot : OnOKinf : OnOK : Graphics : labelClosestPointd :
     chang.sym: no visible binding for global variable 'simChoice'
    multibiplot : OnOKinf : OnOK : Graphics : labelClosestPointd :
     chang.sym: no visible binding for '<<-' assignment to 'simindividuos'
    multibiplot : OnOKinf : OnOK : Graphics : labelClosestPointd :
     chang.sym: no visible binding for global variable 'simindividuos'
    multibiplot : OnOKinf : OnOK : Graphics : labelClosestPointd :
     chang.sym: no visible binding for '<<-' assignment to 'simvariables'
    multibiplot : OnOKinf : OnOK : Graphics : labelClosestPointd :
     chang.sym: no visible binding for global variable 'simvariables'
    multibiplot : OnOKinf : OnOK : Graphics : g3d: no visible binding for
     global variable 'cbVal'
    multibiplot : OnOKinf : OnOK : Graphics : g3d: no visible binding for
     global variable 'xCoords'
    multibiplot : OnOKinf : OnOK : Graphics : g3d: no visible binding for
     global variable 'yCoords'
    multibiplot : OnOKinf : OnOK : Graphics : g3d: no visible binding for
     global variable 'zCoords'
    multibiplot : OnOKinf : OnOK : Graphics : g3d: no visible binding for
     global variable 'colores'
    multibiplot : OnOKinf : OnOK : Graphics : g3d: no visible binding for
     global variable 'labelsVec'
    multibiplot : OnOKinf : OnOK : Graphics : g3d: no visible binding for
     global variable 'covariables'
    multibiplot : OnOKinf : OnOK : Graphics : g3d: no visible binding for
     global variable 'colvariables'
    multibiplot : OnOKinf : OnOK : Graphics : OnLeftClick: no visible
     binding for '<<-' assignment to 'xClick'
    multibiplot : OnOKinf : OnOK : Graphics : OnLeftClick: no visible
     binding for '<<-' assignment to 'yClick'
    multibiplot : OnOKinf : OnOK : Graphics : OnLeftClick: no visible
     binding for '<<-' assignment to 'width'
    multibiplot : OnOKinf : OnOK : Graphics : OnLeftClick: no visible
     binding for '<<-' assignment to 'height'
    multibiplot : OnOKinf : OnOK : Graphics : OnLeftClick: no visible
     binding for '<<-' assignment to 'xMin'
    multibiplot : OnOKinf : OnOK : Graphics : OnLeftClick: no visible
     binding for global variable 'width'
    multibiplot : OnOKinf : OnOK : Graphics : OnLeftClick: no visible
     binding for '<<-' assignment to 'xMax'
    multibiplot : OnOKinf : OnOK : Graphics : OnLeftClick: no visible
     binding for '<<-' assignment to 'yMin'
    multibiplot : OnOKinf : OnOK : Graphics : OnLeftClick: no visible
     binding for global variable 'height'
    multibiplot : OnOKinf : OnOK : Graphics : OnLeftClick: no visible
     binding for '<<-' assignment to 'yMax'
    multibiplot : OnOKinf : OnOK : Graphics : OnLeftClick: no visible
     binding for '<<-' assignment to 'rangeX'
    multibiplot : OnOKinf : OnOK : Graphics : OnLeftClick: no visible
     binding for '<<-' assignment to 'rangeY'
    multibiplot : OnOKinf : OnOK : Graphics : OnLeftClick: no visible
     binding for '<<-' assignment to 'imgXcoords'
    multibiplot : OnOKinf : OnOK : Graphics : OnLeftClick: no visible
     binding for global variable 'xCoords'
    multibiplot : OnOKinf : OnOK : Graphics : OnLeftClick: no visible
     binding for global variable 'xMax'
    multibiplot : OnOKinf : OnOK : Graphics : OnLeftClick: no visible
     binding for global variable 'xMin'
    multibiplot : OnOKinf : OnOK : Graphics : OnLeftClick: no visible
     binding for global variable 'rangeX'
    multibiplot : OnOKinf : OnOK : Graphics : OnLeftClick: no visible
     binding for '<<-' assignment to 'imgYcoords'
    multibiplot : OnOKinf : OnOK : Graphics : OnLeftClick: no visible
     binding for global variable 'yCoords'
    multibiplot : OnOKinf : OnOK : Graphics : OnLeftClick: no visible
     binding for global variable 'yMax'
    multibiplot : OnOKinf : OnOK : Graphics : OnLeftClick: no visible
     binding for global variable 'yMin'
    multibiplot : OnOKinf : OnOK : Graphics : OnLeftClick: no visible
     binding for global variable 'rangeY'
    multibiplot : OnOKinf : OnOK : Graphics : OnLeftClick: no visible
     binding for global variable 'xClick'
    multibiplot : OnOKinf : OnOK : Graphics : OnLeftClick: no visible
     binding for global variable 'yClick'
    multibiplot : OnOKinf : OnOK : Graphics : OnLeftClick: no visible
     binding for '<<-' assignment to 'xPlotCoord'
    multibiplot : OnOKinf : OnOK : Graphics : OnLeftClick: no visible
     binding for '<<-' assignment to 'yPlotCoord'
    multibiplot : OnOKinf : OnOK : Graphics : OnLeftClick: no visible
     binding for '<<-' assignment to 'mbval'
    multibiplot : OnOKinf : OnOK : Graphics : OnLeftClick: no visible
     binding for global variable 'imgXcoords'
    multibiplot : OnOKinf : OnOK : Graphics : OnLeftClick: no visible
     binding for global variable 'imgYcoords'
    multibiplot : OnOKinf : OnOK : Graphics : OnRightClick: no visible
     binding for '<<-' assignment to 'xClick'
    multibiplot : OnOKinf : OnOK : Graphics : OnRightClick: no visible
     binding for '<<-' assignment to 'yClick'
    multibiplot : OnOKinf : OnOK : Graphics : OnRightClick: no visible
     binding for '<<-' assignment to 'width'
    multibiplot : OnOKinf : OnOK : Graphics : OnRightClick: no visible
     binding for '<<-' assignment to 'height'
    multibiplot : OnOKinf : OnOK : Graphics : OnRightClick: no visible
     binding for '<<-' assignment to 'xMin'
    multibiplot : OnOKinf : OnOK : Graphics : OnRightClick: no visible
     binding for global variable 'width'
    multibiplot : OnOKinf : OnOK : Graphics : OnRightClick: no visible
     binding for '<<-' assignment to 'xMax'
    multibiplot : OnOKinf : OnOK : Graphics : OnRightClick: no visible
     binding for '<<-' assignment to 'yMin'
    multibiplot : OnOKinf : OnOK : Graphics : OnRightClick: no visible
     binding for global variable 'height'
    multibiplot : OnOKinf : OnOK : Graphics : OnRightClick: no visible
     binding for '<<-' assignment to 'yMax'
    multibiplot : OnOKinf : OnOK : Graphics : OnRightClick: no visible
     binding for '<<-' assignment to 'rangeX'
    multibiplot : OnOKinf : OnOK : Graphics : OnRightClick: no visible
     binding for '<<-' assignment to 'rangeY'
    multibiplot : OnOKinf : OnOK : Graphics : OnRightClick: no visible
     binding for '<<-' assignment to 'imgXcoords'
    multibiplot : OnOKinf : OnOK : Graphics : OnRightClick: no visible
     binding for global variable 'xCoords'
    multibiplot : OnOKinf : OnOK : Graphics : OnRightClick: no visible
     binding for global variable 'xMax'
    multibiplot : OnOKinf : OnOK : Graphics : OnRightClick: no visible
     binding for global variable 'xMin'
    multibiplot : OnOKinf : OnOK : Graphics : OnRightClick: no visible
     binding for global variable 'rangeX'
    multibiplot : OnOKinf : OnOK : Graphics : OnRightClick: no visible
     binding for '<<-' assignment to 'imgYcoords'
    multibiplot : OnOKinf : OnOK : Graphics : OnRightClick: no visible
     binding for global variable 'yCoords'
    multibiplot : OnOKinf : OnOK : Graphics : OnRightClick: no visible
     binding for global variable 'yMax'
    multibiplot : OnOKinf : OnOK : Graphics : OnRightClick: no visible
     binding for global variable 'yMin'
    multibiplot : OnOKinf : OnOK : Graphics : OnRightClick: no visible
     binding for global variable 'rangeY'
    multibiplot : OnOKinf : OnOK : Graphics : OnRightClick: no visible
     binding for global variable 'xClick'
    multibiplot : OnOKinf : OnOK : Graphics : OnRightClick: no visible
     binding for global variable 'yClick'
    multibiplot : OnOKinf : OnOK : Graphics : OnRightClick: no visible
     binding for '<<-' assignment to 'xPlotCoord'
    multibiplot : OnOKinf : OnOK : Graphics : OnRightClick: no visible
     binding for '<<-' assignment to 'yPlotCoord'
    multibiplot : OnOKinf : OnOK : Graphics : OnRightClick: no visible
     binding for global variable 'imgXcoords'
    multibiplot : OnOKinf : OnOK : Graphics : OnRightClick: no visible
     binding for global variable 'imgYcoords'
    multibiplot : OnOKinf : <anonymous>: no visible binding for '<<-'
     assignment to 'filas'
    multibiplot : OnOKinf : <anonymous>: no visible binding for '<<-'
     assignment to 'columnas'
Flavors: r-devel-windows-ix86+x86_64, r-release-windows-ix86+x86_64, r-oldrel-windows-ix86+x86_64

Version: 0.0-1
Check: package dependencies
Result: ERROR
    Package required but not available: RODBC
    
    See the information on DESCRIPTION files in the chapter Creating R
    packages of the Writing R Extensions manual.
Flavor: r-release-osx-x86_64-mavericks

Version: 0.0-1
Check: examples
Result: WARNING
    checking a package with encoding 'latin1' in an ASCII locale
    
     OK
Flavor: r-release-osx-x86_64-snowleopard