CRAN Package Check Results for Package multibiplotGUI

Last updated on 2015-07-01 16:47:30.

Flavor Version Tinstall Tcheck Ttotal Status Flags
r-devel-linux-x86_64-debian-clang 1.0 3.09 47.38 50.48 NOTE
r-devel-linux-x86_64-debian-gcc 1.0 2.93 43.83 46.76 NOTE
r-devel-linux-x86_64-fedora-clang 1.0 91.70 NOTE
r-devel-linux-x86_64-fedora-gcc 1.0 87.16 NOTE
r-devel-osx-x86_64-clang 1.0 92.20 OK
r-devel-windows-ix86+x86_64 1.0 18.00 60.00 78.00 NOTE
r-patched-linux-x86_64 1.0 2.96 44.74 47.70 OK
r-patched-solaris-sparc 1.0 516.80 OK
r-patched-solaris-x86 1.0 148.60 OK
r-release-linux-x86_64 1.0 3.19 43.57 46.76 OK
r-release-osx-x86_64-mavericks 1.0 ERROR
r-release-windows-ix86+x86_64 1.0 11.00 66.00 77.00 OK
r-oldrel-windows-ix86+x86_64 1.0 15.00 122.00 137.00 OK

Check Details

Version: 1.0
Check: R code for possible problems
Result: NOTE
    multibiplot : transforma : <anonymous>: no visible global function
     definition for ‘var’
    multibiplot : multibiplotint : normalizar: no visible global function
     definition for ‘cov’
    multibiplot : multibiplotint: no visible global function definition for
     ‘var’
    multibiplot : cal.ic: no visible global function definition for ‘sd’
    multibiplot : cal.ic: no visible global function definition for ‘qt’
    multibiplot : cal.ic: no visible global function definition for
     ‘quantile’
    multibiplot : cal.ic: no visible global function definition for ‘qnorm’
    multibiplot : cal.ic: no visible global function definition for ‘pnorm’
    multibiplot : OnOKinf : Graphics : plotbar: no visible global function
     definition for ‘barplot’
    multibiplot : OnOKinf : Graphics : Onaxis: no visible global function
     definition for ‘write.table’
    multibiplot : OnOKinf : Graphics : Onaxis : normalLine: no visible
     global function definition for ‘abline’
    multibiplot : OnOKinf : Graphics : Onaxis : normalLine: no visible
     global function definition for ‘segments’
    multibiplot : OnOKinf : Graphics : Onaxis : plotFunctiond: no visible
     global function definition for ‘par’
    multibiplot : OnOKinf : Graphics : Onaxis : plotFunctiond: no visible
     global function definition for ‘plot’
    multibiplot : OnOKinf : Graphics : Onaxis : plotFunctiond: no visible
     global function definition for ‘points’
    multibiplot : OnOKinf : Graphics : Onaxis : plotFunctiond: no visible
     global function definition for ‘text’
    multibiplot : OnOKinf : Graphics : Onaxis : plotFunctiond: no visible
     global function definition for ‘chull’
    multibiplot : OnOKinf : Graphics : Onaxis : plotFunctiond: no visible
     global function definition for ‘lines’
    multibiplot : OnOKinf : Graphics : Onaxis : plotFunctiond: no visible
     global function definition for ‘arrows’
    multibiplot : OnOKinf : Graphics : Onaxis : plotFunctiond: no visible
     global function definition for ‘abline’
    multibiplot : OnOKinf : Graphics : Onaxis : SaveFileJPG: no visible
     global function definition for ‘jpeg’
    multibiplot : OnOKinf : Graphics : Onaxis : SaveFileJPG: no visible
     global function definition for ‘dev.off’
    multibiplot : OnOKinf : Graphics : Onaxis : SaveFilePDF: no visible
     global function definition for ‘pdf’
    multibiplot : OnOKinf : Graphics : Onaxis : SaveFilePDF: no visible
     global function definition for ‘dev.off’
    multibiplot : OnOKinf : Graphics : Onaxis : SaveFileBmp: no visible
     global function definition for ‘bmp’
    multibiplot : OnOKinf : Graphics : Onaxis : SaveFileBmp: no visible
     global function definition for ‘dev.off’
    multibiplot : OnOKinf : Graphics : Onaxis : SaveFilePng: no visible
     global function definition for ‘png’
    multibiplot : OnOKinf : Graphics : Onaxis : SaveFilePng: no visible
     global function definition for ‘dev.off’
    multibiplot : OnOKinf : Graphics : Onaxis : SaveFileeps: no visible
     global function definition for ‘postscript’
    multibiplot : OnOKinf : Graphics : Onaxis : SaveFileeps: no visible
     global function definition for ‘dev.off’
    multibiplot : OnOKinf : Graphics : Onaxis : clusterbip : OnOKclust: no
     visible global function definition for ‘hclust’
    multibiplot : OnOKinf : Graphics : Onaxis : clusterbip : OnOKclust: no
     visible global function definition for ‘dist’
    multibiplot : OnOKinf : Graphics : Onaxis : clusterbip : OnOKclust: no
     visible global function definition for ‘cutree’
    multibiplot : OnOKinf : Graphics : Onaxis : clusterbip : OnOKclust: no
     visible global function definition for ‘plot’
    multibiplot : OnOKinf : Graphics : Onaxis : clusterbip : OnOKclust: no
     visible global function definition for ‘kmeans’
    multibiplot : OnOKinf : Graphics : Onaxis : bootmulti : OnOKboot: no
     visible global function definition for ‘plot’
    multibiplot : OnOKinf : Graphics : Onaxis : bootmulti : OnOKboot: no
     visible global function definition for ‘points’
    multibiplot : OnOKinf : Graphics : Onaxis : bootmulti : OnOKboot: no
     visible global function definition for ‘abline’
    multibiplot : OnOKinf : Graphics : Onaxis : bootmulti : OnOKboot: no
     visible global function definition for ‘chull’
    multibiplot : OnOKinf : Graphics : Onaxis : bootmulti : OnOKboot: no
     visible global function definition for ‘lines’
    multibiplot : OnOKinf : Graphics : Onaxis : bootmulti : OnOKboot: no
     visible global function definition for ‘text’
    multibiplot : OnOKinf : Graphics : Onaxis : bootmulti : OnOKboot: no
     visible global function definition for ‘pdf’
    multibiplot : OnOKinf : Graphics : Onaxis : bootmulti : OnOKboot: no
     visible global function definition for ‘par’
    multibiplot : OnOKinf : Graphics : Onaxis : bootmulti : OnOKboot: no
     visible global function definition for ‘hist’
    multibiplot : OnOKinf : Graphics : Onaxis : bootmulti : OnOKboot: no
     visible global function definition for ‘qqnorm’
    multibiplot : OnOKinf : Graphics : Onaxis : bootmulti : OnOKboot: no
     visible global function definition for ‘dev.off’
    multibiplot : OnOKinf : Graphics : Onaxis : bootmulti : OnOKboot: no
     visible global function definition for ‘postscript’
    multibiplot : OnOKinf : Graphics : Onaxis : bootmulti : OnOKboot: no
     visible global function definition for ‘write.table’
Flavors: r-devel-linux-x86_64-debian-clang, r-devel-linux-x86_64-debian-gcc, r-devel-linux-x86_64-fedora-clang, r-devel-linux-x86_64-fedora-gcc, r-devel-windows-ix86+x86_64

Version: 1.0
Check: whether package can be installed
Result: ERROR
    Installation failed.
Flavor: r-release-osx-x86_64-mavericks