CRAN Package Check Results for Package multibiplotGUI

Last updated on 2015-09-01 12:48:21.

Flavor Version Tinstall Tcheck Ttotal Status Flags
r-devel-linux-x86_64-debian-clang 1.0 2.95 44.02 46.97 NOTE
r-devel-linux-x86_64-debian-gcc 1.0 2.98 43.87 46.85 NOTE
r-devel-linux-x86_64-fedora-clang 1.0 87.60 NOTE
r-devel-linux-x86_64-fedora-gcc 1.0 84.49 NOTE
r-devel-osx-x86_64-clang 1.0 83.49 OK
r-devel-windows-ix86+x86_64 1.0 15.00 58.00 73.00 NOTE
r-patched-linux-x86_64 1.0 2.98 44.84 47.82 OK
r-patched-solaris-sparc 1.0 599.20 OK
r-patched-solaris-x86 1.0 157.20 OK
r-release-linux-x86_64 1.0 3.06 45.79 48.85 OK
r-release-osx-x86_64-mavericks 1.0 ERROR
r-release-windows-ix86+x86_64 1.0 22.00 94.00 116.00 OK
r-oldrel-windows-ix86+x86_64 1.0 22.00 95.00 117.00 OK

Check Details

Version: 1.0
Check: R code for possible problems
Result: NOTE
    multibiplot : transforma : <anonymous>: no visible global function
     definition for ‘var’
    multibiplot : multibiplotint : normalizar: no visible global function
     definition for ‘cov’
    multibiplot : multibiplotint: no visible global function definition for
     ‘var’
    multibiplot : cal.ic: no visible global function definition for ‘sd’
    multibiplot : cal.ic: no visible global function definition for ‘qt’
    multibiplot : cal.ic: no visible global function definition for
     ‘quantile’
    multibiplot : cal.ic: no visible global function definition for ‘qnorm’
    multibiplot : cal.ic: no visible global function definition for ‘pnorm’
    multibiplot : OnOKinf : Graphics : plotbar: no visible global function
     definition for ‘barplot’
    multibiplot : OnOKinf : Graphics : Onaxis: no visible global function
     definition for ‘write.table’
    multibiplot : OnOKinf : Graphics : Onaxis : normalLine: no visible
     global function definition for ‘abline’
    multibiplot : OnOKinf : Graphics : Onaxis : normalLine: no visible
     global function definition for ‘segments’
    multibiplot : OnOKinf : Graphics : Onaxis : plotFunctiond: no visible
     global function definition for ‘par’
    multibiplot : OnOKinf : Graphics : Onaxis : plotFunctiond: no visible
     global function definition for ‘plot’
    multibiplot : OnOKinf : Graphics : Onaxis : plotFunctiond: no visible
     global function definition for ‘points’
    multibiplot : OnOKinf : Graphics : Onaxis : plotFunctiond: no visible
     global function definition for ‘text’
    multibiplot : OnOKinf : Graphics : Onaxis : plotFunctiond: no visible
     global function definition for ‘chull’
    multibiplot : OnOKinf : Graphics : Onaxis : plotFunctiond: no visible
     global function definition for ‘lines’
    multibiplot : OnOKinf : Graphics : Onaxis : plotFunctiond: no visible
     global function definition for ‘arrows’
    multibiplot : OnOKinf : Graphics : Onaxis : plotFunctiond: no visible
     global function definition for ‘abline’
    multibiplot : OnOKinf : Graphics : Onaxis : SaveFileJPG: no visible
     global function definition for ‘jpeg’
    multibiplot : OnOKinf : Graphics : Onaxis : SaveFileJPG: no visible
     global function definition for ‘dev.off’
    multibiplot : OnOKinf : Graphics : Onaxis : SaveFilePDF: no visible
     global function definition for ‘pdf’
    multibiplot : OnOKinf : Graphics : Onaxis : SaveFilePDF: no visible
     global function definition for ‘dev.off’
    multibiplot : OnOKinf : Graphics : Onaxis : SaveFileBmp: no visible
     global function definition for ‘bmp’
    multibiplot : OnOKinf : Graphics : Onaxis : SaveFileBmp: no visible
     global function definition for ‘dev.off’
    multibiplot : OnOKinf : Graphics : Onaxis : SaveFilePng: no visible
     global function definition for ‘png’
    multibiplot : OnOKinf : Graphics : Onaxis : SaveFilePng: no visible
     global function definition for ‘dev.off’
    multibiplot : OnOKinf : Graphics : Onaxis : SaveFileeps: no visible
     global function definition for ‘postscript’
    multibiplot : OnOKinf : Graphics : Onaxis : SaveFileeps: no visible
     global function definition for ‘dev.off’
    multibiplot : OnOKinf : Graphics : Onaxis : clusterbip : OnOKclust: no
     visible global function definition for ‘hclust’
    multibiplot : OnOKinf : Graphics : Onaxis : clusterbip : OnOKclust: no
     visible global function definition for ‘dist’
    multibiplot : OnOKinf : Graphics : Onaxis : clusterbip : OnOKclust: no
     visible global function definition for ‘cutree’
    multibiplot : OnOKinf : Graphics : Onaxis : clusterbip : OnOKclust: no
     visible global function definition for ‘plot’
    multibiplot : OnOKinf : Graphics : Onaxis : clusterbip : OnOKclust: no
     visible global function definition for ‘kmeans’
    multibiplot : OnOKinf : Graphics : Onaxis : bootmulti : OnOKboot: no
     visible global function definition for ‘plot’
    multibiplot : OnOKinf : Graphics : Onaxis : bootmulti : OnOKboot: no
     visible global function definition for ‘points’
    multibiplot : OnOKinf : Graphics : Onaxis : bootmulti : OnOKboot: no
     visible global function definition for ‘abline’
    multibiplot : OnOKinf : Graphics : Onaxis : bootmulti : OnOKboot: no
     visible global function definition for ‘chull’
    multibiplot : OnOKinf : Graphics : Onaxis : bootmulti : OnOKboot: no
     visible global function definition for ‘lines’
    multibiplot : OnOKinf : Graphics : Onaxis : bootmulti : OnOKboot: no
     visible global function definition for ‘text’
    multibiplot : OnOKinf : Graphics : Onaxis : bootmulti : OnOKboot: no
     visible global function definition for ‘pdf’
    multibiplot : OnOKinf : Graphics : Onaxis : bootmulti : OnOKboot: no
     visible global function definition for ‘par’
    multibiplot : OnOKinf : Graphics : Onaxis : bootmulti : OnOKboot: no
     visible global function definition for ‘hist’
    multibiplot : OnOKinf : Graphics : Onaxis : bootmulti : OnOKboot: no
     visible global function definition for ‘qqnorm’
    multibiplot : OnOKinf : Graphics : Onaxis : bootmulti : OnOKboot: no
     visible global function definition for ‘dev.off’
    multibiplot : OnOKinf : Graphics : Onaxis : bootmulti : OnOKboot: no
     visible global function definition for ‘postscript’
    multibiplot : OnOKinf : Graphics : Onaxis : bootmulti : OnOKboot: no
     visible global function definition for ‘write.table’
    Undefined global functions or variables:
     abline arrows barplot bmp chull cov cutree dev.off dist hclust hist
     jpeg kmeans lines par pdf plot png pnorm points postscript qnorm
     qqnorm qt quantile sd segments text var write.table
    Consider adding
     importFrom("grDevices", "bmp", "chull", "dev.off", "jpeg", "pdf",
     "png", "postscript")
     importFrom("graphics", "abline", "arrows", "barplot", "hist", "lines",
     "par", "plot", "points", "segments", "text")
     importFrom("stats", "cov", "cutree", "dist", "hclust", "kmeans",
     "pnorm", "qnorm", "qqnorm", "qt", "quantile", "sd", "var")
     importFrom("utils", "write.table")
    to your NAMESPACE.
Flavors: r-devel-linux-x86_64-debian-clang, r-devel-linux-x86_64-debian-gcc, r-devel-linux-x86_64-fedora-clang, r-devel-linux-x86_64-fedora-gcc, r-devel-windows-ix86+x86_64

Version: 1.0
Check: whether package can be installed
Result: ERROR
    Installation failed.
Flavor: r-release-osx-x86_64-mavericks