CRAN Package Check Results for Package multic

Last updated on 2016-05-03 06:48:17.

Flavor Version Tinstall Tcheck Ttotal Status Flags
r-devel-linux-x86_64-debian-gcc 0.4.3.1 17.58 20.51 38.08 OK
r-devel-linux-x86_64-fedora-clang 0.4.3.1 106.24 NOTE
r-devel-linux-x86_64-fedora-gcc 0.4.3.1 67.48 OK
r-devel-osx-x86_64-clang 0.4.3.1 100.13 OK
r-patched-linux-x86_64 0.4.3.1 17.59 20.32 37.91 OK
r-patched-solaris-sparc 0.4.3.1 440.60 OK
r-patched-solaris-x86 0.4.3.1 102.80 OK
r-release-linux-x86_64 0.4.3.1 17.59 22.29 39.88 OK
r-release-osx-x86_64-mavericks 0.4.3.1 NOTE

Check Details

Version: 0.4.3.1
Check: installed package size
Result: NOTE
     installed size is 5.8Mb
     sub-directories of 1Mb or more:
     examples 1.8Mb
     libs 3.4Mb
Flavors: r-devel-linux-x86_64-fedora-clang, r-release-osx-x86_64-mavericks