CRAN Package Check Results for Package multic

Last updated on 2017-02-20 10:48:42.

Flavor Version Tinstall Tcheck Ttotal Status Flags
r-devel-linux-x86_64-debian-clang 0.4.3.1 22.20 22.07 44.27 NOTE
r-devel-linux-x86_64-debian-gcc 0.4.3.1 20.40 22.26 42.66 NOTE
r-devel-linux-x86_64-fedora-clang 0.4.3.1 104.96 NOTE --no-stop-on-test-error
r-devel-linux-x86_64-fedora-gcc 0.4.3.1 74.41 NOTE --no-stop-on-test-error
r-devel-macos-x86_64-clang 0.4.3.1 76.41 NOTE --no-stop-on-test-error
r-patched-linux-x86_64 0.4.3.1 17.33 20.62 37.95 OK
r-patched-solaris-sparc 0.4.3.1 396.70 OK
r-patched-solaris-x86 0.4.3.1 111.70 OK
r-release-linux-x86_64 0.4.3.1 17.40 20.50 37.90 OK
r-release-osx-x86_64-mavericks 0.4.3.1 NOTE

Check Details

Version: 0.4.3.1
Check: compiled code
Result: NOTE
    File ‘multic/libs/multic.so’:
     Found no calls to: ‘R_registerRoutines’, ‘R_useDynamicSymbols’
    
    It is good practice to register native routines and to disable symbol
    search.
    
    See ‘Writing portable packages’ in the ‘Writing R Extensions’ manual.
Flavors: r-devel-linux-x86_64-debian-clang, r-devel-linux-x86_64-debian-gcc

Version: 0.4.3.1
Flags: --no-stop-on-test-error
Check: installed package size
Result: NOTE
     installed size is 5.7Mb
     sub-directories of 1Mb or more:
     examples 1.8Mb
     libs 3.2Mb
Flavor: r-devel-linux-x86_64-fedora-clang

Version: 0.4.3.1
Flags: --no-stop-on-test-error
Check: compiled code
Result: NOTE
    File ‘multic/libs/multic.so’:
     Found no calls to: ‘R_registerRoutines’, ‘R_useDynamicSymbols’
    
    It is good practice to register native routines and to disable symbol
    search.
    
    See ‘Writing portable packages’ in the ‘Writing R Extensions’ manual.
Flavors: r-devel-linux-x86_64-fedora-clang, r-devel-linux-x86_64-fedora-gcc, r-devel-macos-x86_64-clang

Version: 0.4.3.1
Check: installed package size
Result: NOTE
     installed size is 5.1Mb
     sub-directories of 1Mb or more:
     examples 1.8Mb
     libs 2.7Mb
Flavor: r-release-osx-x86_64-mavericks