CRAN Package Check Results for Package multic

Last updated on 2016-08-24 23:48:35.

Flavor Version Tinstall Tcheck Ttotal Status Flags
r-devel-linux-x86_64-debian-clang 0.4.3.1 22.12 21.31 43.43 OK
r-devel-linux-x86_64-debian-gcc 0.4.3.1 19.72 20.97 40.69 OK
r-devel-linux-x86_64-fedora-clang 0.4.3.1 106.36 NOTE
r-devel-linux-x86_64-fedora-gcc 0.4.3.1 71.02 OK
r-devel-osx-x86_64-clang 0.4.3.1 74.43 OK
r-patched-linux-x86_64 0.4.3.1 17.15 20.76 37.91 OK
r-patched-solaris-sparc 0.4.3.1 402.80 OK
r-patched-solaris-x86 0.4.3.1 98.70 OK
r-release-linux-x86_64 0.4.3.1 17.77 20.68 38.45 OK
r-release-osx-x86_64-mavericks 0.4.3.1 NOTE

Check Details

Version: 0.4.3.1
Check: installed package size
Result: NOTE
     installed size is 5.8Mb
     sub-directories of 1Mb or more:
     examples 1.8Mb
     libs 3.4Mb
Flavors: r-devel-linux-x86_64-fedora-clang, r-release-osx-x86_64-mavericks