CRAN Package Check Results for Package multic

Last updated on 2016-09-29 20:47:22.

Flavor Version Tinstall Tcheck Ttotal Status Flags
r-devel-linux-x86_64-debian-clang 0.4.3.1 23.28 21.55 44.83 OK
r-devel-linux-x86_64-debian-gcc 0.4.3.1 20.60 21.74 42.34 OK
r-devel-linux-x86_64-fedora-clang 0.4.3.1 107.84 NOTE
r-devel-linux-x86_64-fedora-gcc 0.4.3.1 68.71 OK
r-devel-macos-x86_64-clang 0.4.3.1 73.25 OK
r-patched-linux-x86_64 0.4.3.1 18.26 20.14 38.39 OK
r-patched-solaris-sparc 0.4.3.1 402.80 OK
r-patched-solaris-x86 0.4.3.1 98.10 OK
r-release-linux-x86_64 0.4.3.1 18.05 20.73 38.78 OK
r-release-osx-x86_64-mavericks 0.4.3.1 NOTE

Check Details

Version: 0.4.3.1
Check: installed package size
Result: NOTE
     installed size is 5.7Mb
     sub-directories of 1Mb or more:
     examples 1.8Mb
     libs 3.2Mb
Flavors: r-devel-linux-x86_64-fedora-clang, r-release-osx-x86_64-mavericks