CRAN Package Check Results for Package multic

Last updated on 2016-12-10 02:48:11.

Flavor Version Tinstall Tcheck Ttotal Status Flags
r-devel-linux-x86_64-debian-clang 0.4.3.1 22.19 22.44 44.63 OK
r-devel-linux-x86_64-debian-gcc 0.4.3.1 20.33 22.04 42.38 OK
r-devel-linux-x86_64-fedora-clang 0.4.3.1 107.62 NOTE --no-stop-on-test-error
r-devel-linux-x86_64-fedora-gcc 0.4.3.1 76.47 OK --no-stop-on-test-error
r-devel-macos-x86_64-clang 0.4.3.1 77.44 OK --no-stop-on-test-error
r-patched-linux-x86_64 0.4.3.1 17.16 21.26 38.42 OK
r-patched-solaris-sparc 0.4.3.1 402.80 OK
r-patched-solaris-x86 0.4.3.1 100.00 OK
r-release-linux-x86_64 0.4.3.1 17.35 20.59 37.93 OK
r-release-osx-x86_64-mavericks 0.4.3.1 NOTE

Check Details

Version: 0.4.3.1
Flags: --no-stop-on-test-error
Check: installed package size
Result: NOTE
     installed size is 5.7Mb
     sub-directories of 1Mb or more:
     examples 1.8Mb
     libs 3.2Mb
Flavor: r-devel-linux-x86_64-fedora-clang

Version: 0.4.3.1
Check: installed package size
Result: NOTE
     installed size is 5.1Mb
     sub-directories of 1Mb or more:
     examples 1.8Mb
     libs 2.7Mb
Flavor: r-release-osx-x86_64-mavericks