CRAN Package Check Results for Package multic

Last updated on 2016-07-29 23:46:58.

Flavor Version Tinstall Tcheck Ttotal Status Flags
r-devel-linux-x86_64-debian-clang 0.4.3.1 26.10 21.54 47.64 OK
r-devel-linux-x86_64-debian-gcc 0.4.3.1 24.54 21.00 45.54 NOTE
r-devel-linux-x86_64-fedora-clang 0.4.3.1 106.82 NOTE
r-devel-linux-x86_64-fedora-gcc 0.4.3.1 68.58 OK
r-devel-osx-x86_64-clang 0.4.3.1 74.35 OK
r-patched-linux-x86_64 0.4.3.1 20.58 24.15 44.73 OK
r-patched-solaris-sparc 0.4.3.1 402.80 OK
r-patched-solaris-x86 0.4.3.1 99.00 OK
r-release-linux-x86_64 0.4.3.1 19.92 24.28 44.20 OK
r-release-osx-x86_64-mavericks 0.4.3.1 NOTE

Check Details

Version: 0.4.3.1
Check: installed package size
Result: NOTE
     installed size is 5.0Mb
     sub-directories of 1Mb or more:
     examples 1.8Mb
     libs 2.6Mb
Flavors: r-devel-linux-x86_64-debian-gcc, r-devel-linux-x86_64-fedora-clang, r-release-osx-x86_64-mavericks