CRAN Package Check Results for Package multic

Last updated on 2015-09-02 05:47:15.

Flavor Version Tinstall Tcheck Ttotal Status Flags
r-devel-linux-x86_64-debian-clang 0.4.3 15.92 20.41 36.33 OK
r-devel-linux-x86_64-debian-gcc 0.4.3 18.18 18.84 37.02 OK
r-devel-linux-x86_64-fedora-clang 0.4.3 80.49 NOTE
r-devel-linux-x86_64-fedora-gcc 0.4.3 66.88 OK
r-devel-osx-x86_64-clang 0.4.3 72.70 OK
r-patched-linux-x86_64 0.4.3 18.21 20.17 38.38 OK
r-patched-solaris-sparc 0.4.3 402.40 OK
r-patched-solaris-x86 0.4.3 95.60 OK
r-release-linux-x86_64 0.4.3 18.14 21.65 39.80 OK
r-release-osx-x86_64-mavericks 0.4.3 NOTE

Check Details

Version: 0.4.3
Check: installed package size
Result: NOTE
     installed size is 5.7Mb
     sub-directories of 1Mb or more:
     examples 1.8Mb
     libs 3.2Mb
Flavors: r-devel-linux-x86_64-fedora-clang, r-release-osx-x86_64-mavericks