CRAN Package Check Results for Package multic

Last updated on 2016-06-01 00:47:26.

Flavor Version Tinstall Tcheck Ttotal Status Flags
r-devel-linux-x86_64-debian-gcc 0.4.3.1 27.17 21.89 49.06 NOTE
r-devel-linux-x86_64-fedora-clang 0.4.3.1 105.14 NOTE
r-devel-linux-x86_64-fedora-gcc 0.4.3.1 70.30 OK
r-devel-osx-x86_64-clang 0.4.3.1 98.46 OK
r-patched-linux-x86_64 0.4.3.1 18.43 22.68 41.11 OK
r-patched-solaris-sparc 0.4.3.1 401.70 OK
r-patched-solaris-x86 0.4.3.1 102.20 OK
r-release-linux-x86_64 0.4.3.1 17.56 20.25 37.81 OK
r-release-osx-x86_64-mavericks 0.4.3.1 NOTE

Check Details

Version: 0.4.3.1
Check: installed package size
Result: NOTE
     installed size is 5.0Mb
     sub-directories of 1Mb or more:
     examples 1.8Mb
     libs 2.6Mb
Flavors: r-devel-linux-x86_64-debian-gcc, r-devel-linux-x86_64-fedora-clang, r-release-osx-x86_64-mavericks