CRAN Package Check Results for Package multic

Last updated on 2016-02-10 18:49:27.

Flavor Version Tinstall Tcheck Ttotal Status Flags
r-devel-linux-x86_64-debian-gcc 0.4.3.1 17.54 19.69 37.22 OK
r-devel-linux-x86_64-fedora-clang 0.4.3.1 98.83 NOTE
r-devel-linux-x86_64-fedora-gcc 0.4.3.1 67.82 OK
r-devel-osx-x86_64-clang 0.4.3.1 87.24 OK
r-patched-linux-x86_64 0.4.3.1 18.00 20.77 38.77 OK
r-patched-solaris-sparc 0.4.3.1 372.70 OK
r-patched-solaris-x86 0.4.3.1 107.80 OK
r-release-linux-x86_64 0.4.3.1 17.43 20.57 38.00 OK
r-release-osx-x86_64-mavericks 0.4.3.1 NOTE

Check Details

Version: 0.4.3.1
Check: installed package size
Result: NOTE
     installed size is 5.9Mb
     sub-directories of 1Mb or more:
     examples 1.8Mb
     libs 3.5Mb
Flavors: r-devel-linux-x86_64-fedora-clang, r-release-osx-x86_64-mavericks