CRAN Package Check Results for Package multic

Last updated on 2014-07-31 01:47:49.

Flavor Version Tinstall Tcheck Ttotal Status Flags
r-devel-linux-x86_64-debian-clang 0.3.8.1 13.76 22.16 35.92 WARN
r-devel-linux-x86_64-debian-gcc 0.3.8.1 17.82 22.00 39.82 NOTE
r-devel-linux-x86_64-fedora-clang 0.3.8.1 96.07 WARN
r-devel-linux-x86_64-fedora-gcc 0.3.8.1 73.66 NOTE
r-devel-osx-x86_64-clang 0.3.8.1 68.07 WARN
r-patched-linux-x86_64 0.3.8.1 17.85 22.32 40.17 NOTE
r-patched-solaris-sparc 0.3.8.1 443.70 NOTE
r-patched-solaris-x86 0.3.8.1 113.60 NOTE
r-release-linux-ix86 0.3.8.1 24.46 29.91 54.37 NOTE
r-release-linux-x86_64 0.3.8.1 17.72 22.65 40.37 NOTE
r-release-osx-x86_64-mavericks 0.3.8.1 NOTE
r-release-osx-x86_64-snowleopard 0.3.8.1 NOTE

Check Details

Version: 0.3.8.1
Check: whether package can be installed
Result: WARNING
    Found the following significant warnings:
     Maxfun_source.cpp:148:28: warning: format string is not a string literal (potentially insecure) [-Wformat-security]
     Maxfun_source.cpp:149:28: warning: format string is not a string literal (potentially insecure) [-Wformat-security]
     Maxfun_source.cpp:151:28: warning: format string is not a string literal (potentially insecure) [-Wformat-security]
     Maxfun_source.cpp:159:28: warning: format string is not a string literal (potentially insecure) [-Wformat-security]
     Maxfun_source.cpp:160:28: warning: format string is not a string literal (potentially insecure) [-Wformat-security]
     Maxfun_source.cpp:162:28: warning: format string is not a string literal (potentially insecure) [-Wformat-security]
     Maxfun_source.cpp:209:47: warning: format string is not a string literal (potentially insecure) [-Wformat-security]
     Maxfun_source.cpp:216:47: warning: format string is not a string literal (potentially insecure) [-Wformat-security]
     Maxfun_source.cpp:226:26: warning: format string is not a string literal (potentially insecure) [-Wformat-security]
     Maxfun_source.cpp:227:26: warning: format string is not a string literal (potentially insecure) [-Wformat-security]
     Maxfun_source.cpp:306:26: warning: format string is not a string literal (potentially insecure) [-Wformat-security]
     Maxfun_source.cpp:308:26: warning: format string is not a string literal (potentially insecure) [-Wformat-security]
     Maxfun_source.cpp:351:28: warning: format string is not a string literal (potentially insecure) [-Wformat-security]
     Maxfun_source.cpp:353:28: warning: format string is not a string literal (potentially insecure) [-Wformat-security]
     Maxfun_source.cpp:401:47: warning: format string is not a string literal (potentially insecure) [-Wformat-security]
     Maxfun_source.cpp:438:28: warning: format string is not a string literal (potentially insecure) [-Wformat-security]
     Maxfun_source.cpp:441:28: warning: format string is not a string literal (potentially insecure) [-Wformat-security]
     Maxfun_source.cpp:506:28: warning: format string is not a string literal (potentially insecure) [-Wformat-security]
     Maxfun_source.cpp:508:28: warning: format string is not a string literal (potentially insecure) [-Wformat-security]
     Maxfun_source.cpp:623:28: warning: format string is not a string literal (potentially insecure) [-Wformat-security]
     Maxfun_source.cpp:625:28: warning: format string is not a string literal (potentially insecure) [-Wformat-security]
     Maxfun_source.cpp:729:28: warning: format string is not a string literal (potentially insecure) [-Wformat-security]
     Maxfun_source.cpp:730:47: warning: format string is not a string literal (potentially insecure) [-Wformat-security]
     Maxfun_source.cpp:838:47: warning: format string is not a string literal (potentially insecure) [-Wformat-security]
     Maxfun_source.cpp:907:47: warning: format string is not a string literal (potentially insecure) [-Wformat-security]
     Maxfun_source.cpp:927:28: warning: format string is not a string literal (potentially insecure) [-Wformat-security]
     Maxfun_source.cpp:928:47: warning: format string is not a string literal (potentially insecure) [-Wformat-security]
     Maxfun_source.cpp:946:47: warning: format string is not a string literal (potentially insecure) [-Wformat-security]
     Maxfun_source.cpp:1254:30: warning: format string is not a string literal (potentially insecure) [-Wformat-security]
     Maxfun_source.cpp:1277:30: warning: format string is not a string literal (potentially insecure) [-Wformat-security]
     Maxfun_source.cpp:1661:49: warning: format string is not a string literal (potentially insecure) [-Wformat-security]
     Maxfun_source.cpp:1675:28: warning: format string is not a string literal (potentially insecure) [-Wformat-security]
     Maxfun_source.cpp:1677:28: warning: format string is not a string literal (potentially insecure) [-Wformat-security]
     Maxfun_source.cpp:1834:49: warning: format string is not a string literal (potentially insecure) [-Wformat-security]
     Maxfun_source.cpp:1875:28: warning: format string is not a string literal (potentially insecure) [-Wformat-security]
     Maxfun_source.cpp:1877:28: warning: format string is not a string literal (potentially insecure) [-Wformat-security]
     Maxfun_source.cpp:2212:47: warning: format string is not a string literal (potentially insecure) [-Wformat-security]
     Maxfun_source.cpp:2230:49: warning: format string is not a string literal (potentially insecure) [-Wformat-security]
     Maxfun_source.cpp:2252:47: warning: format string is not a string literal (potentially insecure) [-Wformat-security]
     Maxfun_source.cpp:2259:47: warning: format string is not a string literal (potentially insecure) [-Wformat-security]
     Maxfun_source.cpp:2949:47: warning: format string is not a string literal (potentially insecure) [-Wformat-security]
     Maxfun_source.cpp:3825:28: warning: format string is not a string literal (potentially insecure) [-Wformat-security]
     Maxfun_source.cpp:3838:28: warning: format string is not a string literal (potentially insecure) [-Wformat-security]
     Maxfun_source.cpp:3841:28: warning: format string is not a string literal (potentially insecure) [-Wformat-security]
     Maxfun_source.cpp:4231:28: warning: format string is not a string literal (potentially insecure) [-Wformat-security]
     Maxfun_source.cpp:4235:42: warning: format string is not a string literal (potentially insecure) [-Wformat-security]
     Maxfun_source.cpp:4458:40: warning: format string is not a string literal (potentially insecure) [-Wformat-security]
     Maxfun_source.cpp:4459:33: warning: format string is not a string literal (potentially insecure) [-Wformat-security]
     Maxfun_source.cpp:4880:26: warning: format string is not a string literal (potentially insecure) [-Wformat-security]
     Maxfun_source.cpp:4889:26: warning: format string is not a string literal (potentially insecure) [-Wformat-security]
     Maxfun_source.cpp:5372:23: warning: format string is not a string literal (potentially insecure) [-Wformat-security]
     Maxfun_source.cpp:5376:21: warning: format string is not a string literal (potentially insecure) [-Wformat-security]
     Maxfun_source.cpp:5424:26: warning: format string is not a string literal (potentially insecure) [-Wformat-security]
     Maxfun_source.cpp:5432:26: warning: format string is not a string literal (potentially insecure) [-Wformat-security]
     Maxfun_source.cpp:5473:26: warning: format string is not a string literal (potentially insecure) [-Wformat-security]
     Maxfun_source.cpp:5481:26: warning: format string is not a string literal (potentially insecure) [-Wformat-security]
     Maxfun_source.cpp:5635:26: warning: format string is not a string literal (potentially insecure) [-Wformat-security]
     Maxfun_source.cpp:5661:42: warning: format string is not a string literal (potentially insecure) [-Wformat-security]
     Maxfun_source.cpp:5663:41: warning: format string is not a string literal (potentially insecure) [-Wformat-security]
     Maxfun_source.cpp:5664:26: warning: format string is not a string literal (potentially insecure) [-Wformat-security]
     Maxfun_source.cpp:5694:22: warning: format string is not a string literal (potentially insecure) [-Wformat-security]
Flavors: r-devel-linux-x86_64-debian-clang, r-devel-linux-x86_64-fedora-clang, r-devel-osx-x86_64-clang

Version: 0.3.8.1
Check: dependencies in R code
Result: NOTE
    Missing or unexported object: kinship2::gchol
    See the information on DESCRIPTION files in the chapter Creating R
    packages of the Writing R Extensions manual.
Flavors: r-devel-linux-x86_64-debian-clang, r-devel-linux-x86_64-debian-gcc, r-devel-linux-x86_64-fedora-clang, r-devel-linux-x86_64-fedora-gcc, r-devel-osx-x86_64-clang, r-patched-linux-x86_64, r-patched-solaris-sparc, r-patched-solaris-x86, r-release-linux-ix86, r-release-linux-x86_64, r-release-osx-x86_64-mavericks, r-release-osx-x86_64-snowleopard

Version: 0.3.8.1
Check: top-level files
Result: NOTE
    Non-standard files/directories found at top level:
     docs examples
Flavors: r-devel-linux-x86_64-fedora-clang, r-devel-linux-x86_64-fedora-gcc