CRAN Package Check Results for Package multic

Last updated on 2017-01-17 08:48:05.

Flavor Version Tinstall Tcheck Ttotal Status Flags
r-devel-linux-x86_64-debian-clang 0.4.3.1 22.44 21.98 44.42 OK
r-devel-linux-x86_64-debian-gcc 0.4.3.1 19.91 21.69 41.61 OK
r-devel-linux-x86_64-fedora-clang 0.4.3.1 106.18 NOTE --no-stop-on-test-error
r-devel-linux-x86_64-fedora-gcc 0.4.3.1 76.21 OK --no-stop-on-test-error
r-devel-macos-x86_64-clang 0.4.3.1 75.99 OK --no-stop-on-test-error
r-patched-linux-x86_64 0.4.3.1 17.15 20.72 37.87 OK
r-patched-solaris-sparc 0.4.3.1 396.70 OK
r-patched-solaris-x86 0.4.3.1 100.50 OK
r-release-linux-x86_64 0.4.3.1 17.96 20.50 38.46 OK
r-release-osx-x86_64-mavericks 0.4.3.1 NOTE

Check Details

Version: 0.4.3.1
Flags: --no-stop-on-test-error
Check: installed package size
Result: NOTE
     installed size is 5.7Mb
     sub-directories of 1Mb or more:
     examples 1.8Mb
     libs 3.2Mb
Flavor: r-devel-linux-x86_64-fedora-clang

Version: 0.4.3.1
Check: installed package size
Result: NOTE
     installed size is 5.1Mb
     sub-directories of 1Mb or more:
     examples 1.8Mb
     libs 2.7Mb
Flavor: r-release-osx-x86_64-mavericks