CRAN Package Check Results for Package multic

Last updated on 2014-04-23 12:48:22.

Flavor Version Tinstall Tcheck Ttotal Status Flags
r-devel-linux-x86_64-debian-clang 0.3.8.1 13.76 24.14 37.89 NOTE
r-devel-linux-x86_64-debian-gcc 0.3.8.1 17.36 23.66 41.02 NOTE
r-devel-linux-x86_64-fedora-clang 0.3.8.1 96.41 NOTE
r-devel-linux-x86_64-fedora-gcc 0.3.8.1 76.65 NOTE
r-devel-osx-x86_64-clang 0.3.8.1 87.96 NOTE
r-devel-osx-x86_64-gcc 0.3.8.1 NOTE
r-patched-linux-x86_64 0.3.8.1 17.54 23.95 41.49 NOTE
r-patched-solaris-sparc 0.3.8.1 460.20 NOTE
r-patched-solaris-x86 0.3.8.1 117.70 NOTE
r-release-linux-ix86 0.3.8.1 30.00 42.00 72.00 NOTE
r-release-linux-x86_64 0.3.8.1 17.48 24.35 41.84 NOTE
r-release-osx-x86_64-mavericks 0.3.8.1 WARN
r-release-osx-x86_64-snowleopard 0.3.8.1 NOTE

Check Details

Version: 0.3.8.1
Check: dependencies in R code
Result: NOTE
    Missing or unexported object: ‘kinship2::gchol’
    See the information on DESCRIPTION files in the chapter ‘Creating R
    packages’ of the ‘Writing R Extensions’ manual.
Flavors: r-devel-linux-x86_64-debian-clang, r-devel-linux-x86_64-debian-gcc, r-devel-linux-x86_64-fedora-clang, r-devel-linux-x86_64-fedora-gcc, r-devel-osx-x86_64-clang, r-devel-osx-x86_64-gcc, r-patched-linux-x86_64, r-patched-solaris-sparc, r-patched-solaris-x86, r-release-linux-ix86, r-release-linux-x86_64, r-release-osx-x86_64-mavericks, r-release-osx-x86_64-snowleopard

Version: 0.3.8.1
Check: top-level files
Result: NOTE
    Non-standard files/directories found at top level:
     ‘docs’ ‘examples’
Flavors: r-devel-linux-x86_64-fedora-clang, r-devel-linux-x86_64-fedora-gcc

Version: 0.3.8.1
Check: PDF version of manual
Result: WARNING
    LaTeX errors when creating PDF version.
    This typically indicates Rd problems.
    LaTeX errors found:
    ! LaTeX Error: File `upquote.sty' not found.
    
    Type X to quit or <RETURN> to proceed,
    or enter new name. (Default extension: sty)
    
    02b6f19/Rd2.tex:8: ==> Fatal error occurred, no output PDF file produced!
Flavor: r-release-osx-x86_64-mavericks