CRAN Package Check Results for Package multicolor

Last updated on 2022-07-04 00:52:30 CEST.

Flavor Version Tinstall Tcheck Ttotal Status Flags
r-devel-linux-x86_64-debian-clang 0.1.5 3.26 60.53 63.79 OK
r-devel-linux-x86_64-debian-gcc 0.1.5 2.07 45.46 47.53 OK
r-devel-linux-x86_64-fedora-clang 0.1.5 85.61 NOTE
r-devel-linux-x86_64-fedora-gcc 0.1.5 87.35 NOTE
r-devel-windows-x86_64 0.1.5 25.00 69.00 94.00 OK
r-patched-linux-x86_64 0.1.5 2.63 57.31 59.94 OK
r-release-linux-x86_64 0.1.5 2.79 58.65 61.44 OK
r-release-macos-arm64 0.1.5 26.00 NOTE
r-release-macos-x86_64 0.1.5 43.00 NOTE
r-release-windows-x86_64 0.1.5 24.00 74.00 98.00 OK
r-oldrel-macos-arm64 0.1.5 30.00 NOTE
r-oldrel-macos-x86_64 0.1.5 37.00 NOTE
r-oldrel-windows-ix86+x86_64 0.1.5 7.00 59.00 66.00 OK

Check Details

Version: 0.1.5
Check: dependencies in R code
Result: NOTE
    Namespace in Imports field not imported from: ‘cowsay’
     All declared Imports should be used.
Flavors: r-devel-linux-x86_64-fedora-clang, r-devel-linux-x86_64-fedora-gcc, r-release-macos-arm64, r-release-macos-x86_64, r-oldrel-macos-arm64, r-oldrel-macos-x86_64