CRAN Package Check Results for Package multicore

Last updated on 2014-04-25 05:47:20.

Flavor Version Tinstall Tcheck Ttotal Status Flags
r-devel-linux-x86_64-debian-clang 0.1-7 1.09 9.85 10.94 NOTE --no-examples --no-tests --no-vignettes
r-devel-linux-x86_64-debian-gcc 0.1-7 1.13 9.64 10.76 NOTE --no-examples --no-tests --no-vignettes
r-devel-linux-x86_64-fedora-clang 0.1-7 159.63 NOTE
r-devel-linux-x86_64-fedora-gcc 0.1-7 160.94 NOTE
r-devel-osx-x86_64-clang 0.1-7 53.33 NOTE
r-devel-osx-x86_64-gcc 0.1-7 NOTE
r-patched-linux-x86_64 0.1-7 1.11 9.66 10.77 NOTE --no-examples --no-tests --no-vignettes
r-patched-solaris-sparc 0.1-7 136.00 NOTE --no-examples
r-patched-solaris-x86 0.1-7 245.00 NOTE
r-release-linux-ix86 0.1-7 3.00 22.00 25.00 NOTE --no-examples --no-tests --no-vignettes
r-release-linux-x86_64 0.1-7 1.18 9.79 10.96 NOTE --no-examples --no-tests --no-vignettes
r-release-osx-x86_64-mavericks 0.1-7 NOTE

Check Details

Version: 0.1-7
Flags: --no-examples --no-tests --no-vignettes
Check: compiled code
Result: NOTE
    File ‘/home/hornik/tmp/R.check/r-devel-clang/Work/build/Packages/multicore/libs/multicore.so’:
     Found ‘exit’, possibly from ‘exit’ (C)
     Object: ‘fork.o’
    
    Compiled code should not call entry points which might terminate R nor
    write to stdout/stderr instead of to the console.
    
    See ‘Writing portable packages’ in the ‘Writing R Extensions’ manual.
Flavor: r-devel-linux-x86_64-debian-clang

Version: 0.1-7
Flags: --no-examples --no-tests --no-vignettes
Check: compiled code
Result: NOTE
    File ‘/home/hornik/tmp/R.check/r-devel-gcc/Work/build/Packages/multicore/libs/multicore.so’:
     Found ‘exit’, possibly from ‘exit’ (C)
     Object: ‘fork.o’
    
    Compiled code should not call entry points which might terminate R nor
    write to stdout/stderr instead of to the console.
    
    See ‘Writing portable packages’ in the ‘Writing R Extensions’ manual.
Flavor: r-devel-linux-x86_64-debian-gcc

Version: 0.1-7
Check: compiled code
Result: NOTE
    File ‘/data/gannet/ripley/R/packages/tests-clang/multicore.Rcheck/multicore/libs/multicore.so’:
     Found ‘exit’, possibly from ‘exit’ (C)
     Object: ‘fork.o’
    
    Compiled code should not call entry points which might terminate R nor
    write to stdout/stderr instead of to the console.
    
    See ‘Writing portable packages’ in the ‘Writing R Extensions’ manual.
Flavor: r-devel-linux-x86_64-fedora-clang

Version: 0.1-7
Check: compiled code
Result: NOTE
    File ‘/data/gannet/ripley/R/packages/tests-devel/multicore.Rcheck/multicore/libs/multicore.so’:
     Found ‘exit’, possibly from ‘exit’ (C)
     Object: ‘fork.o’
    
    Compiled code should not call entry points which might terminate R nor
    write to stdout/stderr instead of to the console.
    
    See ‘Writing portable packages’ in the ‘Writing R Extensions’ manual.
Flavor: r-devel-linux-x86_64-fedora-gcc

Version: 0.1-7
Check: compiled code
Result: NOTE
    File ‘/Users/ripley/R/packages/tests-devel/multicore.Rcheck/multicore/libs/multicore.so’:
     Found ‘_exit’, possibly from ‘exit’ (C)
     Object: ‘fork.o’
    File ‘/Users/ripley/R/packages/tests-devel/multicore.Rcheck/multicore/libs/multicore.so’:
     Found non-API call to R: ‘ptr_R_ProcessEvents’
    
    Compiled code should not call entry points which might terminate R nor
    write to stdout/stderr instead of to the console.
    Compiled code should not call non-API entry points in R.
    
    See ‘Writing portable packages’ in the ‘Writing R Extensions’ manual.
Flavor: r-devel-osx-x86_64-clang

Version: 0.1-7
Check: compiled code
Result: NOTE
    File ‘/Volumes/XT3/Builds/R-dev-web/QA/Simon/packages/snowleopard-x86_64/results/3.2/multicore.Rcheck/multicore/libs/multicore.so’:
     Found ‘_exit’, possibly from ‘exit’ (C)
     Object: ‘fork.o’
    File ‘/Volumes/XT3/Builds/R-dev-web/QA/Simon/packages/snowleopard-x86_64/results/3.2/multicore.Rcheck/multicore/libs/multicore.so’:
     Found non-API call to R: ‘ptr_R_ProcessEvents’
    
    Compiled code should not call entry points which might terminate R nor
    write to stdout/stderr instead of to the console.
    Compiled code should not call non-API entry points in R.
    
    See ‘Writing portable packages’ in the ‘Writing R Extensions’ manual.
Flavor: r-devel-osx-x86_64-gcc

Version: 0.1-7
Flags: --no-examples --no-tests --no-vignettes
Check: compiled code
Result: NOTE
    File ‘/home/hornik/tmp/R.check/r-patched-gcc/Work/build/Packages/multicore/libs/multicore.so’:
     Found ‘exit’, possibly from ‘exit’ (C)
     Object: ‘fork.o’
    
    Compiled code should not call entry points which might terminate R nor
    write to stdout/stderr instead of to the console.
    
    See ‘Writing portable packages’ in the ‘Writing R Extensions’ manual.
Flavor: r-patched-linux-x86_64

Version: 0.1-7
Flags: --no-examples
Check: compiled code
Result: NOTE
    File ‘/home/ripley/R/Lib32/multicore/libs/multicore.so’:
     Found ‘exit’, possibly from ‘exit’ (C)
     Object: ‘fork.o’
    
    Compiled code should not call entry points which might terminate R nor
    write to stdout/stderr instead of to the console.
    
    See ‘Writing portable packages’ in the ‘Writing R Extensions’ manual.
Flavor: r-patched-solaris-sparc

Version: 0.1-7
Check: compiled code
Result: NOTE
    File ‘/home/ripley/R/Lib32/multicore/libs/multicore.so’:
     Found ‘exit’, possibly from ‘exit’ (C)
     Object: ‘fork.o’
    
    Compiled code should not call entry points which might terminate R nor
    write to stdout/stderr instead of to the console.
    
    See ‘Writing portable packages’ in the ‘Writing R Extensions’ manual.
Flavor: r-patched-solaris-x86

Version: 0.1-7
Flags: --no-examples --no-tests --no-vignettes
Check: compiled code
Result: NOTE
    File ‘/home/hornik/tmp/R.check/r-release-gcc/Work/build/Packages/multicore/libs/multicore.so’:
     Found ‘exit’, possibly from ‘exit’ (C)
     Object: ‘fork.o’
    
    Compiled code should not call entry points which might terminate R nor
    write to stdout/stderr instead of to the console.
    
    See ‘Writing portable packages’ in the ‘Writing R Extensions’ manual.
Flavors: r-release-linux-ix86, r-release-linux-x86_64

Version: 0.1-7
Check: compiled code
Result: NOTE
    File ‘/Builds/CRAN-QA-Simon/packages/mavericks-x86_64/results/3.1/multicore.Rcheck/multicore/libs/multicore.so’:
     Found ‘_exit’, possibly from ‘exit’ (C)
     Object: ‘fork.o’
    File ‘/Builds/CRAN-QA-Simon/packages/mavericks-x86_64/results/3.1/multicore.Rcheck/multicore/libs/multicore.so’:
     Found non-API call to R: ‘ptr_R_ProcessEvents’
    
    Compiled code should not call entry points which might terminate R nor
    write to stdout/stderr instead of to the console.
    Compiled code should not call non-API entry points in R.
    
    See ‘Writing portable packages’ in the ‘Writing R Extensions’ manual.
Flavor: r-release-osx-x86_64-mavericks