Last updated on 2021-04-10 23:48:08 CEST.
Flavor | Version | Tinstall | Tcheck | Ttotal | Status | Flags |
---|---|---|---|---|---|---|
r-devel-linux-x86_64-debian-clang | 0.1.0 | 5.71 | 120.26 | 125.97 | NOTE | |
r-devel-linux-x86_64-debian-gcc | 0.1.0 | 4.30 | 93.85 | 98.15 | NOTE | |
r-devel-linux-x86_64-fedora-clang | 0.1.0 | 162.03 | NOTE | |||
r-devel-linux-x86_64-fedora-gcc | 0.1.0 | 150.85 | NOTE | |||
r-devel-windows-ix86+x86_64 | 0.1.0 | 10.00 | 108.00 | 118.00 | NOTE | |
r-devel-windows-x86_64-gcc10-UCRT | 0.1.0 | NOTE | ||||
r-patched-linux-x86_64 | 0.1.0 | 5.10 | 133.85 | 138.95 | OK | |
r-patched-solaris-x86 | 0.1.0 | 250.70 | NOTE | |||
r-release-linux-x86_64 | 0.1.0 | 4.69 | 133.76 | 138.45 | OK | |
r-release-macos-x86_64 | 0.1.0 | NOTE | ||||
r-release-windows-ix86+x86_64 | 0.1.0 | 10.00 | 146.00 | 156.00 | OK | |
r-oldrel-macos-x86_64 | 0.1.0 | NOTE | ||||
r-oldrel-windows-ix86+x86_64 | 0.1.0 | 10.00 | 155.00 | 165.00 | OK |
Version: 0.1.0
Check: LazyData
Result: NOTE
'LazyData' is specified without a 'data' directory
Flavors: r-devel-linux-x86_64-debian-clang, r-devel-linux-x86_64-debian-gcc, r-devel-linux-x86_64-fedora-clang, r-devel-linux-x86_64-fedora-gcc, r-devel-windows-ix86+x86_64, r-devel-windows-x86_64-gcc10-UCRT
Version: 0.1.0
Check: dependencies in R code
Result: NOTE
Namespace in Imports field not imported from: ‘R6’
All declared Imports should be used.
Flavors: r-devel-linux-x86_64-fedora-clang, r-devel-linux-x86_64-fedora-gcc, r-devel-windows-x86_64-gcc10-UCRT, r-patched-solaris-x86, r-release-macos-x86_64, r-oldrel-macos-x86_64