CRAN Package Check Results for Package multigroup

Last updated on 2019-05-21 02:47:16 CEST.

Flavor Version Tinstall Tcheck Ttotal Status Flags
r-devel-linux-x86_64-debian-clang 0.4.4 4.86 35.33 40.19 NOTE
r-devel-linux-x86_64-debian-gcc 0.4.4 3.93 27.81 31.74 NOTE
r-devel-linux-x86_64-fedora-clang 0.4.4 47.65 NOTE
r-devel-linux-x86_64-fedora-gcc 0.4.4 44.45 NOTE
r-devel-windows-ix86+x86_64 0.4.4 13.00 45.00 58.00 NOTE
r-patched-linux-x86_64 0.4.4 4.96 34.92 39.88 NOTE
r-patched-solaris-x86 0.4.4 61.80 NOTE
r-release-linux-x86_64 0.4.4 4.13 35.07 39.20 NOTE
r-release-windows-ix86+x86_64 0.4.4 13.00 61.00 74.00 NOTE
r-release-osx-x86_64 0.4.4 NOTE
r-oldrel-windows-ix86+x86_64 0.4.4 6.00 44.00 50.00 NOTE
r-oldrel-osx-x86_64 0.4.4 NOTE

Check Details

Version: 0.4.4
Check: R code for possible problems
Result: NOTE
    TBWvariance: no visible global function definition for 'model.matrix'
    TBWvariance: no visible global function definition for 'var'
    loadingsplot: no visible global function definition for 'plot'
    loadingsplot: no visible global function definition for 'abline'
    loadingsplot: no visible global function definition for 'arrows'
    loadingsplot: no visible global function definition for 'text'
    loadingsplotXY: no visible global function definition for 'plot'
    loadingsplotXY: no visible global function definition for 'abline'
    loadingsplotXY: no visible global function definition for 'arrows'
    loadingsplotXY: no visible global function definition for 'text'
    mbmgPCA: no visible global function definition for 'rnorm'
    mgPCA: no visible global function definition for 'rnorm'
    mgPLS: no visible global function definition for 'rnorm'
    mgPLS: no visible global function definition for 'cov'
    mgPLS: no visible global function definition for 'coefficients'
    mgPLS: no visible global function definition for 'lm'
    mgPLS: no visible binding for global variable 'var'
    plot.mg : cooll: no visible global function definition for 'hcl'
    plot.mg: no visible global function definition for 'plot'
    plot.mg: no visible global function definition for 'abline'
    plot.mg: no visible global function definition for 'text'
    plot.mg: no visible global function definition for 'dev.new'
    plot.mg: no visible global function definition for 'var'
    scoreplot : cooll: no visible global function definition for 'hcl'
    scoreplot: no visible global function definition for 'var'
    scoreplot: no visible global function definition for 'plot'
    scoreplot: no visible global function definition for 'abline'
    scoreplot: no visible global function definition for 'text'
    summarize: no visible binding for global variable 'var'
    summarize: no visible global function definition for 'aggregate'
    summarize: no visible global function definition for 'model.matrix'
    Undefined global functions or variables:
     abline aggregate arrows coefficients cov dev.new hcl lm model.matrix
     plot rnorm text var
    Consider adding
     importFrom("grDevices", "dev.new", "hcl")
     importFrom("graphics", "abline", "arrows", "plot", "text")
     importFrom("stats", "aggregate", "coefficients", "cov", "lm",
     "model.matrix", "rnorm", "var")
    to your NAMESPACE file.
Flavors: r-devel-linux-x86_64-debian-clang, r-devel-linux-x86_64-debian-gcc, r-devel-linux-x86_64-fedora-clang, r-devel-linux-x86_64-fedora-gcc, r-devel-windows-ix86+x86_64, r-patched-linux-x86_64, r-patched-solaris-x86, r-release-linux-x86_64, r-release-windows-ix86+x86_64, r-release-osx-x86_64, r-oldrel-windows-ix86+x86_64, r-oldrel-osx-x86_64