CRAN Package Check Results for Package multilevel

Last updated on 2014-07-31 17:48:24.

Flavor Version Tinstall Tcheck Ttotal Status Flags
r-devel-linux-x86_64-debian-clang 2.5 1.37 45.82 47.19 NOTE
r-devel-linux-x86_64-debian-gcc 2.5 1.28 45.78 47.06 NOTE
r-devel-linux-x86_64-fedora-clang 2.5 100.64 NOTE
r-devel-linux-x86_64-fedora-gcc 2.5 93.88 NOTE
r-devel-osx-x86_64-clang 2.5 77.24 NOTE
r-devel-windows-ix86+x86_64 2.5 4.00 70.00 74.00 NOTE
r-patched-linux-x86_64 2.5 1.24 48.58 49.82 NOTE
r-patched-solaris-sparc 2.5 548.30 NOTE
r-patched-solaris-x86 2.5 107.10 NOTE
r-release-linux-ix86 2.5 1.64 58.54 60.18 NOTE
r-release-linux-x86_64 2.5 1.36 45.62 46.98 NOTE
r-release-osx-x86_64-mavericks 2.5 NOTE
r-release-osx-x86_64-snowleopard 2.5 NOTE
r-release-windows-ix86+x86_64 2.5 7.00 96.00 103.00 NOTE
r-oldrel-windows-ix86+x86_64 2.5 8.00 102.00 110.00 NOTE

Check Details

Version: 2.5
Check: dependencies in R code
Result: NOTE
    Packages in Depends field not imported from:
     MASS nlme
     These packages need to be imported from (in the NAMESPACE file)
     for when this namespace is loaded but not attached.
    See the information on DESCRIPTION files in the chapter Creating R
    packages of the Writing R Extensions manual.
Flavors: r-devel-linux-x86_64-debian-clang, r-devel-linux-x86_64-debian-gcc, r-devel-linux-x86_64-fedora-clang, r-devel-linux-x86_64-fedora-gcc, r-devel-osx-x86_64-clang, r-devel-windows-ix86+x86_64, r-patched-linux-x86_64, r-patched-solaris-sparc, r-patched-solaris-x86, r-release-linux-ix86, r-release-linux-x86_64, r-release-osx-x86_64-mavericks, r-release-windows-ix86+x86_64, r-oldrel-windows-ix86+x86_64

Version: 2.5
Check: top-level files
Result: NOTE
    Non-standard file/directory found at top level:
     readme
Flavors: r-devel-linux-x86_64-fedora-clang, r-devel-linux-x86_64-fedora-gcc

Version: 2.5
Check: Rd line widths
Result: NOTE
    Rd file 'mult.make.univ.Rd':
     \examples lines wider than 100 characters:
     names(dvlist) <- c("JOBSAT","COMMIT") #naming the list gives the univariate output these column names
    
    Rd file 'simple.predict.Rd':
     \examples lines wider than 100 characters:
     predict(tmod.glm,data.frame(HRS=c(5,10),LEAD=c(3.0,4.5)),type="response") #Using the predict.glm function
     TDAT$LEAD.F<-factor(TDAT$LEAD.F,levels=c("Lo","Med","Hi")) #This is key in making this work with factors
    
    These lines will be truncated in the PDF manual.
Flavors: r-devel-linux-x86_64-fedora-clang, r-devel-linux-x86_64-fedora-gcc

Version: 2.5
Check: dependencies in R code
Result: NOTE
    Packages in Depends field not imported from:
     'MASS' 'nlme'
     These packages need to be imported from for the case when
     this namespace is loaded but not attached.
    See the information on DESCRIPTION files in the chapter 'Creating R
    packages' of the 'Writing R Extensions' manual.
Flavor: r-release-osx-x86_64-snowleopard