CRAN Package Check Results for Package multilevel

Last updated on 2014-04-23 17:47:49.

Flavor Version Tinstall Tcheck Ttotal Status Flags
r-devel-linux-x86_64-debian-clang 2.5 1.33 46.98 48.31 NOTE
r-devel-linux-x86_64-debian-gcc 2.5 1.32 46.83 48.14 NOTE
r-devel-linux-x86_64-fedora-clang 2.5 95.09 NOTE
r-devel-linux-x86_64-fedora-gcc 2.5 95.64 NOTE
r-devel-osx-x86_64-clang 2.5 77.55 NOTE
r-devel-osx-x86_64-gcc 2.5 NOTE
r-devel-windows-ix86+x86_64 2.5 4.00 74.00 78.00 NOTE
r-patched-linux-x86_64 2.5 1.31 46.62 47.93 NOTE
r-patched-solaris-sparc 2.5 549.20 NOTE
r-patched-solaris-x86 2.5 105.90 NOTE
r-release-linux-ix86 2.5 2.00 75.00 77.00 NOTE
r-release-linux-x86_64 2.5 1.32 47.44 48.76 NOTE
r-release-osx-x86_64-mavericks 2.5 WARN
r-release-osx-x86_64-snowleopard 2.5 NOTE
r-release-windows-ix86+x86_64 2.5 4.00 67.00 71.00 NOTE
r-oldrel-windows-ix86+x86_64 2.5 5.00 75.00 80.00 NOTE

Check Details

Version: 2.5
Check: dependencies in R code
Result: NOTE
    Packages in Depends field not imported from:
     ‘MASS’ ‘nlme’
     These packages need to be imported from (in the NAMESPACE file)
     for when this namespace is loaded but not attached.
    See the information on DESCRIPTION files in the chapter ‘Creating R
    packages’ of the ‘Writing R Extensions’ manual.
Flavors: r-devel-linux-x86_64-debian-clang, r-devel-linux-x86_64-debian-gcc, r-devel-linux-x86_64-fedora-clang, r-devel-linux-x86_64-fedora-gcc, r-devel-osx-x86_64-clang, r-devel-osx-x86_64-gcc, r-devel-windows-ix86+x86_64, r-patched-linux-x86_64, r-patched-solaris-sparc, r-patched-solaris-x86, r-release-linux-ix86, r-release-linux-x86_64, r-release-osx-x86_64-mavericks, r-release-windows-ix86+x86_64, r-oldrel-windows-ix86+x86_64

Version: 2.5
Check: top-level files
Result: NOTE
    Non-standard file/directory found at top level:
     ‘readme’
Flavors: r-devel-linux-x86_64-fedora-clang, r-devel-linux-x86_64-fedora-gcc

Version: 2.5
Check: Rd line widths
Result: NOTE
    Rd file 'mult.make.univ.Rd':
     \examples lines wider than 100 characters:
     names(dvlist) <- c("JOBSAT","COMMIT") #naming the list gives the univariate output these column names
    
    Rd file 'simple.predict.Rd':
     \examples lines wider than 100 characters:
     predict(tmod.glm,data.frame(HRS=c(5,10),LEAD=c(3.0,4.5)),type="response") #Using the predict.glm function
     TDAT$LEAD.F<-factor(TDAT$LEAD.F,levels=c("Lo","Med","Hi")) #This is key in making this work with factors
    
    These lines will be truncated in the PDF manual.
Flavors: r-devel-linux-x86_64-fedora-clang, r-devel-linux-x86_64-fedora-gcc

Version: 2.5
Check: PDF version of manual
Result: WARNING
    LaTeX errors when creating PDF version.
    This typically indicates Rd problems.
    LaTeX errors found:
    ! LaTeX Error: File `upquote.sty' not found.
    
    Type X to quit or <RETURN> to proceed,
    or enter new name. (Default extension: sty)
    
    9e8130a/Rd2.tex:8: ==> Fatal error occurred, no output PDF file produced!
Flavor: r-release-osx-x86_64-mavericks

Version: 2.5
Check: dependencies in R code
Result: NOTE
    Packages in Depends field not imported from:
     'MASS' 'nlme'
     These packages need to be imported from for the case when
     this namespace is loaded but not attached.
    See the information on DESCRIPTION files in the chapter 'Creating R
    packages' of the 'Writing R Extensions' manual.
Flavor: r-release-osx-x86_64-snowleopard