CRAN Package Check Results for Package multilevel

Last updated on 2014-12-20 03:49:36.

Flavor Version Tinstall Tcheck Ttotal Status Flags
r-devel-linux-x86_64-debian-clang 2.5 1.31 43.96 45.27 NOTE
r-devel-linux-x86_64-debian-gcc 2.5 1.23 42.54 43.78 NOTE
r-devel-linux-x86_64-fedora-clang 2.5 93.46 NOTE
r-devel-linux-x86_64-fedora-gcc 2.5 80.48 NOTE
r-devel-osx-x86_64-clang 2.5 77.42 NOTE
r-devel-windows-ix86+x86_64 2.5 6.00 66.00 72.00 NOTE
r-patched-linux-x86_64 2.5 1.29 46.19 47.48 NOTE
r-patched-solaris-sparc 2.5 548.60 NOTE
r-patched-solaris-x86 2.5 110.30 NOTE
r-release-linux-ix86 2.5 1.63 57.04 58.68 NOTE
r-release-linux-x86_64 2.5 1.32 46.00 47.32 NOTE
r-release-osx-x86_64-mavericks 2.5 NOTE
r-release-osx-x86_64-snowleopard 2.5 NOTE
r-release-windows-ix86+x86_64 2.5 5.00 71.00 76.00 NOTE
r-oldrel-windows-ix86+x86_64 2.5 6.00 75.00 81.00 NOTE

Check Details

Version: 2.5
Check: top-level files
Result: NOTE
    Non-standard file/directory found at top level:
     ‘readme’
Flavors: r-devel-linux-x86_64-debian-clang, r-devel-linux-x86_64-debian-gcc, r-devel-linux-x86_64-fedora-clang, r-devel-linux-x86_64-fedora-gcc, r-patched-linux-x86_64, r-release-linux-x86_64

Version: 2.5
Check: dependencies in R code
Result: NOTE
    Packages in Depends field not imported from:
     ‘MASS’ ‘nlme’
     These packages need to be imported from (in the NAMESPACE file)
     for when this namespace is loaded but not attached.
    See the information on DESCRIPTION files in the chapter ‘Creating R
    packages’ of the ‘Writing R Extensions’ manual.
Flavors: r-devel-linux-x86_64-debian-clang, r-devel-linux-x86_64-debian-gcc, r-devel-linux-x86_64-fedora-clang, r-devel-linux-x86_64-fedora-gcc, r-devel-osx-x86_64-clang, r-devel-windows-ix86+x86_64, r-patched-linux-x86_64, r-patched-solaris-sparc, r-patched-solaris-x86, r-release-linux-ix86, r-release-linux-x86_64, r-release-osx-x86_64-mavericks, r-release-windows-ix86+x86_64, r-oldrel-windows-ix86+x86_64

Version: 2.5
Check: R code for possible problems
Result: NOTE
    GmeanRel: no visible global function definition for ‘VarCorr’
    ad.m.sim: no visible global function definition for ‘mvrnorm’
    mult.icc: no visible global function definition for ‘lme’
    mult.icc: no visible global function definition for ‘VarCorr’
    rwg.j.sim: no visible global function definition for ‘mvrnorm’
    simbias: no visible global function definition for ‘lme’
Flavors: r-devel-linux-x86_64-debian-clang, r-devel-linux-x86_64-debian-gcc, r-devel-linux-x86_64-fedora-clang, r-devel-linux-x86_64-fedora-gcc, r-devel-osx-x86_64-clang, r-devel-windows-ix86+x86_64, r-patched-linux-x86_64, r-patched-solaris-sparc, r-patched-solaris-x86, r-release-linux-ix86, r-release-linux-x86_64, r-release-windows-ix86+x86_64

Version: 2.5
Check: Rd line widths
Result: NOTE
    Rd file 'mult.make.univ.Rd':
     \examples lines wider than 100 characters:
     names(dvlist) <- c("JOBSAT","COMMIT") #naming the list gives the univariate output these column names
    
    Rd file 'simple.predict.Rd':
     \examples lines wider than 100 characters:
     predict(tmod.glm,data.frame(HRS=c(5,10),LEAD=c(3.0,4.5)),type="response") #Using the predict.glm function
     TDAT$LEAD.F<-factor(TDAT$LEAD.F,levels=c("Lo","Med","Hi")) #This is key in making this work with factors
    
    These lines will be truncated in the PDF manual.
Flavors: r-devel-linux-x86_64-debian-clang, r-devel-linux-x86_64-debian-gcc, r-devel-linux-x86_64-fedora-clang, r-devel-linux-x86_64-fedora-gcc, r-patched-linux-x86_64, r-release-linux-x86_64

Version: 2.5
Check: dependencies in R code
Result: NOTE
    Packages in Depends field not imported from:
     'MASS' 'nlme'
     These packages need to be imported from for the case when
     this namespace is loaded but not attached.
    See the information on DESCRIPTION files in the chapter 'Creating R
    packages' of the 'Writing R Extensions' manual.
Flavor: r-release-osx-x86_64-snowleopard