CRAN Package Check Results for Package multilevelPSA

Last updated on 2015-03-28 11:49:20.

Flavor Version Tinstall Tcheck Ttotal Status Flags
r-devel-linux-x86_64-debian-clang 1.2.2 2.34 29.94 32.28 NOTE
r-devel-linux-x86_64-debian-gcc 1.2.2 2.25 28.69 30.94 NOTE
r-devel-linux-x86_64-fedora-clang 1.2.2 65.61 NOTE
r-devel-linux-x86_64-fedora-gcc 1.2.2 63.19 NOTE
r-devel-osx-x86_64-clang 1.2.2 64.18 NOTE
r-prerel-windows-ix86+x86_64 1.2.2 9.00 46.00 55.00 NOTE
r-prerel-linux-x86_64 1.2.2 2.37 29.51 31.88 NOTE
r-prerel-solaris-sparc 1.2.2 412.60 NOTE
r-prerel-solaris-x86 1.2.2 83.50 NOTE
r-release-linux-x86_64 1.2.2 3.51 42.00 45.51 NOTE
r-release-osx-x86_64-mavericks 1.2.2 OK
r-release-osx-x86_64-snowleopard 1.2.2 OK
r-release-windows-ix86+x86_64 1.2.2 13.00 78.00 91.00 NOTE
r-oldrel-windows-ix86+x86_64 1.2.2 12.00 116.00 128.00 OK

Check Details

Version: 1.2.2
Check: dependencies in R code
Result: NOTE
    'library' or 'require' call to ‘MASS’ in package code.
     Please use :: or requireNamespace() instead.
     See section 'Suggested packages' in the 'Writing R Extensions' manual.
Flavors: r-devel-linux-x86_64-debian-clang, r-devel-linux-x86_64-debian-gcc, r-devel-linux-x86_64-fedora-clang, r-devel-linux-x86_64-fedora-gcc, r-devel-osx-x86_64-clang, r-prerel-windows-ix86+x86_64, r-prerel-linux-x86_64, r-prerel-solaris-sparc, r-prerel-solaris-x86, r-release-linux-x86_64, r-release-windows-ix86+x86_64