CRAN Package Check Results for Package multilevelPSA

Last updated on 2018-02-23 22:48:05 CET.

Flavor Version Tinstall Tcheck Ttotal Status Flags
r-devel-linux-x86_64-debian-clang 1.2.4 6.84 74.18 81.02 WARN
r-devel-linux-x86_64-debian-gcc 1.2.4 6.50 60.95 67.45 WARN
r-devel-linux-x86_64-fedora-clang 1.2.4 102.12 WARN
r-devel-linux-x86_64-fedora-gcc 1.2.4 99.21 WARN
r-devel-windows-ix86+x86_64 1.2.4 18.00 109.00 127.00 WARN
r-patched-linux-x86_64 1.2.4 4.52 77.52 82.04 NOTE
r-patched-solaris-x86 1.2.4 165.30 NOTE
r-release-linux-x86_64 1.2.4 6.17 77.61 83.78 NOTE
r-release-windows-ix86+x86_64 1.2.4 17.00 116.00 133.00 NOTE
r-release-osx-x86_64 1.2.4 NOTE
r-oldrel-windows-ix86+x86_64 1.2.4 11.00 87.00 98.00 NOTE
r-oldrel-osx-x86_64 1.2.4 OK

Check Details

Version: 1.2.4
Check: whether package can be installed
Result: WARN
    Found the following significant warnings:
     Note: possible error in 'theme(axis.text.x = element_text(size = 6, ': formal argument "axis.text.x" matched by multiple actual arguments
Flavors: r-devel-linux-x86_64-debian-clang, r-devel-linux-x86_64-debian-gcc, r-devel-linux-x86_64-fedora-clang, r-devel-linux-x86_64-fedora-gcc, r-devel-windows-ix86+x86_64

Version: 1.2.4
Check: R code for possible problems
Result: NOTE
    missing.plot: possible error in theme(axis.text.x = element_text(size =
     6, angle = -90, hjust = 0.5, vjust = 0.5), axis.text.x =
     element_blank(), axis.ticks = element_blank()): formal argument
     "axis.text.x" matched by multiple actual arguments
Flavors: r-devel-linux-x86_64-debian-clang, r-devel-linux-x86_64-debian-gcc, r-devel-linux-x86_64-fedora-clang, r-devel-linux-x86_64-fedora-gcc, r-devel-windows-ix86+x86_64, r-patched-linux-x86_64, r-patched-solaris-x86, r-release-linux-x86_64, r-release-windows-ix86+x86_64, r-release-osx-x86_64, r-oldrel-windows-ix86+x86_64