CRAN Package Check Results for Package multilevelPSA

Last updated on 2017-04-23 23:51:13.

Flavor Version Tinstall Tcheck Ttotal Status Flags
r-devel-linux-x86_64-debian-clang 1.2.4 3.67 48.14 51.81 NOTE
r-devel-linux-x86_64-debian-gcc 1.2.4 3.77 47.55 51.31 NOTE
r-devel-linux-x86_64-fedora-clang 1.2.4 112.97 NOTE --no-stop-on-test-error
r-devel-linux-x86_64-fedora-gcc 1.2.4 110.38 NOTE --no-stop-on-test-error
r-devel-windows-ix86+x86_64 1.2.4 19.00 120.00 139.00 NOTE
r-patched-linux-x86_64 1.2.4 3.74 47.57 51.31 NOTE
r-patched-solaris-sparc 1.2.4 635.90 NOTE
r-patched-solaris-x86 1.2.4 163.60 NOTE
r-release-linux-x86_64 1.2.4 3.84 46.94 50.78 NOTE
r-release-windows-ix86+x86_64 1.2.4 13.00 90.00 103.00 NOTE
r-release-osx-x86_64 1.2.4 NOTE
r-oldrel-windows-ix86+x86_64 1.2.4 11.00 80.00 91.00 NOTE
r-oldrel-osx-x86_64 1.2.4 OK

Check Details

Version: 1.2.4
Check: R code for possible problems
Result: NOTE
    missing.plot: possible error in theme(axis.text.x = element_text(size =
     6, angle = -90, hjust = 0.5, vjust = 0.5), axis.text.x =
     element_blank(), axis.ticks = element_blank()): formal argument
     "axis.text.x" matched by multiple actual arguments
Flavors: r-devel-linux-x86_64-debian-clang, r-devel-linux-x86_64-debian-gcc, r-devel-windows-ix86+x86_64, r-patched-linux-x86_64, r-patched-solaris-sparc, r-patched-solaris-x86, r-release-linux-x86_64, r-release-windows-ix86+x86_64, r-release-osx-x86_64, r-oldrel-windows-ix86+x86_64

Version: 1.2.4
Flags: --no-stop-on-test-error
Check: R code for possible problems
Result: NOTE
    missing.plot: possible error in theme(axis.text.x = element_text(size =
     6, angle = -90, hjust = 0.5, vjust = 0.5), axis.text.x =
     element_blank(), axis.ticks = element_blank()): formal argument
     "axis.text.x" matched by multiple actual arguments
Flavors: r-devel-linux-x86_64-fedora-clang, r-devel-linux-x86_64-fedora-gcc