CRAN Package Check Results for Package multilevelPSA

Last updated on 2017-02-26 17:51:31.

Flavor Version Tinstall Tcheck Ttotal Status Flags
r-devel-linux-x86_64-debian-clang 1.2.4 4.00 46.35 50.35 NOTE
r-devel-linux-x86_64-debian-gcc 1.2.4 3.84 46.35 50.18 NOTE
r-devel-linux-x86_64-fedora-clang 1.2.4 115.94 NOTE --no-stop-on-test-error
r-devel-linux-x86_64-fedora-gcc 1.2.4 108.69 NOTE --no-stop-on-test-error
r-devel-macos-x86_64-clang 1.2.4 85.20 NOTE --no-stop-on-test-error
r-devel-windows-ix86+x86_64 1.2.4 17.00 95.00 112.00 NOTE
r-patched-linux-x86_64 1.2.4 3.64 43.47 47.11 NOTE
r-patched-solaris-sparc 1.2.4 576.40 NOTE
r-patched-solaris-x86 1.2.4 126.00 NOTE
r-release-linux-x86_64 1.2.4 3.84 43.74 47.58 NOTE
r-release-osx-x86_64-mavericks 1.2.4 OK
r-release-windows-ix86+x86_64 1.2.4 16.00 75.00 91.00 NOTE
r-oldrel-windows-ix86+x86_64 1.2.4 21.00 115.00 136.00 NOTE

Check Details

Version: 1.2.4
Check: R code for possible problems
Result: NOTE
    missing.plot: possible error in theme(axis.text.x = element_text(size =
     6, angle = -90, hjust = 0.5, vjust = 0.5), axis.text.x =
     element_blank(), axis.ticks = element_blank()): formal argument
     "axis.text.x" matched by multiple actual arguments
Flavors: r-devel-linux-x86_64-debian-clang, r-devel-linux-x86_64-debian-gcc, r-devel-windows-ix86+x86_64, r-patched-linux-x86_64, r-patched-solaris-sparc, r-patched-solaris-x86, r-release-linux-x86_64, r-release-windows-ix86+x86_64, r-oldrel-windows-ix86+x86_64

Version: 1.2.4
Flags: --no-stop-on-test-error
Check: R code for possible problems
Result: NOTE
    missing.plot: possible error in theme(axis.text.x = element_text(size =
     6, angle = -90, hjust = 0.5, vjust = 0.5), axis.text.x =
     element_blank(), axis.ticks = element_blank()): formal argument
     "axis.text.x" matched by multiple actual arguments
Flavors: r-devel-linux-x86_64-fedora-clang, r-devel-linux-x86_64-fedora-gcc, r-devel-macos-x86_64-clang