CRAN Package Check Results for Package multilevelPSA

Last updated on 2017-05-25 15:48:35.

Flavor Version Tinstall Tcheck Ttotal Status Flags
r-devel-linux-x86_64-debian-clang 1.2.4 3.68 48.30 51.97 NOTE
r-devel-linux-x86_64-debian-gcc 1.2.4 3.77 47.81 51.58 NOTE
r-devel-linux-x86_64-fedora-clang 1.2.4 112.84 NOTE --no-stop-on-test-error
r-devel-linux-x86_64-fedora-gcc 1.2.4 109.03 NOTE --no-stop-on-test-error
r-devel-windows-ix86+x86_64 1.2.4 12.00 83.00 95.00 NOTE
r-patched-linux-x86_64 1.2.4 3.77 47.62 51.38 NOTE
r-patched-solaris-sparc 1.2.4 635.90 NOTE
r-patched-solaris-x86 1.2.4 160.50 NOTE
r-release-linux-x86_64 1.2.4 3.76 47.65 51.41 NOTE
r-release-windows-ix86+x86_64 1.2.4 12.00 80.00 92.00 NOTE
r-release-osx-x86_64 1.2.4 NOTE
r-oldrel-windows-ix86+x86_64 1.2.4 20.00 107.00 127.00 NOTE
r-oldrel-osx-x86_64 1.2.4 OK

Check Details

Version: 1.2.4
Check: R code for possible problems
Result: NOTE
    missing.plot: possible error in theme(axis.text.x = element_text(size =
     6, angle = -90, hjust = 0.5, vjust = 0.5), axis.text.x =
     element_blank(), axis.ticks = element_blank()): formal argument
     "axis.text.x" matched by multiple actual arguments
Flavors: r-devel-linux-x86_64-debian-clang, r-devel-linux-x86_64-debian-gcc, r-devel-windows-ix86+x86_64, r-patched-linux-x86_64, r-patched-solaris-sparc, r-patched-solaris-x86, r-release-linux-x86_64, r-release-windows-ix86+x86_64, r-release-osx-x86_64, r-oldrel-windows-ix86+x86_64

Version: 1.2.4
Flags: --no-stop-on-test-error
Check: R code for possible problems
Result: NOTE
    missing.plot: possible error in theme(axis.text.x = element_text(size =
     6, angle = -90, hjust = 0.5, vjust = 0.5), axis.text.x =
     element_blank(), axis.ticks = element_blank()): formal argument
     "axis.text.x" matched by multiple actual arguments
Flavors: r-devel-linux-x86_64-fedora-clang, r-devel-linux-x86_64-fedora-gcc