CRAN Package Check Results for Package multilevelPSA

Last updated on 2017-01-21 05:50:34.

Flavor Version Tinstall Tcheck Ttotal Status Flags
r-devel-linux-x86_64-debian-clang 1.2.4 3.65 45.87 49.52 NOTE
r-devel-linux-x86_64-debian-gcc 1.2.4 3.96 45.35 49.30 NOTE
r-devel-linux-x86_64-fedora-clang 1.2.4 107.38 NOTE --no-stop-on-test-error
r-devel-linux-x86_64-fedora-gcc 1.2.4 109.02 NOTE --no-stop-on-test-error
r-devel-macos-x86_64-clang 1.2.4 83.10 NOTE --no-stop-on-test-error
r-devel-windows-ix86+x86_64 1.2.4 15.00 116.00 131.00 NOTE
r-patched-linux-x86_64 1.2.4 3.90 43.59 47.49 NOTE
r-patched-solaris-sparc 1.2.4 576.40 NOTE
r-patched-solaris-x86 1.2.4 140.60 NOTE
r-release-linux-x86_64 1.2.4 3.60 43.91 47.50 NOTE
r-release-osx-x86_64-mavericks 1.2.4 OK
r-release-windows-ix86+x86_64 1.2.4 14.00 181.00 195.00 NOTE
r-oldrel-windows-ix86+x86_64 1.2.4 17.00 115.00 132.00 NOTE

Check Details

Version: 1.2.4
Check: R code for possible problems
Result: NOTE
    missing.plot: possible error in theme(axis.text.x = element_text(size =
     6, angle = -90, hjust = 0.5, vjust = 0.5), axis.text.x =
     element_blank(), axis.ticks = element_blank()): formal argument
     "axis.text.x" matched by multiple actual arguments
Flavors: r-devel-linux-x86_64-debian-clang, r-devel-linux-x86_64-debian-gcc, r-devel-windows-ix86+x86_64, r-patched-linux-x86_64, r-patched-solaris-sparc, r-patched-solaris-x86, r-release-linux-x86_64, r-release-windows-ix86+x86_64, r-oldrel-windows-ix86+x86_64

Version: 1.2.4
Flags: --no-stop-on-test-error
Check: R code for possible problems
Result: NOTE
    missing.plot: possible error in theme(axis.text.x = element_text(size =
     6, angle = -90, hjust = 0.5, vjust = 0.5), axis.text.x =
     element_blank(), axis.ticks = element_blank()): formal argument
     "axis.text.x" matched by multiple actual arguments
Flavors: r-devel-linux-x86_64-fedora-clang, r-devel-linux-x86_64-fedora-gcc, r-devel-macos-x86_64-clang