CRAN Package Check Results for Package multilevelPSA

Last updated on 2015-07-31 14:48:52.

Flavor Version Tinstall Tcheck Ttotal Status Flags
r-devel-linux-x86_64-debian-clang 1.2.2 2.35 32.22 34.58 NOTE
r-devel-linux-x86_64-debian-gcc 1.2.2 2.22 33.40 35.62 NOTE
r-devel-linux-x86_64-fedora-clang 1.2.2 65.53 NOTE
r-devel-linux-x86_64-fedora-gcc 1.2.2 62.00 NOTE
r-devel-osx-x86_64-clang 1.2.2 56.16 NOTE
r-devel-windows-ix86+x86_64 1.2.2 8.00 51.00 59.00 NOTE
r-patched-linux-x86_64 1.2.2 2.20 32.74 34.94 NOTE
r-patched-solaris-sparc 1.2.2 405.40 NOTE
r-patched-solaris-x86 1.2.2 91.80 NOTE
r-release-linux-x86_64 1.2.2 2.34 30.96 33.30 NOTE
r-release-osx-x86_64-mavericks 1.2.2 NOTE
r-release-windows-ix86+x86_64 1.2.2 12.00 46.00 58.00 NOTE
r-oldrel-windows-ix86+x86_64 1.2.2 16.00 83.00 99.00 NOTE

Check Details

Version: 1.2.2
Check: dependencies in R code
Result: NOTE
    'library' or 'require' call to ‘MASS’ in package code.
     Please use :: or requireNamespace() instead.
     See section 'Suggested packages' in the 'Writing R Extensions' manual.
Flavors: r-devel-linux-x86_64-debian-clang, r-devel-linux-x86_64-debian-gcc, r-devel-linux-x86_64-fedora-clang, r-devel-linux-x86_64-fedora-gcc, r-devel-osx-x86_64-clang, r-devel-windows-ix86+x86_64, r-patched-linux-x86_64, r-patched-solaris-sparc, r-patched-solaris-x86, r-release-linux-x86_64, r-release-osx-x86_64-mavericks, r-release-windows-ix86+x86_64, r-oldrel-windows-ix86+x86_64

Version: 1.2.2
Check: R code for possible problems
Result: NOTE
    .ls.objects : <anonymous>: no visible global function definition for
     ‘capture.output’
    .ls.objects : <anonymous>: no visible global function definition for
     ‘object.size’
    .ls.objects: no visible binding for global variable ‘object.size’
    covariate.balance: no visible global function definition for
     ‘model.matrix’
    covariate.balance: no visible binding for global variable ‘sd’
    covariate.balance: no visible global function definition for ‘na.omit’
    covariate.balance: no visible global function definition for ‘sd’
    covariateBalance: no visible global function definition for ‘var’
    covariateBalance: no visible global function definition for ‘sd’
    covariateBalance: no visible binding for global variable ‘sd’
    getPropensityScores: no visible global function definition for ‘fitted’
    getPropensityScores: no visible global function definition for
     ‘quantile’
    loess.plot: no visible global function definition for ‘quantile’
    loess.plot: no visible global function definition for ‘median’
    loess.plot: no visible global function definition for ‘density’
    mlpsa: no visible binding for global variable ‘var’
    mlpsa: no visible global function definition for ‘qt’
    mlpsa.logistic : lrPlyr: no visible global function definition for
     ‘glm’
    mlpsa.logistic : lrPlyr: no visible binding for global variable
     ‘binomial’
    psrange: no visible global function definition for ‘txtProgressBar’
    psrange: no visible global function definition for ‘glm’
    psrange: no visible global function definition for ‘fitted’
    psrange: no visible global function definition for ‘setTxtProgressBar’
    Undefined global functions or variables:
     binomial capture.output density fitted glm median model.matrix
     na.omit object.size qt quantile sd setTxtProgressBar txtProgressBar
     var
    Consider adding
     importFrom("stats", "binomial", "density", "fitted", "glm", "median",
     "model.matrix", "na.omit", "qt", "quantile", "sd", "var")
     importFrom("utils", "capture.output", "object.size",
     "setTxtProgressBar", "txtProgressBar")
    to your NAMESPACE.
Flavors: r-devel-linux-x86_64-debian-clang, r-devel-linux-x86_64-debian-gcc, r-devel-linux-x86_64-fedora-clang, r-devel-linux-x86_64-fedora-gcc, r-devel-windows-ix86+x86_64