CRAN Package Check Results for Package multilevelPSA

Last updated on 2017-09-20 19:47:13.

Flavor Version Tinstall Tcheck Ttotal Status Flags
r-devel-linux-x86_64-debian-clang 1.2.4 4.16 47.46 51.62 NOTE
r-devel-linux-x86_64-debian-gcc 1.2.4 4.36 47.69 52.04 NOTE
r-devel-linux-x86_64-fedora-clang 1.2.4 114.41 NOTE
r-devel-linux-x86_64-fedora-gcc 1.2.4 113.71 NOTE
r-devel-windows-ix86+x86_64 1.2.4 13.00 112.00 125.00 NOTE
r-patched-linux-x86_64 1.2.4 4.00 47.91 51.92 NOTE
r-patched-solaris-x86 1.2.4 167.10 NOTE
r-release-linux-x86_64 1.2.4 4.05 48.33 52.38 NOTE
r-release-windows-ix86+x86_64 1.2.4 12.00 89.00 101.00 NOTE
r-release-osx-x86_64 1.2.4 NOTE
r-oldrel-windows-ix86+x86_64 1.2.4 11.00 75.00 86.00 NOTE
r-oldrel-osx-x86_64 1.2.4 OK

Check Details

Version: 1.2.4
Check: R code for possible problems
Result: NOTE
    missing.plot: possible error in theme(axis.text.x = element_text(size =
     6, angle = -90, hjust = 0.5, vjust = 0.5), axis.text.x =
     element_blank(), axis.ticks = element_blank()): formal argument
     "axis.text.x" matched by multiple actual arguments
Flavors: r-devel-linux-x86_64-debian-clang, r-devel-linux-x86_64-debian-gcc, r-devel-linux-x86_64-fedora-clang, r-devel-linux-x86_64-fedora-gcc, r-devel-windows-ix86+x86_64, r-patched-linux-x86_64, r-patched-solaris-x86, r-release-linux-x86_64, r-release-windows-ix86+x86_64, r-release-osx-x86_64, r-oldrel-windows-ix86+x86_64