CRAN Package Check Results for Package multilevelPSA

Last updated on 2014-11-24 18:49:19.

Flavor Version Tinstall Tcheck Ttotal Status Flags
r-devel-linux-x86_64-debian-clang 1.2 2.16 28.10 30.27 NOTE
r-devel-linux-x86_64-debian-gcc 1.2 1.90 27.20 29.10 NOTE
r-devel-linux-x86_64-fedora-clang 1.2 63.45 NOTE
r-devel-linux-x86_64-fedora-gcc 1.2 58.97 NOTE
r-devel-osx-x86_64-clang 1.2 56.99 NOTE
r-devel-windows-ix86+x86_64 1.2 8.00 45.00 53.00 NOTE
r-patched-linux-x86_64 1.2 1.95 27.39 29.34 NOTE
r-patched-solaris-sparc 1.2 360.00 NOTE
r-patched-solaris-x86 1.2 80.00 NOTE
r-release-linux-ix86 1.2 2.60 34.64 37.24 NOTE
r-release-linux-x86_64 1.2 1.95 27.64 29.58 NOTE
r-release-osx-x86_64-mavericks 1.2 NOTE
r-release-osx-x86_64-snowleopard 1.2 NOTE
r-release-windows-ix86+x86_64 1.2 9.00 46.00 55.00 NOTE
r-oldrel-windows-ix86+x86_64 1.2 8.00 51.00 59.00 NOTE

Check Details

Version: 1.2
Check: package dependencies
Result: NOTE
    Depends: includes the non-default packages:
     ‘ggplot2’ ‘plyr’ ‘psych’ ‘reshape’ ‘proto’ ‘grid’ ‘xtable’
    Adding so many packages to the search path is excessive and importing
    selectively is preferable.
Flavors: r-devel-linux-x86_64-debian-clang, r-devel-linux-x86_64-debian-gcc, r-devel-linux-x86_64-fedora-clang, r-devel-linux-x86_64-fedora-gcc, r-devel-osx-x86_64-clang, r-devel-windows-ix86+x86_64, r-patched-linux-x86_64, r-patched-solaris-sparc, r-patched-solaris-x86, r-release-linux-ix86, r-release-linux-x86_64, r-release-osx-x86_64-mavericks, r-release-osx-x86_64-snowleopard, r-release-windows-ix86+x86_64

Version: 1.2
Check: DESCRIPTION meta-information
Result: NOTE
    Package listed in more than one of Depends, Imports, Suggests, Enhances:
     ‘xtable’
    A package should be listed in only one of these fields.
Flavors: r-devel-linux-x86_64-debian-clang, r-devel-linux-x86_64-debian-gcc, r-devel-linux-x86_64-fedora-clang, r-devel-linux-x86_64-fedora-gcc, r-devel-osx-x86_64-clang, r-devel-windows-ix86+x86_64, r-patched-linux-x86_64, r-patched-solaris-sparc, r-patched-solaris-x86, r-release-linux-ix86, r-release-linux-x86_64, r-release-osx-x86_64-mavericks, r-release-osx-x86_64-snowleopard, r-release-windows-ix86+x86_64, r-oldrel-windows-ix86+x86_64

Version: 1.2
Check: dependencies in R code
Result: NOTE
    Packages in Depends field not imported from:
     ‘ggplot2’ ‘grid’ ‘plyr’ ‘psych’ ‘reshape’
     These packages need to be imported from (in the NAMESPACE file)
     for when this namespace is loaded but not attached.
    Unexported object imported by a ':::' call: ‘ggplot2:::.zeroGrob’
     See the note in ?`:::` about the use of this operator.
    There are ::: calls to the package's namespace in its code. A package
     almost never needs to use ::: for its own objects:
     ‘align.plots’
    See the information on DESCRIPTION files in the chapter ‘Creating R
    packages’ of the ‘Writing R Extensions’ manual.
Flavors: r-devel-linux-x86_64-debian-clang, r-devel-linux-x86_64-debian-gcc, r-devel-linux-x86_64-fedora-clang, r-devel-linux-x86_64-fedora-gcc, r-devel-osx-x86_64-clang, r-devel-windows-ix86+x86_64, r-patched-linux-x86_64, r-patched-solaris-sparc, r-patched-solaris-x86, r-release-linux-ix86, r-release-linux-x86_64, r-release-windows-ix86+x86_64

Version: 1.2
Check: R code for possible problems
Result: NOTE
    align.plots : ggplotGrob: no visible global function definition for
     ‘ggplot_gtable’
    align.plots : ggplotGrob: no visible global function definition for
     ‘ggplot_build’
    align.plots : gtable_gTree: no visible global function definition for
     ‘gTree’
    align.plots : gtable_gList: no visible global function definition for
     ‘llply’
    align.plots : gtable_gList : <anonymous>: no visible global function
     definition for ‘editGrob’
    align.plots : gtable_gList : <anonymous>: no visible global function
     definition for ‘vpPath’
    align.plots : gtable_viewport: no visible global function definition
     for ‘viewport’
    align.plots : gtable_viewport : vp: no visible global function
     definition for ‘viewport’
    align.plots : gtable_viewport: no visible global function definition
     for ‘llply’
    align.plots : gtable_viewport: no visible global function definition
     for ‘vpTree’
    align.plots : gtable_layout: no visible global function definition for
     ‘grid.layout’
    align.plots : <anonymous>: no visible global function definition for
     ‘getGrob’
    align.plots : <anonymous>: no visible global function definition for
     ‘editGrob’
    align.plots: no visible binding for global variable ‘grobWidth’
    align.plots : <anonymous>: no visible global function definition for
     ‘unit’
    align.plots: no visible binding for global variable ‘grobHeight’
    align.plots: no visible global function definition for ‘unit’
    align.plots: no visible binding for global variable ‘unit.c’
    align.plots: no visible global function definition for ‘pushViewport’
    align.plots: no visible global function definition for ‘viewport’
    align.plots: no visible global function definition for ‘grid.draw’
    align.plots: no visible global function definition for ‘upViewport’
    difftable.plot: no visible global function definition for ‘ggplot’
    difftable.plot: no visible global function definition for ‘aes’
    difftable.plot: no visible global function definition for ‘geom_point’
    difftable.plot: no visible global function definition for ‘geom_text’
    difftable.plot: no visible global function definition for ‘xlab’
    difftable.plot: no visible global function definition for ‘ylab’
    difftable.plot: no visible global function definition for ‘opts’
    difftable.plot: no visible global function definition for ‘theme_text’
    difftable.plot: no visible global function definition for
     ‘scale_colour_manual’
    difftable.plot: no visible global function definition for
     ‘scale_fill_manual’
    difftable.plot: no visible global function definition for
     ‘scale_colour_hue’
    difftable.plot: no visible global function definition for
     ‘scale_fill_hue’
    difftable.plot: no visible global function definition for
     ‘scale_colour_brewer’
    difftable.plot: no visible global function definition for
     ‘scale_fill_brewer’
    getStrata: no visible global function definition for ‘where’
    loess.plot: no visible global function definition for ‘ggplot’
    loess.plot: no visible global function definition for ‘aes’
    loess.plot: no visible global function definition for ‘geom_point’
    loess.plot: no visible global function definition for ‘geom_smooth’
    loess.plot: no visible global function definition for ‘ylab’
    loess.plot: no visible global function definition for ‘xlab’
    loess.plot: no visible global function definition for ‘theme’
    loess.plot: no visible global function definition for
     ‘scale_colour_hue’
    loess.plot: no visible global function definition for ‘xlim’
    loess.plot: no visible global function definition for ‘ylim’
    loess.plot: no visible global function definition for ‘geom_density’
    loess.plot: no visible global function definition for ‘coord_flip’
    loess.plot: no visible global function definition for ‘geom_rect’
    loess.plot: no visible global function definition for ‘element_blank’
    loess.plot: no visible global function definition for ‘grid.layout’
    loess.plot: no visible global function definition for ‘grid.newpage’
    loess.plot: no visible global function definition for ‘pushViewport’
    loess.plot: no visible global function definition for ‘viewport’
    missing.plot: no visible global function definition for ‘unit’
    missing.plot: no visible global function definition for ‘ggplot’
    missing.plot: no visible global function definition for ‘aes’
    missing.plot: no visible global function definition for ‘geom_bar’
    missing.plot: no visible global function definition for ‘coord_flip’
    missing.plot: no visible global function definition for ‘xlab’
    missing.plot: no visible global function definition for ‘ylab’
    missing.plot: no visible global function definition for
     ‘scale_fill_gradient’
    missing.plot: no visible global function definition for ‘geom_text’
    missing.plot: no visible global function definition for ‘ylim’
    missing.plot: no visible global function definition for ‘theme’
    missing.plot: no visible global function definition for ‘element_text’
    missing.plot: no visible global function definition for ‘element_blank’
    missing.plot: no visible global function definition for ‘melt’
    missing.plot: no visible global function definition for ‘geom_tile’
    missing.plot: no visible global function definition for ‘grid.layout’
    missing.plot: no visible global function definition for ‘grid.newpage’
    missing.plot: no visible global function definition for ‘pushViewport’
    missing.plot: no visible global function definition for ‘viewport’
    mlpsa: no visible global function definition for ‘describeBy’
    mlpsa: no visible global function definition for ‘cast’
    mlpsa.circ.plot: no visible global function definition for ‘ggplot’
    mlpsa.circ.plot: no visible global function definition for ‘aes_string’
    mlpsa.circ.plot: no visible global function definition for
     ‘coord_fixed’
    mlpsa.circ.plot: no visible global function definition for
     ‘scale_x_continuous’
    mlpsa.circ.plot: no visible global function definition for
     ‘scale_y_continuous’
    mlpsa.circ.plot: no visible global function definition for ‘theme’
    mlpsa.circ.plot: no visible global function definition for ‘unit’
    mlpsa.circ.plot: no visible global function definition for
     ‘geom_segment’
    mlpsa.circ.plot: no visible global function definition for ‘aes’
    mlpsa.circ.plot: no visible global function definition for
     ‘geom_abline’
    mlpsa.circ.plot: no visible global function definition for ‘geom_vline’
    mlpsa.circ.plot: no visible global function definition for ‘geom_hline’
    mlpsa.circ.plot: no visible global function definition for ‘geom_point’
    mlpsa.circ.plot: no visible global function definition for ‘geom_text’
    mlpsa.circ.plot: no visible global function definition for
     ‘scale_size_continuous’
    mlpsa.circ.plot: no visible global function definition for
     ‘scale_colour_manual’
    mlpsa.circ.plot: no visible global function definition for
     ‘scale_fill_manual’
    mlpsa.circ.plot: no visible global function definition for
     ‘scale_colour_hue’
    mlpsa.circ.plot: no visible global function definition for
     ‘scale_fill_hue’
    mlpsa.circ.plot: no visible global function definition for
     ‘scale_colour_brewer’
    mlpsa.circ.plot: no visible global function definition for
     ‘scale_fill_brewer’
    mlpsa.ctree : partyPlyr: no visible global function definition for
     ‘ctree’
    mlpsa.ctree: no visible global function definition for ‘dlply’
    mlpsa.difference.plot: no visible global function definition for
     ‘ggplot’
    mlpsa.difference.plot: no visible global function definition for ‘aes’
    mlpsa.difference.plot: no visible global function definition for
     ‘coord_flip’
    mlpsa.difference.plot: no visible global function definition for
     ‘geom_hline’
    mlpsa.difference.plot: no visible global function definition for
     ‘theme’
    mlpsa.difference.plot: no visible global function definition for ‘unit’
    mlpsa.difference.plot: no visible global function definition for
     ‘element_text’
    mlpsa.difference.plot: no visible global function definition for
     ‘geom_errorbar’
    mlpsa.difference.plot: no visible global function definition for
     ‘geom_point’
    mlpsa.difference.plot: no visible global function definition for
     ‘geom_rug’
    mlpsa.difference.plot: no visible global function definition for
     ‘scale_size_continuous’
    mlpsa.difference.plot: no visible global function definition for ‘opts’
    mlpsa.difference.plot: no visible global function definition for
     ‘geom_text’
    mlpsa.distribution.plot: no visible global function definition for
     ‘ggplot’
    mlpsa.distribution.plot: no visible global function definition for
     ‘aes_string’
    mlpsa.distribution.plot: no visible global function definition for
     ‘scale_x_continuous’
    mlpsa.distribution.plot: no visible global function definition for
     ‘theme’
    mlpsa.distribution.plot: no visible global function definition for
     ‘element_text’
    mlpsa.distribution.plot: no visible global function definition for
     ‘ylab’
    mlpsa.distribution.plot: no visible global function definition for
     ‘xlab’
    mlpsa.distribution.plot: no visible global function definition for
     ‘geom_rug’
    mlpsa.distribution.plot: no visible global function definition for
     ‘geom_vline’
    mlpsa.distribution.plot: no visible global function definition for
     ‘scale_y_continuous’
    mlpsa.distribution.plot: no visible global function definition for
     ‘geom_hline’
    mlpsa.distribution.plot: no visible global function definition for
     ‘geom_point’
    mlpsa.distribution.plot: no visible global function definition for
     ‘scale_colour_manual’
    mlpsa.distribution.plot: no visible global function definition for
     ‘scale_fill_manual’
    mlpsa.distribution.plot: no visible global function definition for
     ‘scale_colour_hue’
    mlpsa.distribution.plot: no visible global function definition for
     ‘scale_fill_hue’
    mlpsa.distribution.plot: no visible global function definition for
     ‘scale_colour_brewer’
    mlpsa.distribution.plot: no visible global function definition for
     ‘scale_fill_brewer’
    mlpsa.distribution.plot: no visible global function definition for
     ‘geom_text’
    mlpsa.distribution.plot: no visible global function definition for
     ‘aes’
    mlpsa.logistic: no visible global function definition for ‘dlply’
    plot.mlpsa: no visible global function definition for ‘theme’
    plot.mlpsa: no visible global function definition for ‘xlab’
    plot.mlpsa: no visible global function definition for ‘ylab’
    plot.mlpsa: no visible global function definition for ‘grid.layout’
    plot.mlpsa: no visible global function definition for ‘grid.newpage’
    plot.mlpsa: no visible global function definition for ‘pushViewport’
    plot.mlpsa: no visible global function definition for ‘viewport’
    plot.mlpsa: no visible global function definition for ‘grid.draw’
    plot.mlpsa: no visible global function definition for ‘ggplotGrob’
    plot.psrange: no visible global function definition for ‘ggplot’
    plot.psrange: no visible global function definition for ‘xlim’
    plot.psrange: no visible global function definition for ‘ylim’
    plot.psrange: no visible global function definition for ‘stat_density’
    plot.psrange: no visible global function definition for ‘aes’
    plot.psrange: no visible global function definition for ‘geom_rect’
    plot.psrange: no visible global function definition for ‘geom_point’
    plot.psrange: no visible global function definition for
     ‘geom_errorbarh’
    plot.psrange: no visible global function definition for ‘geom_text’
    plot.psrange: no visible global function definition for ‘facet_grid’
    plot.psrange: no visible global function definition for ‘theme’
    plot.psrange: no visible global function definition for ‘element_blank’
    plot.psrange: no visible global function definition for ‘element_rect’
    plot.psrange: no visible global function definition for ‘element_text’
    plot.psrange: no visible global function definition for
     ‘scale_fill_hue’
    psrange: no visible global function definition for ‘describeBy’
    tree.plot : convertTree: no visible global function definition for
     ‘nodes’
    tree.plot: no visible global function definition for ‘melt’
    tree.plot: no visible global function definition for ‘ggplot’
    tree.plot: no visible global function definition for ‘aes’
    tree.plot: no visible global function definition for ‘geom_text’
    tree.plot: no visible global function definition for ‘geom_tile’
    tree.plot: no visible global function definition for
     ‘scale_fill_gradient’
    tree.plot: no visible global function definition for ‘theme’
    tree.plot: no visible global function definition for ‘element_text’
    tree.plot: no visible global function definition for ‘element_blank’
    tree.plot: no visible global function definition for ‘xlab’
    tree.plot: no visible global function definition for ‘ylab’
Flavors: r-devel-linux-x86_64-debian-clang, r-devel-linux-x86_64-debian-gcc, r-devel-linux-x86_64-fedora-clang, r-devel-linux-x86_64-fedora-gcc, r-devel-osx-x86_64-clang, r-devel-windows-ix86+x86_64, r-patched-linux-x86_64, r-patched-solaris-sparc, r-patched-solaris-x86, r-release-linux-ix86, r-release-linux-x86_64, r-release-windows-ix86+x86_64

Version: 1.2
Check: dependencies in R code
Result: NOTE
    Packages in Depends field not imported from:
     ‘ggplot2’ ‘plyr’ ‘psych’ ‘reshape’
     These packages need to be imported from (in the NAMESPACE file)
     for when this namespace is loaded but not attached.
    Unexported object imported by a ':::' call: ‘ggplot2:::.zeroGrob’
     See the note in ?`:::` about the use of this operator.
    There are ::: calls to the package's namespace in its code. A package
     almost never needs to use ::: for its own objects:
     ‘align.plots’
    See the information on DESCRIPTION files in the chapter ‘Creating R
    packages’ of the ‘Writing R Extensions’ manual.
Flavors: r-release-osx-x86_64-mavericks, r-oldrel-windows-ix86+x86_64

Version: 1.2
Check: dependencies in R code
Result: NOTE
    Packages in Depends field not imported from:
     'ggplot2' 'plyr' 'psych' 'reshape'
     These packages need to be imported from for the case when
     this namespace is loaded but not attached.
    Unexported object imported by a ':::' call: 'ggplot2:::.zeroGrob'
     See the note in ?`:::` about the use of this operator.
    There are ::: calls to the package's namespace in its code. A package
     almost never needs to use ::: for its own objects:
     'align.plots'
    See the information on DESCRIPTION files in the chapter 'Creating R
    packages' of the 'Writing R Extensions' manual.
Flavor: r-release-osx-x86_64-snowleopard