CRAN Package Check Results for Package multilevelPSA

Last updated on 2014-07-22 11:51:21.

Flavor Version Tinstall Tcheck Ttotal Status Flags
r-devel-linux-x86_64-debian-clang 1.2 2.02 28.20 30.22 NOTE
r-devel-linux-x86_64-debian-gcc 1.2 1.95 27.56 29.51 NOTE
r-devel-linux-x86_64-fedora-clang 1.2 63.92 NOTE
r-devel-linux-x86_64-fedora-gcc 1.2 61.31 NOTE
r-devel-osx-x86_64-clang 1.2 57.60 NOTE
r-devel-windows-ix86+x86_64 1.2 7.00 46.00 53.00 NOTE
r-patched-linux-x86_64 1.2 1.95 27.83 29.78 NOTE
r-patched-solaris-sparc 1.2 372.20 NOTE
r-patched-solaris-x86 1.2 82.20 NOTE
r-release-linux-ix86 1.2 2.66 36.93 39.59 NOTE
r-release-linux-x86_64 1.2 2.04 29.65 31.69 NOTE
r-release-osx-x86_64-mavericks 1.2 NOTE
r-release-osx-x86_64-snowleopard 1.2 NOTE
r-release-windows-ix86+x86_64 1.2 7.00 49.00 56.00 NOTE
r-oldrel-windows-ix86+x86_64 1.2 8.00 49.00 57.00 NOTE

Check Details

Version: 1.2
Check: package dependencies
Result: NOTE
    Depends: includes the non-default packages:
     ‘ggplot2’ ‘plyr’ ‘psych’ ‘reshape’ ‘proto’ ‘grid’ ‘xtable’
    Adding so many packages to the search path is excessive and importing
    selectively is preferable.
Flavors: r-devel-linux-x86_64-debian-clang, r-devel-linux-x86_64-debian-gcc, r-devel-linux-x86_64-fedora-clang, r-devel-linux-x86_64-fedora-gcc, r-devel-osx-x86_64-clang, r-devel-windows-ix86+x86_64, r-patched-linux-x86_64, r-patched-solaris-sparc, r-patched-solaris-x86, r-release-linux-ix86, r-release-linux-x86_64, r-release-osx-x86_64-mavericks, r-release-osx-x86_64-snowleopard, r-release-windows-ix86+x86_64

Version: 1.2
Check: DESCRIPTION meta-information
Result: NOTE
    Package listed in more than one of Depends, Imports, Suggests, Enhances:
     ‘xtable’
    A package should be listed in only one of these fields.
Flavors: r-devel-linux-x86_64-debian-clang, r-devel-linux-x86_64-debian-gcc, r-devel-linux-x86_64-fedora-clang, r-devel-linux-x86_64-fedora-gcc, r-devel-osx-x86_64-clang, r-devel-windows-ix86+x86_64, r-patched-linux-x86_64, r-patched-solaris-sparc, r-patched-solaris-x86, r-release-linux-ix86, r-release-linux-x86_64, r-release-osx-x86_64-mavericks, r-release-osx-x86_64-snowleopard, r-release-windows-ix86+x86_64, r-oldrel-windows-ix86+x86_64

Version: 1.2
Check: dependencies in R code
Result: NOTE
    Packages in Depends field not imported from:
     ‘ggplot2’ ‘plyr’ ‘psych’ ‘reshape’
     These packages need to be imported from (in the NAMESPACE file)
     for when this namespace is loaded but not attached.
    Unexported object imported by a ':::' call: ‘ggplot2:::.zeroGrob’
     See the note in ?`:::` about the use of this operator.
    There are ::: calls to the package's namespace in its code. A package
     almost never needs to use ::: for its own objects:
     ‘align.plots’
    See the information on DESCRIPTION files in the chapter ‘Creating R
    packages’ of the ‘Writing R Extensions’ manual.
Flavors: r-devel-linux-x86_64-debian-clang, r-devel-linux-x86_64-debian-gcc, r-devel-linux-x86_64-fedora-clang, r-devel-linux-x86_64-fedora-gcc, r-devel-osx-x86_64-clang, r-devel-windows-ix86+x86_64, r-patched-linux-x86_64, r-patched-solaris-sparc, r-patched-solaris-x86, r-release-linux-ix86, r-release-linux-x86_64, r-release-osx-x86_64-mavericks, r-release-windows-ix86+x86_64, r-oldrel-windows-ix86+x86_64

Version: 1.2
Check: dependencies in R code
Result: NOTE
    Packages in Depends field not imported from:
     'ggplot2' 'plyr' 'psych' 'reshape'
     These packages need to be imported from for the case when
     this namespace is loaded but not attached.
    Unexported object imported by a ':::' call: 'ggplot2:::.zeroGrob'
     See the note in ?`:::` about the use of this operator.
    There are ::: calls to the package's namespace in its code. A package
     almost never needs to use ::: for its own objects:
     'align.plots'
    See the information on DESCRIPTION files in the chapter 'Creating R
    packages' of the 'Writing R Extensions' manual.
Flavor: r-release-osx-x86_64-snowleopard