CRAN Package Check Results for Package multilevelPSA

Last updated on 2015-04-26 10:48:14.

Flavor Version Tinstall Tcheck Ttotal Status Flags
r-devel-linux-x86_64-debian-clang 1.2.2 2.18 30.06 32.24 NOTE
r-devel-linux-x86_64-debian-gcc 1.2.2 2.45 29.69 32.14 NOTE
r-devel-linux-x86_64-fedora-clang 1.2.2 64.36 NOTE
r-devel-linux-x86_64-fedora-gcc 1.2.2 59.20 NOTE
r-devel-osx-x86_64-clang 1.2.2 58.61 NOTE
r-devel-windows-ix86+x86_64 1.2.2 8.00 45.00 53.00 NOTE
r-patched-linux-x86_64 1.2.2 2.23 30.11 32.34 NOTE
r-patched-solaris-sparc 1.2.2 412.60 NOTE
r-patched-solaris-x86 1.2.2 84.00 NOTE
r-release-linux-x86_64 1.2.2 2.18 28.97 31.15 NOTE
r-release-osx-x86_64-mavericks 1.2.2 NOTE
r-release-osx-x86_64-snowleopard 1.2.2 ERROR
r-release-windows-ix86+x86_64 1.2.2 8.00 48.00 56.00 NOTE
r-oldrel-windows-ix86+x86_64 1.2.2 12.00 76.00 88.00 NOTE

Check Details

Version: 1.2.2
Check: dependencies in R code
Result: NOTE
    'library' or 'require' call to ‘MASS’ in package code.
     Please use :: or requireNamespace() instead.
     See section 'Suggested packages' in the 'Writing R Extensions' manual.
Flavors: r-devel-linux-x86_64-fedora-clang, r-devel-linux-x86_64-fedora-gcc, r-devel-osx-x86_64-clang, r-devel-windows-ix86+x86_64, r-release-osx-x86_64-mavericks, r-release-windows-ix86+x86_64, r-oldrel-windows-ix86+x86_64