CRAN Package Check Results for Package multilevelPSA

Last updated on 2016-12-09 20:50:33.

Flavor Version Tinstall Tcheck Ttotal Status Flags
r-devel-linux-x86_64-debian-clang 1.2.4 3.69 46.07 49.75 NOTE
r-devel-linux-x86_64-debian-gcc 1.2.4 3.78 47.24 51.02 NOTE
r-devel-linux-x86_64-fedora-clang 1.2.4 112.75 NOTE --no-stop-on-test-error
r-devel-linux-x86_64-fedora-gcc 1.2.4 110.60 NOTE --no-stop-on-test-error
r-devel-macos-x86_64-clang 1.2.4 84.19 NOTE --no-stop-on-test-error
r-devel-windows-ix86+x86_64 1.2.4 12.00 73.00 85.00 NOTE
r-patched-linux-x86_64 1.2.4 3.56 43.12 46.68 NOTE
r-patched-solaris-sparc 1.2.4 593.20 NOTE
r-patched-solaris-x86 1.2.4 142.20 NOTE
r-release-linux-x86_64 1.2.4 3.62 42.94 46.56 NOTE
r-release-osx-x86_64-mavericks 1.2.4 OK
r-release-windows-ix86+x86_64 1.2.4 12.00 73.00 85.00 NOTE
r-oldrel-windows-ix86+x86_64 1.2.4 19.00 85.00 104.00 NOTE

Check Details

Version: 1.2.4
Check: R code for possible problems
Result: NOTE
    missing.plot: possible error in theme(axis.text.x = element_text(size =
     6, angle = -90, hjust = 0.5, vjust = 0.5), axis.text.x =
     element_blank(), axis.ticks = element_blank()): formal argument
     "axis.text.x" matched by multiple actual arguments
Flavors: r-devel-linux-x86_64-debian-clang, r-devel-linux-x86_64-debian-gcc, r-devel-windows-ix86+x86_64, r-patched-linux-x86_64, r-patched-solaris-sparc, r-patched-solaris-x86, r-release-linux-x86_64, r-release-windows-ix86+x86_64, r-oldrel-windows-ix86+x86_64

Version: 1.2.4
Flags: --no-stop-on-test-error
Check: R code for possible problems
Result: NOTE
    missing.plot: possible error in theme(axis.text.x = element_text(size =
     6, angle = -90, hjust = 0.5, vjust = 0.5), axis.text.x =
     element_blank(), axis.ticks = element_blank()): formal argument
     "axis.text.x" matched by multiple actual arguments
Flavors: r-devel-linux-x86_64-fedora-clang, r-devel-linux-x86_64-fedora-gcc, r-devel-macos-x86_64-clang