CRAN Package Check Results for Package multilevelPSA

Last updated on 2017-03-23 03:48:01.

Flavor Version Tinstall Tcheck Ttotal Status Flags
r-devel-linux-x86_64-debian-clang 1.2.4 4.48 48.03 52.52 NOTE
r-devel-linux-x86_64-debian-gcc 1.2.4 4.26 46.70 50.96 NOTE
r-devel-linux-x86_64-fedora-clang 1.2.4 109.13 NOTE --no-stop-on-test-error
r-devel-linux-x86_64-fedora-gcc 1.2.4 109.14 NOTE --no-stop-on-test-error
r-devel-macos-x86_64-clang 1.2.4 85.27 NOTE --no-stop-on-test-error
r-devel-windows-ix86+x86_64 1.2.4 11.00 78.00 89.00 NOTE
r-patched-linux-x86_64 1.2.4 3.89 44.33 48.21 NOTE
r-patched-solaris-sparc 1.2.4 635.90 NOTE
r-patched-solaris-x86 1.2.4 168.30 NOTE
r-release-linux-x86_64 1.2.4 4.16 44.23 48.39 NOTE
r-release-osx-x86_64-mavericks 1.2.4 OK
r-release-windows-ix86+x86_64 1.2.4 13.00 98.00 111.00 NOTE
r-oldrel-windows-ix86+x86_64 1.2.4 19.00 175.00 194.00 NOTE

Check Details

Version: 1.2.4
Check: R code for possible problems
Result: NOTE
    missing.plot: possible error in theme(axis.text.x = element_text(size =
     6, angle = -90, hjust = 0.5, vjust = 0.5), axis.text.x =
     element_blank(), axis.ticks = element_blank()): formal argument
     "axis.text.x" matched by multiple actual arguments
Flavors: r-devel-linux-x86_64-debian-clang, r-devel-linux-x86_64-debian-gcc, r-devel-windows-ix86+x86_64, r-patched-linux-x86_64, r-patched-solaris-sparc, r-patched-solaris-x86, r-release-linux-x86_64, r-release-windows-ix86+x86_64, r-oldrel-windows-ix86+x86_64

Version: 1.2.4
Flags: --no-stop-on-test-error
Check: R code for possible problems
Result: NOTE
    missing.plot: possible error in theme(axis.text.x = element_text(size =
     6, angle = -90, hjust = 0.5, vjust = 0.5), axis.text.x =
     element_blank(), axis.ticks = element_blank()): formal argument
     "axis.text.x" matched by multiple actual arguments
Flavors: r-devel-linux-x86_64-fedora-clang, r-devel-linux-x86_64-fedora-gcc, r-devel-macos-x86_64-clang