CRAN Package Check Results for Package multilevelPSA

Last updated on 2015-01-31 05:48:49.

Flavor Version Tinstall Tcheck Ttotal Status Flags
r-devel-linux-x86_64-debian-clang 1.2.2 2.41 29.54 31.96 NOTE
r-devel-linux-x86_64-debian-gcc 1.2.2 2.18 29.05 31.24 NOTE
r-devel-linux-x86_64-fedora-clang 1.2.2 76.16 NOTE
r-devel-linux-x86_64-fedora-gcc 1.2.2 74.59 NOTE
r-devel-osx-x86_64-clang 1.2.2 83.27 NOTE
r-devel-windows-ix86+x86_64 1.2.2 8.00 49.00 57.00 NOTE
r-patched-linux-x86_64 1.2.2 3.29 41.54 44.82 OK
r-patched-solaris-sparc 1.2.2 520.90 OK
r-patched-solaris-x86 1.2.2 122.00 OK
r-release-linux-ix86 1.2.2 3.94 50.65 54.58 OK
r-release-linux-x86_64 1.2.2 3.21 42.20 45.41 OK
r-release-osx-x86_64-mavericks 1.2.2 OK
r-release-osx-x86_64-snowleopard 1.2.2 OK
r-release-windows-ix86+x86_64 1.2.2 13.00 75.00 88.00 OK
r-oldrel-windows-ix86+x86_64 1.2.2 15.00 77.00 92.00 OK

Check Details

Version: 1.2.2
Check: dependencies in R code
Result: NOTE
    'library' or 'require' call to ‘MASS’ in package code.
     Please use :: or requireNamespace() instead.
     See section 'Suggested packages' in the 'Writing R Extensions' manual.
Flavors: r-devel-linux-x86_64-debian-clang, r-devel-linux-x86_64-debian-gcc, r-devel-linux-x86_64-fedora-clang, r-devel-linux-x86_64-fedora-gcc, r-devel-osx-x86_64-clang, r-devel-windows-ix86+x86_64