CRAN Package Check Results for Package multilevelPSA

Last updated on 2015-05-24 10:47:03.

Flavor Version Tinstall Tcheck Ttotal Status Flags
r-devel-linux-x86_64-debian-clang 1.2.2 2.28 31.01 33.29 NOTE
r-devel-linux-x86_64-debian-gcc 1.2.2 2.17 30.56 32.73 NOTE
r-devel-linux-x86_64-fedora-clang 1.2.2 65.32 NOTE
r-devel-linux-x86_64-fedora-gcc 1.2.2 61.50 NOTE
r-devel-osx-x86_64-clang 1.2.2 58.61 NOTE
r-devel-windows-ix86+x86_64 1.2.2 9.00 48.00 57.00 NOTE
r-patched-linux-x86_64 1.2.2 2.19 30.74 32.93 NOTE
r-patched-solaris-sparc 1.2.2 390.90 NOTE
r-patched-solaris-x86 1.2.2 94.10 NOTE
r-release-linux-x86_64 1.2.2 2.21 31.03 33.24 NOTE
r-release-osx-x86_64-mavericks 1.2.2 NOTE
r-release-osx-x86_64-snowleopard 1.2.2 ERROR
r-release-windows-ix86+x86_64 1.2.2 7.00 48.00 55.00 NOTE
r-oldrel-windows-ix86+x86_64 1.2.2 17.00 81.00 98.00 NOTE

Check Details

Version: 1.2.2
Check: dependencies in R code
Result: NOTE
    'library' or 'require' call to ‘MASS’ in package code.
     Please use :: or requireNamespace() instead.
     See section 'Suggested packages' in the 'Writing R Extensions' manual.
Flavors: r-devel-linux-x86_64-debian-clang, r-devel-linux-x86_64-debian-gcc, r-devel-linux-x86_64-fedora-clang, r-devel-linux-x86_64-fedora-gcc, r-devel-osx-x86_64-clang, r-devel-windows-ix86+x86_64, r-patched-linux-x86_64, r-patched-solaris-sparc, r-patched-solaris-x86, r-release-linux-x86_64, r-release-osx-x86_64-mavericks, r-release-windows-ix86+x86_64, r-oldrel-windows-ix86+x86_64

Version: 1.2.2
Check: package dependencies
Result: ERROR
    Packages required but not available: ‘ggplot2’ ‘party’
    
    See section ‘The DESCRIPTION file’ in the ‘Writing R Extensions’
    manual.
Flavor: r-release-osx-x86_64-snowleopard