CRAN Package Check Results for Package multilevelPSA

Last updated on 2017-11-25 07:51:34 CET.

Flavor Version Tinstall Tcheck Ttotal Status Flags
r-devel-linux-x86_64-debian-clang 1.2.4 5.21 102.47 107.68 NOTE
r-devel-linux-x86_64-debian-gcc 1.2.4 3.96 102.27 106.23 NOTE
r-devel-linux-x86_64-fedora-clang 1.2.4 94.59 NOTE
r-devel-linux-x86_64-fedora-gcc 1.2.4 92.19 NOTE
r-devel-windows-ix86+x86_64 1.2.4 9.00 77.00 86.00 NOTE
r-patched-linux-x86_64 1.2.4 6.04 111.98 118.02 NOTE
r-patched-solaris-x86 1.2.4 166.80 NOTE
r-release-linux-x86_64 1.2.4 5.31 111.02 116.33 NOTE
r-release-windows-ix86+x86_64 1.2.4 12.00 108.00 120.00 NOTE
r-release-osx-x86_64 1.2.4 NOTE
r-oldrel-windows-ix86+x86_64 1.2.4 11.00 107.00 118.00 NOTE
r-oldrel-osx-x86_64 1.2.4 OK

Check Details

Version: 1.2.4
Check: R code for possible problems
Result: NOTE
    missing.plot: possible error in theme(axis.text.x = element_text(size =
     6, angle = -90, hjust = 0.5, vjust = 0.5), axis.text.x =
     element_blank(), axis.ticks = element_blank()): formal argument
     "axis.text.x" matched by multiple actual arguments
Flavors: r-devel-linux-x86_64-debian-clang, r-devel-linux-x86_64-debian-gcc, r-devel-linux-x86_64-fedora-clang, r-devel-linux-x86_64-fedora-gcc, r-devel-windows-ix86+x86_64, r-patched-linux-x86_64, r-patched-solaris-x86, r-release-linux-x86_64, r-release-windows-ix86+x86_64, r-release-osx-x86_64, r-oldrel-windows-ix86+x86_64