CRAN Package Check Results for Package multimorbidity

Last updated on 2022-01-19 01:47:40 CET.

Flavor Version Tinstall Tcheck Ttotal Status Flags
r-devel-linux-x86_64-debian-clang 0.5.0 8.25 61.79 70.04 OK
r-devel-linux-x86_64-debian-gcc 0.5.0 7.00 47.15 54.15 OK
r-devel-linux-x86_64-fedora-clang 0.5.0 85.73 NOTE
r-devel-linux-x86_64-fedora-gcc 0.5.0 72.98 NOTE
r-devel-windows-x86_64-new-UL 0.5.0 96.00 81.00 177.00 OK
r-devel-windows-x86_64-new-TK 0.5.0 NOTE
r-patched-linux-x86_64 0.5.0 5.46 58.30 63.76 OK
r-release-linux-x86_64 0.5.0 OK
r-release-macos-arm64 0.5.0 NOTE
r-release-macos-x86_64 0.5.0 NOTE
r-release-windows-ix86+x86_64 0.5.0 16.00 69.00 85.00 OK
r-oldrel-macos-x86_64 0.5.0 NOTE
r-oldrel-windows-ix86+x86_64 0.5.0 16.00 70.00 86.00 OK

Check Details

Version: 0.5.0
Check: dependencies in R code
Result: NOTE
    Namespaces in Imports field not imported from:
     ‘devtools’ ‘stats’ ‘tidyverse’
     All declared Imports should be used.
Flavors: r-devel-linux-x86_64-fedora-clang, r-devel-linux-x86_64-fedora-gcc, r-devel-windows-x86_64-new-TK, r-release-macos-arm64, r-release-macos-x86_64, r-oldrel-macos-x86_64

Version: 0.5.0
Check: data for non-ASCII characters
Result: NOTE
     Note: found 15 marked UTF-8 strings
Flavors: r-devel-linux-x86_64-fedora-clang, r-devel-linux-x86_64-fedora-gcc, r-devel-windows-x86_64-new-TK, r-release-macos-arm64, r-release-macos-x86_64, r-oldrel-macos-x86_64