CRAN Package Check Results for Package multinbmod

Last updated on 2019-04-25 09:50:29 CEST.

Flavor Version Tinstall Tcheck Ttotal Status Flags
r-devel-linux-x86_64-debian-clang 1.0 1.78 17.83 19.61 NOTE
r-devel-linux-x86_64-debian-gcc 1.0 1.53 14.54 16.07 NOTE
r-devel-linux-x86_64-fedora-clang 1.0 23.81 NOTE
r-devel-linux-x86_64-fedora-gcc 1.0 23.55 NOTE
r-devel-windows-ix86+x86_64 1.0 7.00 26.00 33.00 NOTE
r-patched-linux-x86_64 1.0 1.70 17.91 19.61 NOTE
r-patched-solaris-x86 1.0 35.20 NOTE
r-release-linux-x86_64 1.0 0.87 16.85 17.72 NOTE
r-release-windows-ix86+x86_64 1.0 2.00 25.00 27.00 NOTE
r-release-osx-x86_64 1.0 NOTE
r-oldrel-windows-ix86+x86_64 1.0 2.00 35.00 37.00 NOTE
r-oldrel-osx-x86_64 1.0 NOTE

Check Details

Version: 1.0
Check: R code for possible problems
Result: NOTE
    multinb.fit: no visible global function definition for 'nlminb'
    multinbmod: no visible global function definition for 'is.empty.model'
    multinbmod: no visible global function definition for 'model.matrix'
    multinbmod: no visible binding for global variable 'contrasts'
    multinbmod: no visible global function definition for 'model.response'
    multinbmod: no visible global function definition for 'model.offset'
    Undefined global functions or variables:
     contrasts is.empty.model model.matrix model.offset model.response
     nlminb
    Consider adding
     importFrom("stats", "contrasts", "is.empty.model", "model.matrix",
     "model.offset", "model.response", "nlminb")
    to your NAMESPACE file.
Flavors: r-devel-linux-x86_64-debian-clang, r-devel-linux-x86_64-debian-gcc, r-devel-linux-x86_64-fedora-clang, r-devel-linux-x86_64-fedora-gcc, r-devel-windows-ix86+x86_64, r-patched-linux-x86_64, r-patched-solaris-x86, r-release-linux-x86_64, r-release-windows-ix86+x86_64, r-release-osx-x86_64, r-oldrel-windows-ix86+x86_64, r-oldrel-osx-x86_64