CRAN Package Check Results for Package multinbmod

Last updated on 2018-11-15 21:48:22 CET.

Flavor Version Tinstall Tcheck Ttotal Status Flags
r-devel-linux-x86_64-debian-clang 1.0 1.02 18.43 19.45 NOTE
r-devel-linux-x86_64-debian-gcc 1.0 1.04 15.17 16.21 NOTE
r-devel-linux-x86_64-fedora-clang 1.0 22.93 NOTE
r-devel-linux-x86_64-fedora-gcc 1.0 22.12 NOTE
r-devel-windows-ix86+x86_64 1.0 3.00 36.00 39.00 NOTE
r-patched-linux-x86_64 1.0 1.08 16.81 17.89 NOTE
r-patched-solaris-x86 1.0 35.90 NOTE
r-release-linux-x86_64 1.0 0.94 16.89 17.83 NOTE
r-release-windows-ix86+x86_64 1.0 5.00 26.00 31.00 NOTE
r-release-osx-x86_64 1.0 NOTE
r-oldrel-windows-ix86+x86_64 1.0 2.00 35.00 37.00 NOTE
r-oldrel-osx-x86_64 1.0 NOTE

Check Details

Version: 1.0
Check: R code for possible problems
Result: NOTE
    multinb.fit: no visible global function definition for ‘nlminb’
    multinbmod: no visible global function definition for ‘is.empty.model’
    multinbmod: no visible global function definition for ‘model.matrix’
    multinbmod: no visible binding for global variable ‘contrasts’
    multinbmod: no visible global function definition for ‘model.response’
    multinbmod: no visible global function definition for ‘model.offset’
    Undefined global functions or variables:
     contrasts is.empty.model model.matrix model.offset model.response
     nlminb
    Consider adding
     importFrom("stats", "contrasts", "is.empty.model", "model.matrix",
     "model.offset", "model.response", "nlminb")
    to your NAMESPACE file.
Flavors: r-devel-linux-x86_64-debian-clang, r-devel-linux-x86_64-debian-gcc, r-devel-linux-x86_64-fedora-clang, r-devel-linux-x86_64-fedora-gcc, r-devel-windows-ix86+x86_64, r-patched-linux-x86_64, r-patched-solaris-x86, r-release-linux-x86_64, r-release-windows-ix86+x86_64, r-release-osx-x86_64, r-oldrel-windows-ix86+x86_64, r-oldrel-osx-x86_64