Last updated on 2023-11-30 00:55:51 CET.
Flavor | Version | Tinstall | Tcheck | Ttotal | Status | Flags |
---|---|---|---|---|---|---|
r-devel-linux-x86_64-debian-clang | 0.5.1 | 1351.59 | 435.28 | 1786.87 | NOTE | |
r-devel-linux-x86_64-debian-gcc | 0.5.1 | 1040.90 | 374.69 | 1415.59 | NOTE | |
r-devel-linux-x86_64-fedora-clang | 0.5.1 | 1754.76 | NOTE | |||
r-devel-linux-x86_64-fedora-gcc | 0.5.1 | 2695.67 | NOTE | |||
r-devel-windows-x86_64 | 0.5.1 | 852.00 | 376.00 | 1228.00 | NOTE | |
r-patched-linux-x86_64 | 0.5.1 | 1104.03 | 475.97 | 1580.00 | NOTE | |
r-release-linux-x86_64 | 0.5.1 | 0.01 | 3.80 | 3.81 | ERROR | |
r-release-macos-arm64 | 0.5.1 | 550.00 | NOTE | |||
r-release-macos-x86_64 | 0.5.1 | 547.00 | NOTE | |||
r-release-windows-x86_64 | 0.5.1 | 1161.00 | 511.00 | 1672.00 | NOTE | |
r-oldrel-macos-arm64 | 0.5.1 | 550.00 | NOTE | |||
r-oldrel-macos-x86_64 | 0.5.1 | 632.00 | NOTE | |||
r-oldrel-windows-x86_64 | 0.5.1 | 1102.00 | 475.00 | 1577.00 | NOTE |
Version: 0.5.1
Check: for GNU extensions in Makefiles
Result: NOTE
GNU make is a SystemRequirements.
Flavors: r-devel-linux-x86_64-debian-clang, r-devel-linux-x86_64-debian-gcc, r-devel-linux-x86_64-fedora-clang, r-devel-linux-x86_64-fedora-gcc, r-devel-windows-x86_64, r-patched-linux-x86_64, r-release-macos-arm64, r-release-macos-x86_64, r-release-windows-x86_64, r-oldrel-macos-arm64, r-oldrel-macos-x86_64, r-oldrel-windows-x86_64
Version: 0.5.1
Check: package dependencies
Result: NOTE
Imports includes 22 non-default packages.
Importing from so many packages makes the package vulnerable to any of
them becoming unavailable. Move as many as possible to Suggests and
use conditionally.
Flavor: r-devel-linux-x86_64-fedora-clang
Version: 0.5.1
Check: installed package size
Result: NOTE
installed size is 15.7Mb
sub-directories of 1Mb or more:
doc 4.0Mb
libs 10.2Mb
Flavors: r-devel-linux-x86_64-fedora-clang, r-devel-windows-x86_64, r-release-macos-arm64, r-release-macos-x86_64, r-release-windows-x86_64, r-oldrel-macos-arm64, r-oldrel-macos-x86_64, r-oldrel-windows-x86_64
Version: 0.5.1
Check: whether package can be installed
Result: ERROR
Installation failed.
Flavor: r-release-linux-x86_64