CRAN Package Check Results for Package multinomRob

Last updated on 2014-04-20 21:46:51.

Flavor Version Tinstall Tcheck Ttotal Status Flags
r-devel-linux-x86_64-debian-clang 1.8-6.1 1.23 20.36 21.59 NOTE
r-devel-linux-x86_64-debian-gcc 1.8-6.1 1.26 20.99 22.26 NOTE
r-devel-linux-x86_64-fedora-clang 1.8-6.1 41.62 NOTE
r-devel-linux-x86_64-fedora-gcc 1.8-6.1 38.92 NOTE
r-devel-macosx-x86_64-clang 1.8-6.1 41.82 NOTE
r-devel-macosx-x86_64-gcc 1.8-6.1 NOTE
r-devel-windows-ix86+x86_64 1.8-6.1 7.00 37.00 44.00 NOTE
r-patched-linux-x86_64 1.8-6.1 1.26 20.86 22.12 NOTE
r-patched-solaris-sparc 1.8-6.1 242.00 NOTE
r-patched-solaris-x86 1.8-6.1 53.50 NOTE
r-release-linux-ix86 NOTE
r-release-linux-x86_64 1.8-6.1 1.33 20.42 21.74 NOTE
r-release-macosx-x86_64 1.8-6.1 NOTE
r-release-windows-ix86+x86_64 1.8-6.1 10.00 39.00 49.00 NOTE
r-oldrel-windows-ix86+x86_64 1.8-6.1 8.00 38.00 46.00 NOTE

Check Details

Version: 1.8-6.1
Check: dependencies in R code
Result: NOTE
    Package in Depends field not imported from: ‘rgenoud’
     These packages need to be imported from (in the NAMESPACE file)
     for when this namespace is loaded but not attached.
    See the information on DESCRIPTION files in the chapter ‘Creating R
    packages’ of the ‘Writing R Extensions’ manual.
Flavors: r-devel-linux-x86_64-debian-clang, r-devel-linux-x86_64-debian-gcc, r-devel-linux-x86_64-fedora-clang, r-devel-linux-x86_64-fedora-gcc, r-devel-macosx-x86_64-clang, r-devel-macosx-x86_64-gcc, r-devel-windows-ix86+x86_64, r-patched-linux-x86_64, r-patched-solaris-sparc, r-patched-solaris-x86, r-release-linux-ix86, r-release-linux-x86_64, r-release-windows-ix86+x86_64, r-oldrel-windows-ix86+x86_64

Version: 1.8-6.1
Check: dependencies in R code
Result: NOTE
    Package in Depends field not imported from: 'rgenoud'
     These packages need to be imported from for the case when
     this namespace is loaded but not attached.
    See the information on DESCRIPTION files in the chapter 'Creating R
    packages' of the 'Writing R Extensions' manual.
Flavor: r-release-macosx-x86_64