CRAN Package Check Results for Package multinomRob

Last updated on 2015-01-27 01:48:08.

Flavor Version Tinstall Tcheck Ttotal Status Flags
r-devel-linux-x86_64-debian-clang 1.8-6.1 1.19 17.77 18.96 NOTE
r-devel-linux-x86_64-debian-gcc 1.8-6.1 1.19 17.47 18.66 NOTE
r-devel-linux-x86_64-fedora-clang 1.8-6.1 42.41 NOTE
r-devel-linux-x86_64-fedora-gcc 1.8-6.1 39.97 NOTE
r-devel-osx-x86_64-clang 1.8-6.1 43.71 NOTE
r-devel-windows-ix86+x86_64 1.8-6.1 6.00 30.00 36.00 NOTE
r-patched-linux-x86_64 1.8-6.1 1.36 20.76 22.12 NOTE
r-patched-solaris-sparc 1.8-6.1 266.10 NOTE
r-patched-solaris-x86 1.8-6.1 56.40 NOTE
r-release-linux-ix86 1.8-6.1 1.78 26.68 28.46 NOTE
r-release-linux-x86_64 1.8-6.1 1.25 21.73 22.98 NOTE
r-release-osx-x86_64-mavericks 1.8-6.1 NOTE
r-release-osx-x86_64-snowleopard 1.8-6.1 NOTE
r-release-windows-ix86+x86_64 1.8-6.1 11.00 40.00 51.00 NOTE
r-oldrel-windows-ix86+x86_64 1.8-6.1 12.00 42.00 54.00 NOTE

Check Details

Version: 1.8-6.1
Check: dependencies in R code
Result: NOTE
    Package in Depends field not imported from: ‘rgenoud’
     These packages need to be imported from (in the NAMESPACE file)
     for when this namespace is loaded but not attached.
Flavors: r-devel-linux-x86_64-debian-clang, r-devel-linux-x86_64-debian-gcc, r-devel-linux-x86_64-fedora-clang, r-devel-linux-x86_64-fedora-gcc, r-devel-osx-x86_64-clang, r-devel-windows-ix86+x86_64

Version: 1.8-6.1
Check: R code for possible problems
Result: NOTE
    genoudRob: no visible global function definition for ‘genoud’
Flavors: r-devel-linux-x86_64-debian-clang, r-devel-linux-x86_64-debian-gcc, r-devel-linux-x86_64-fedora-clang, r-devel-linux-x86_64-fedora-gcc, r-devel-osx-x86_64-clang, r-devel-windows-ix86+x86_64, r-patched-linux-x86_64, r-patched-solaris-sparc, r-patched-solaris-x86, r-release-linux-ix86, r-release-linux-x86_64, r-release-osx-x86_64-mavericks, r-release-windows-ix86+x86_64

Version: 1.8-6.1
Check: dependencies in R code
Result: NOTE
    Package in Depends field not imported from: ‘rgenoud’
     These packages need to be imported from (in the NAMESPACE file)
     for when this namespace is loaded but not attached.
    See the information on DESCRIPTION files in the chapter ‘Creating R
    packages’ of the ‘Writing R Extensions’ manual.
Flavors: r-patched-linux-x86_64, r-patched-solaris-sparc, r-patched-solaris-x86, r-release-linux-ix86, r-release-linux-x86_64, r-release-osx-x86_64-mavericks, r-release-windows-ix86+x86_64, r-oldrel-windows-ix86+x86_64

Version: 1.8-6.1
Check: dependencies in R code
Result: NOTE
    Package in Depends field not imported from: 'rgenoud'
     These packages need to be imported from for the case when
     this namespace is loaded but not attached.
    See the information on DESCRIPTION files in the chapter 'Creating R
    packages' of the 'Writing R Extensions' manual.
Flavor: r-release-osx-x86_64-snowleopard