CRAN Package Check Results for Package multinomRob

Last updated on 2014-09-01 21:48:55.

Flavor Version Tinstall Tcheck Ttotal Status Flags
r-devel-linux-x86_64-debian-clang 1.8-6.1 1.15 18.61 19.76 NOTE
r-devel-linux-x86_64-debian-gcc 1.8-6.1 1.12 18.30 19.42 NOTE
r-devel-linux-x86_64-fedora-clang 1.8-6.1 39.80 NOTE
r-devel-linux-x86_64-fedora-gcc 1.8-6.1 35.90 NOTE
r-devel-osx-x86_64-clang 1.8-6.1 37.00 NOTE
r-devel-windows-ix86+x86_64 1.8-6.1 7.00 35.00 42.00 NOTE
r-patched-linux-x86_64 1.8-6.1 1.20 19.36 20.57 NOTE
r-patched-solaris-sparc 1.8-6.1 248.70 NOTE
r-patched-solaris-x86 1.8-6.1 53.10 NOTE
r-release-linux-ix86 1.8-6.1 1.79 26.83 28.62 NOTE
r-release-linux-x86_64 1.8-6.1 1.24 19.84 21.07 NOTE
r-release-osx-x86_64-mavericks 1.8-6.1 NOTE
r-release-osx-x86_64-snowleopard 1.8-6.1 NOTE
r-release-windows-ix86+x86_64 1.8-6.1 6.00 38.00 44.00 NOTE
r-oldrel-windows-ix86+x86_64 1.8-6.1 11.00 38.00 49.00 NOTE

Check Details

Version: 1.8-6.1
Check: dependencies in R code
Result: NOTE
    Package in Depends field not imported from: ‘rgenoud’
     These packages need to be imported from (in the NAMESPACE file)
     for when this namespace is loaded but not attached.
    See the information on DESCRIPTION files in the chapter ‘Creating R
    packages’ of the ‘Writing R Extensions’ manual.
Flavors: r-devel-linux-x86_64-debian-clang, r-devel-linux-x86_64-debian-gcc, r-devel-linux-x86_64-fedora-clang, r-devel-linux-x86_64-fedora-gcc, r-devel-osx-x86_64-clang, r-devel-windows-ix86+x86_64, r-patched-linux-x86_64, r-patched-solaris-sparc, r-patched-solaris-x86, r-release-linux-ix86, r-release-linux-x86_64, r-release-osx-x86_64-mavericks, r-release-windows-ix86+x86_64, r-oldrel-windows-ix86+x86_64

Version: 1.8-6.1
Check: R code for possible problems
Result: NOTE
    genoudRob: no visible global function definition for ‘genoud’
Flavors: r-devel-linux-x86_64-debian-clang, r-devel-linux-x86_64-debian-gcc, r-devel-linux-x86_64-fedora-clang, r-devel-linux-x86_64-fedora-gcc, r-devel-osx-x86_64-clang, r-devel-windows-ix86+x86_64

Version: 1.8-6.1
Check: dependencies in R code
Result: NOTE
    Package in Depends field not imported from: 'rgenoud'
     These packages need to be imported from for the case when
     this namespace is loaded but not attached.
    See the information on DESCRIPTION files in the chapter 'Creating R
    packages' of the 'Writing R Extensions' manual.
Flavor: r-release-osx-x86_64-snowleopard