CRAN Package Check Results for Package multinomRob

Last updated on 2015-05-27 09:47:57.

Flavor Version Tinstall Tcheck Ttotal Status Flags
r-devel-linux-x86_64-debian-clang 1.8-6.1 1.10 17.78 18.89 NOTE
r-devel-linux-x86_64-debian-gcc 1.8-6.1 1.28 17.77 19.05 NOTE
r-devel-linux-x86_64-fedora-clang 1.8-6.1 36.20 NOTE
r-devel-linux-x86_64-fedora-gcc 1.8-6.1 35.51 NOTE
r-devel-osx-x86_64-clang 1.8-6.1 38.95 NOTE
r-devel-windows-ix86+x86_64 1.8-6.1 6.00 32.00 38.00 NOTE
r-patched-linux-x86_64 1.8-6.1 1.14 17.62 18.76 NOTE
r-patched-solaris-sparc 1.8-6.1 220.60 NOTE
r-patched-solaris-x86 1.8-6.1 49.70 NOTE
r-release-linux-x86_64 1.8-6.1 1.15 18.16 19.31 NOTE
r-release-osx-x86_64-mavericks 1.8-6.1 NOTE
r-release-osx-x86_64-snowleopard 1.8-6.1 NOTE
r-release-windows-ix86+x86_64 1.8-6.1 7.00 33.00 40.00 NOTE
r-oldrel-windows-ix86+x86_64 1.8-6.1 7.00 64.00 71.00 NOTE

Check Details

Version: 1.8-6.1
Check: DESCRIPTION meta-information
Result: NOTE
    Malformed Description field: should contain one or more complete sentences.
Flavors: r-devel-linux-x86_64-debian-clang, r-devel-linux-x86_64-debian-gcc, r-devel-linux-x86_64-fedora-clang, r-devel-linux-x86_64-fedora-gcc, r-devel-osx-x86_64-clang, r-devel-windows-ix86+x86_64, r-patched-linux-x86_64, r-patched-solaris-sparc, r-patched-solaris-x86, r-release-linux-x86_64, r-release-osx-x86_64-mavericks, r-release-osx-x86_64-snowleopard, r-release-windows-ix86+x86_64

Version: 1.8-6.1
Check: dependencies in R code
Result: NOTE
    Package in Depends field not imported from: ‘rgenoud’
     These packages need to be imported from (in the NAMESPACE file)
     for when this namespace is loaded but not attached.
Flavors: r-devel-linux-x86_64-debian-clang, r-devel-linux-x86_64-debian-gcc, r-devel-linux-x86_64-fedora-clang, r-devel-linux-x86_64-fedora-gcc, r-devel-osx-x86_64-clang, r-devel-windows-ix86+x86_64, r-patched-linux-x86_64, r-patched-solaris-sparc, r-patched-solaris-x86, r-release-linux-x86_64, r-release-osx-x86_64-mavericks, r-release-osx-x86_64-snowleopard, r-release-windows-ix86+x86_64, r-oldrel-windows-ix86+x86_64

Version: 1.8-6.1
Check: R code for possible problems
Result: NOTE
    genoudRob: no visible global function definition for ‘genoud’
Flavors: r-devel-linux-x86_64-debian-clang, r-devel-linux-x86_64-debian-gcc, r-devel-linux-x86_64-fedora-clang, r-devel-linux-x86_64-fedora-gcc, r-devel-osx-x86_64-clang, r-devel-windows-ix86+x86_64, r-patched-linux-x86_64, r-patched-solaris-sparc, r-patched-solaris-x86, r-release-linux-x86_64, r-release-osx-x86_64-mavericks, r-release-osx-x86_64-snowleopard, r-release-windows-ix86+x86_64, r-oldrel-windows-ix86+x86_64