CRAN Package Check Results for Package multinomRob

Last updated on 2015-03-04 11:47:39.

Flavor Version Tinstall Tcheck Ttotal Status Flags
r-devel-linux-x86_64-debian-clang 1.8-6.1 1.22 18.67 19.88 NOTE
r-devel-linux-x86_64-debian-gcc 1.8-6.1 1.18 18.09 19.27 NOTE
r-devel-linux-x86_64-fedora-clang 1.8-6.1 35.95 NOTE
r-devel-linux-x86_64-fedora-gcc 1.8-6.1 32.63 NOTE
r-devel-osx-x86_64-clang 1.8-6.1 39.33 NOTE
r-devel-windows-ix86+x86_64 1.8-6.1 7.00 33.00 40.00 NOTE
r-patched-linux-x86_64 1.8-6.1 1.34 20.73 22.06 NOTE
r-patched-solaris-sparc 1.8-6.1 253.30 NOTE
r-patched-solaris-x86 1.8-6.1 55.20 NOTE
r-release-linux-ix86 1.8-6.1 1.95 27.34 29.28 NOTE
r-release-linux-x86_64 1.8-6.1 1.27 21.54 22.82 NOTE
r-release-osx-x86_64-mavericks 1.8-6.1 NOTE
r-release-osx-x86_64-snowleopard 1.8-6.1 NOTE
r-release-windows-ix86+x86_64 1.8-6.1 8.00 42.00 50.00 NOTE
r-oldrel-windows-ix86+x86_64 1.8-6.1 8.00 44.00 52.00 NOTE

Check Details

Version: 1.8-6.1
Check: DESCRIPTION meta-information
Result: NOTE
    Malformed Description field: should contain one or more complete sentences.
Flavors: r-devel-linux-x86_64-debian-clang, r-devel-linux-x86_64-debian-gcc, r-devel-linux-x86_64-fedora-clang, r-devel-linux-x86_64-fedora-gcc, r-devel-osx-x86_64-clang, r-devel-windows-ix86+x86_64

Version: 1.8-6.1
Check: dependencies in R code
Result: NOTE
    Package in Depends field not imported from: ‘rgenoud’
     These packages need to be imported from (in the NAMESPACE file)
     for when this namespace is loaded but not attached.
Flavors: r-devel-linux-x86_64-debian-clang, r-devel-linux-x86_64-debian-gcc, r-devel-linux-x86_64-fedora-clang, r-devel-linux-x86_64-fedora-gcc, r-devel-osx-x86_64-clang, r-devel-windows-ix86+x86_64, r-patched-linux-x86_64, r-patched-solaris-sparc, r-patched-solaris-x86

Version: 1.8-6.1
Check: R code for possible problems
Result: NOTE
    genoudRob: no visible global function definition for ‘genoud’
Flavors: r-devel-linux-x86_64-debian-clang, r-devel-linux-x86_64-debian-gcc, r-devel-linux-x86_64-fedora-clang, r-devel-linux-x86_64-fedora-gcc, r-devel-osx-x86_64-clang, r-devel-windows-ix86+x86_64, r-patched-linux-x86_64, r-patched-solaris-sparc, r-patched-solaris-x86, r-release-linux-ix86, r-release-linux-x86_64, r-release-osx-x86_64-mavericks, r-release-windows-ix86+x86_64

Version: 1.8-6.1
Check: dependencies in R code
Result: NOTE
    Package in Depends field not imported from: ‘rgenoud’
     These packages need to be imported from (in the NAMESPACE file)
     for when this namespace is loaded but not attached.
    See the information on DESCRIPTION files in the chapter ‘Creating R
    packages’ of the ‘Writing R Extensions’ manual.
Flavors: r-release-linux-ix86, r-release-linux-x86_64, r-release-osx-x86_64-mavericks, r-release-windows-ix86+x86_64, r-oldrel-windows-ix86+x86_64

Version: 1.8-6.1
Check: dependencies in R code
Result: NOTE
    Package in Depends field not imported from: 'rgenoud'
     These packages need to be imported from for the case when
     this namespace is loaded but not attached.
    See the information on DESCRIPTION files in the chapter 'Creating R
    packages' of the 'Writing R Extensions' manual.
Flavor: r-release-osx-x86_64-snowleopard