CRAN Package Check Results for Package multinomRob

Last updated on 2014-11-01 11:49:07.

Flavor Version Tinstall Tcheck Ttotal Status Flags
r-devel-linux-x86_64-debian-clang 1.8-6.1 1.26 21.10 22.37 NOTE
r-devel-linux-x86_64-debian-gcc 1.8-6.1 1.22 19.66 20.87 NOTE
r-devel-linux-x86_64-fedora-clang 1.8-6.1 40.15 NOTE
r-devel-linux-x86_64-fedora-gcc 1.8-6.1 37.81 NOTE
r-devel-osx-x86_64-clang 1.8-6.1 42.38 NOTE
r-devel-windows-ix86+x86_64 1.8-6.1 6.00 38.00 44.00 NOTE
r-patched-linux-x86_64 1.8-6.1 1.28 20.04 21.32 NOTE
r-patched-solaris-sparc 1.8-6.1 290.00 NOTE
r-patched-solaris-x86 1.8-6.1 55.50 NOTE
r-release-linux-ix86 1.8-6.1 1.91 26.98 28.89 NOTE
r-release-linux-x86_64 1.8-6.1 1.24 20.03 21.27 NOTE
r-release-osx-x86_64-mavericks 1.8-6.1 NOTE
r-release-osx-x86_64-snowleopard 1.8-6.1 NOTE
r-release-windows-ix86+x86_64 1.8-6.1 7.00 37.00 44.00 NOTE
r-oldrel-windows-ix86+x86_64 1.8-6.1 6.00 38.00 44.00 NOTE

Check Details

Version: 1.8-6.1
Check: dependencies in R code
Result: NOTE
    Package in Depends field not imported from: ‘rgenoud’
     These packages need to be imported from (in the NAMESPACE file)
     for when this namespace is loaded but not attached.
    See the information on DESCRIPTION files in the chapter ‘Creating R
    packages’ of the ‘Writing R Extensions’ manual.
Flavors: r-devel-linux-x86_64-debian-clang, r-devel-linux-x86_64-debian-gcc, r-devel-linux-x86_64-fedora-clang, r-devel-linux-x86_64-fedora-gcc, r-devel-osx-x86_64-clang, r-devel-windows-ix86+x86_64, r-patched-linux-x86_64, r-patched-solaris-sparc, r-patched-solaris-x86, r-release-linux-ix86, r-release-linux-x86_64, r-release-osx-x86_64-mavericks, r-release-windows-ix86+x86_64, r-oldrel-windows-ix86+x86_64

Version: 1.8-6.1
Check: R code for possible problems
Result: NOTE
    genoudRob: no visible global function definition for ‘genoud’
Flavors: r-devel-linux-x86_64-debian-clang, r-devel-linux-x86_64-debian-gcc, r-devel-linux-x86_64-fedora-clang, r-devel-linux-x86_64-fedora-gcc, r-devel-osx-x86_64-clang, r-devel-windows-ix86+x86_64, r-patched-linux-x86_64, r-patched-solaris-sparc, r-patched-solaris-x86

Version: 1.8-6.1
Check: dependencies in R code
Result: NOTE
    Package in Depends field not imported from: 'rgenoud'
     These packages need to be imported from for the case when
     this namespace is loaded but not attached.
    See the information on DESCRIPTION files in the chapter 'Creating R
    packages' of the 'Writing R Extensions' manual.
Flavor: r-release-osx-x86_64-snowleopard