CRAN Package Check Results for Package multinomRob

Last updated on 2015-04-19 09:55:41.

Flavor Version Tinstall Tcheck Ttotal Status Flags
r-devel-linux-x86_64-debian-clang 1.8-6.1 1.18 17.48 18.66 NOTE
r-devel-linux-x86_64-debian-gcc 1.8-6.1 1.26 18.17 19.42 NOTE
r-devel-linux-x86_64-fedora-clang 1.8-6.1 35.95 NOTE
r-devel-linux-x86_64-fedora-gcc 1.8-6.1 33.87 NOTE
r-devel-osx-x86_64-clang 1.8-6.1 38.88 NOTE
r-devel-windows-ix86+x86_64 1.8-6.1 9.00 32.00 41.00 NOTE
r-patched-linux-x86_64 1.8-6.1 1.28 17.32 18.61 NOTE
r-patched-solaris-sparc 1.8-6.1 221.60 NOTE
r-patched-solaris-x86 1.8-6.1 48.10 NOTE
r-release-linux-x86_64 1.8-6.1 1.27 17.76 19.03 NOTE
r-release-osx-x86_64-mavericks 1.8-6.1 NOTE
r-release-osx-x86_64-snowleopard 1.8-6.1 NOTE
r-release-windows-ix86+x86_64 1.8-6.1 4.00 34.00 38.00 NOTE
r-oldrel-windows-ix86+x86_64 1.8-6.1 7.00 52.00 59.00 NOTE

Check Details

Version: 1.8-6.1
Check: DESCRIPTION meta-information
Result: NOTE
    Malformed Description field: should contain one or more complete sentences.
Flavors: r-devel-linux-x86_64-debian-clang, r-devel-linux-x86_64-debian-gcc, r-devel-linux-x86_64-fedora-clang, r-devel-linux-x86_64-fedora-gcc, r-devel-osx-x86_64-clang, r-devel-windows-ix86+x86_64, r-patched-linux-x86_64, r-patched-solaris-sparc, r-patched-solaris-x86, r-release-linux-x86_64, r-release-osx-x86_64-mavericks, r-release-osx-x86_64-snowleopard, r-release-windows-ix86+x86_64

Version: 1.8-6.1
Check: dependencies in R code
Result: NOTE
    Package in Depends field not imported from: ‘rgenoud’
     These packages need to be imported from (in the NAMESPACE file)
     for when this namespace is loaded but not attached.
Flavors: r-devel-linux-x86_64-debian-clang, r-devel-linux-x86_64-debian-gcc, r-devel-linux-x86_64-fedora-clang, r-devel-linux-x86_64-fedora-gcc, r-devel-osx-x86_64-clang, r-devel-windows-ix86+x86_64, r-patched-linux-x86_64, r-patched-solaris-sparc, r-patched-solaris-x86, r-release-linux-x86_64, r-release-osx-x86_64-mavericks, r-release-osx-x86_64-snowleopard, r-release-windows-ix86+x86_64

Version: 1.8-6.1
Check: R code for possible problems
Result: NOTE
    genoudRob: no visible global function definition for ‘genoud’
Flavors: r-devel-linux-x86_64-debian-clang, r-devel-linux-x86_64-debian-gcc, r-devel-linux-x86_64-fedora-clang, r-devel-linux-x86_64-fedora-gcc, r-devel-osx-x86_64-clang, r-devel-windows-ix86+x86_64, r-patched-linux-x86_64, r-patched-solaris-sparc, r-patched-solaris-x86, r-release-linux-x86_64, r-release-osx-x86_64-mavericks, r-release-osx-x86_64-snowleopard, r-release-windows-ix86+x86_64

Version: 1.8-6.1
Check: dependencies in R code
Result: NOTE
    Package in Depends field not imported from: 'rgenoud'
     These packages need to be imported from (in the NAMESPACE file)
     for when this namespace is loaded but not attached.
    See the information on DESCRIPTION files in the chapter 'Creating R
    packages' of the 'Writing R Extensions' manual.
Flavor: r-oldrel-windows-ix86+x86_64