CRAN Package Check Results for Package multinomRob

Last updated on 2015-07-30 03:48:25.

Flavor Version Tinstall Tcheck Ttotal Status Flags
r-devel-linux-x86_64-debian-clang 1.8-6.1 1.05 18.26 19.31 NOTE
r-devel-linux-x86_64-debian-gcc 1.8-6.1 1.09 18.37 19.46 NOTE
r-devel-linux-x86_64-fedora-clang 1.8-6.1 37.31 NOTE
r-devel-linux-x86_64-fedora-gcc 1.8-6.1 34.26 NOTE
r-devel-osx-x86_64-clang 1.8-6.1 31.91 NOTE
r-devel-windows-ix86+x86_64 1.8-6.1 10.00 54.00 64.00 NOTE
r-patched-linux-x86_64 1.8-6.1 1.12 18.54 19.66 NOTE
r-patched-solaris-sparc 1.8-6.1 231.40 NOTE
r-patched-solaris-x86 1.8-6.1 50.80 NOTE
r-release-linux-x86_64 1.8-6.1 1.17 18.55 19.72 NOTE
r-release-osx-x86_64-mavericks 1.8-6.1 NOTE
r-release-windows-ix86+x86_64 1.8-6.1 10.00 59.00 69.00 NOTE
r-oldrel-windows-ix86+x86_64 1.8-6.1 12.00 67.00 79.00 NOTE

Check Details

Version: 1.8-6.1
Check: DESCRIPTION meta-information
Result: NOTE
    Malformed Description field: should contain one or more complete sentences.
Flavors: r-devel-linux-x86_64-debian-clang, r-devel-linux-x86_64-debian-gcc, r-devel-linux-x86_64-fedora-clang, r-devel-linux-x86_64-fedora-gcc, r-devel-osx-x86_64-clang, r-devel-windows-ix86+x86_64, r-patched-linux-x86_64, r-patched-solaris-sparc, r-patched-solaris-x86, r-release-linux-x86_64, r-release-osx-x86_64-mavericks, r-release-windows-ix86+x86_64

Version: 1.8-6.1
Check: dependencies in R code
Result: NOTE
    Package in Depends field not imported from: ‘rgenoud’
     These packages need to be imported from (in the NAMESPACE file)
     for when this namespace is loaded but not attached.
Flavors: r-devel-linux-x86_64-debian-clang, r-devel-linux-x86_64-debian-gcc, r-devel-linux-x86_64-fedora-clang, r-devel-linux-x86_64-fedora-gcc, r-devel-osx-x86_64-clang, r-devel-windows-ix86+x86_64, r-patched-linux-x86_64, r-patched-solaris-sparc, r-patched-solaris-x86, r-release-linux-x86_64, r-release-osx-x86_64-mavericks, r-release-windows-ix86+x86_64, r-oldrel-windows-ix86+x86_64

Version: 1.8-6.1
Check: R code for possible problems
Result: NOTE
    .onAttach: no visible global function definition for
     ‘packageDescription’
    genoudRob: no visible global function definition for ‘genoud’
    get.XYdata: no visible global function definition for ‘terms’
    get.xdata: no visible global function definition for ‘terms’
    get.xdata: no visible global function definition for ‘model.matrix’
    get.xy: no visible global function definition for ‘terms’
    get.xynames: no visible global function definition for ‘terms’
    get.ydata: no visible global function definition for ‘terms’
    get.ydata: no visible global function definition for ‘model.response’
    get.ydata: no visible global function definition for ‘model.frame’
    mt.dev: no visible global function definition for ‘pt’
    mt.dev.grad: no visible global function definition for ‘pt’
    mt.dev.grad: no visible global function definition for ‘dt’
    mt.mle: no visible global function definition for ‘optim’
    multinomRob: no visible global function definition for ‘var’
    plot.multinomRob: no visible global function definition for ‘par’
    plot.multinomRob: no visible global function definition for ‘plot’
    plot.multinomRob: no visible global function definition for ‘title’
    rdirich: no visible global function definition for ‘rgamma’
    residual.generator: no visible global function definition for ‘median’
    rmultinomial: no visible global function definition for ‘runif’
    rmultinomial: no visible global function definition for ‘rbinom’
    Undefined global functions or variables:
     dt genoud median model.frame model.matrix model.response optim
     packageDescription par plot pt rbinom rgamma runif terms title var
    Consider adding
     importFrom("graphics", "par", "plot", "title")
     importFrom("stats", "dt", "median", "model.frame", "model.matrix",
     "model.response", "optim", "pt", "rbinom", "rgamma",
     "runif", "terms", "var")
     importFrom("utils", "packageDescription")
    to your NAMESPACE.
Flavors: r-devel-linux-x86_64-debian-clang, r-devel-linux-x86_64-debian-gcc, r-devel-linux-x86_64-fedora-clang, r-devel-linux-x86_64-fedora-gcc, r-devel-windows-ix86+x86_64

Version: 1.8-6.1
Check: R code for possible problems
Result: NOTE
    genoudRob: no visible global function definition for ‘genoud’
    Undefined global functions or variables:
     genoud
Flavor: r-devel-osx-x86_64-clang

Version: 1.8-6.1
Check: R code for possible problems
Result: NOTE
    genoudRob: no visible global function definition for ‘genoud’
Flavors: r-patched-linux-x86_64, r-patched-solaris-sparc, r-patched-solaris-x86, r-release-linux-x86_64, r-release-osx-x86_64-mavericks, r-release-windows-ix86+x86_64, r-oldrel-windows-ix86+x86_64