Last updated on 2023-01-29 16:55:03 CET.
Flavor | Version | Tinstall | Tcheck | Ttotal | Status | Flags |
---|---|---|---|---|---|---|
r-devel-linux-x86_64-debian-clang | 1.0 | 38.24 | 69.38 | 107.62 | OK | |
r-devel-linux-x86_64-debian-gcc | 1.0 | 31.10 | 52.04 | 83.14 | NOTE | |
r-devel-linux-x86_64-fedora-clang | 1.0 | 146.16 | NOTE | |||
r-devel-linux-x86_64-fedora-gcc | 1.0 | 145.87 | NOTE | |||
r-devel-windows-x86_64 | 1.0 | 77.00 | 133.00 | 210.00 | NOTE | |
r-patched-linux-x86_64 | 1.0 | 31.48 | 66.58 | 98.06 | OK | |
r-release-linux-x86_64 | 1.0 | 28.18 | 65.90 | 94.08 | OK | |
r-release-macos-arm64 | 1.0 | 33.00 | OK | |||
r-release-macos-x86_64 | 1.0 | 50.00 | OK | |||
r-release-windows-x86_64 | 1.0 | 111.00 | 141.00 | 252.00 | OK | |
r-oldrel-macos-arm64 | 1.0 | 34.00 | OK | |||
r-oldrel-macos-x86_64 | 1.0 | 55.00 | OK | |||
r-oldrel-windows-ix86+x86_64 | 1.0 | 93.00 | 156.00 | 249.00 | OK |
Version: 1.0
Check: C++ specification
Result: NOTE
Specified C++11: please update to current default of C++17
Flavors: r-devel-linux-x86_64-debian-gcc, r-devel-linux-x86_64-fedora-clang, r-devel-linux-x86_64-fedora-gcc, r-devel-windows-x86_64