CRAN Package Check Results for Package multinomineq

Last updated on 2022-11-28 04:54:46 CET.

Flavor Version Tinstall Tcheck Ttotal Status Flags
r-devel-linux-x86_64-debian-clang 0.2.5 76.12 272.57 348.69 OK
r-devel-linux-x86_64-debian-gcc 0.2.5 64.52 180.31 244.83 OK
r-devel-linux-x86_64-fedora-clang 0.2.5 457.85 OK
r-devel-linux-x86_64-fedora-gcc 0.2.5 471.86 OK
r-devel-windows-x86_64 0.2.5 96.00 257.00 353.00 OK
r-patched-linux-x86_64 0.2.5 66.19 251.99 318.18 OK
r-release-linux-x86_64 0.2.5 64.00 259.42 323.42 OK
r-release-macos-arm64 0.2.4 101.00 NOTE
r-release-macos-x86_64 0.2.5 138.00 NOTE
r-release-windows-x86_64 0.2.4 129.00 340.00 469.00 OK
r-oldrel-macos-arm64 0.2.4 86.00 NOTE
r-oldrel-macos-x86_64 0.2.5 141.00 NOTE
r-oldrel-windows-ix86+x86_64 0.2.5 164.00 546.00 710.00 OK

Check Details

Version: 0.2.4
Check: installed package size
Result: NOTE
     installed size is 6.3Mb
     sub-directories of 1Mb or more:
     libs 4.9Mb
Flavors: r-release-macos-arm64, r-oldrel-macos-arm64

Version: 0.2.5
Check: installed package size
Result: NOTE
     installed size is 6.2Mb
     sub-directories of 1Mb or more:
     libs 4.9Mb
Flavors: r-release-macos-x86_64, r-oldrel-macos-x86_64