Last updated on 2023-11-29 02:48:51 CET.
Flavor | Version | Tinstall | Tcheck | Ttotal | Status | Flags |
---|---|---|---|---|---|---|
r-devel-linux-x86_64-debian-clang | 0.2.5 | 75.98 | 267.24 | 343.22 | NOTE | |
r-devel-linux-x86_64-debian-gcc | 0.2.5 | 58.22 | 172.14 | 230.36 | NOTE | |
r-devel-linux-x86_64-fedora-clang | 0.2.5 | 444.24 | NOTE | |||
r-devel-linux-x86_64-fedora-gcc | 0.2.5 | 448.13 | NOTE | |||
r-devel-windows-x86_64 | 0.2.5 | 62.00 | 253.00 | 315.00 | NOTE | |
r-patched-linux-x86_64 | 0.2.5 | 79.25 | 250.27 | 329.52 | NOTE | |
r-release-linux-x86_64 | 0.2.5 | 67.74 | 246.07 | 313.81 | NOTE | |
r-release-macos-arm64 | 0.2.5 | 119.00 | NOTE | |||
r-release-macos-x86_64 | 0.2.5 | 144.00 | ERROR | |||
r-release-windows-x86_64 | 0.2.5 | 78.00 | 294.00 | 372.00 | NOTE | |
r-oldrel-macos-arm64 | 0.2.5 | 118.00 | NOTE | |||
r-oldrel-macos-x86_64 | 0.2.5 | 138.00 | NOTE | |||
r-oldrel-windows-x86_64 | 0.2.5 | 76.00 | 280.00 | 356.00 | OK |
Version: 0.2.5
Check: C++ specification
Result: NOTE
Specified C++11: please drop specification unless essential
Flavors: r-devel-linux-x86_64-debian-clang, r-devel-linux-x86_64-debian-gcc, r-devel-linux-x86_64-fedora-clang, r-devel-linux-x86_64-fedora-gcc, r-devel-windows-x86_64, r-patched-linux-x86_64, r-release-linux-x86_64, r-release-macos-arm64, r-release-macos-x86_64, r-release-windows-x86_64
Version: 0.2.5
Check: Rd files
Result: NOTE
checkRd: (-1) heck2017.Rd:27: Lost braces in \itemize; meant \describe ?
checkRd: (-1) heck2017.Rd:28: Lost braces in \itemize; meant \describe ?
checkRd: (-1) heck2017.Rd:29: Lost braces in \itemize; meant \describe ?
checkRd: (-1) heck2017.Rd:30: Lost braces in \itemize; meant \describe ?
checkRd: (-1) hilbig2014.Rd:26: Lost braces in \itemize; meant \describe ?
checkRd: (-1) hilbig2014.Rd:27: Lost braces in \itemize; meant \describe ?
checkRd: (-1) hilbig2014.Rd:28: Lost braces in \itemize; meant \describe ?
checkRd: (-1) nirt_to_Ab.Rd:32-33: Lost braces in \itemize; meant \describe ?
checkRd: (-1) nirt_to_Ab.Rd:34-35: Lost braces in \itemize; meant \describe ?
checkRd: (-1) nirt_to_Ab.Rd:36-38: Lost braces in \itemize; meant \describe ?
checkRd: (-1) strategy_multiattribute.Rd:29-32: Lost braces in \itemize; \value handles \item{}{} directly
checkRd: (-1) strategy_multiattribute.Rd:33: Lost braces in \itemize; \value handles \item{}{} directly
checkRd: (-1) strategy_multiattribute.Rd:34: Lost braces in \itemize; \value handles \item{}{} directly
checkRd: (-1) strategy_multiattribute.Rd:35: Lost braces in \itemize; \value handles \item{}{} directly
checkRd: (-1) strategy_multiattribute.Rd:36: Lost braces in \itemize; \value handles \item{}{} directly
checkRd: (-1) swop5.Rd:21: Lost braces; missing escapes or markup?
21 | for all 10 paired comparisons of 5 choice elements {a,b,c,d,e} in a
| ^
Flavors: r-devel-linux-x86_64-debian-clang, r-devel-linux-x86_64-debian-gcc
Version: 0.2.5
Check: installed package size
Result: NOTE
installed size is 6.3Mb
sub-directories of 1Mb or more:
libs 4.9Mb
Flavors: r-release-macos-arm64, r-release-macos-x86_64, r-oldrel-macos-arm64, r-oldrel-macos-x86_64
Version: 0.2.5
Check: tests
Result: ERROR
Running ‘testthat.R’ [28s/43s]
Running the tests in ‘tests/testthat.R’ failed.
Complete output:
> library(testthat)
> library(multinomineq)
> test_check("multinomineq")
Execution halted
Flavor: r-release-macos-x86_64