CRAN Package Check Results for Package multipanelfigure

Last updated on 2022-09-30 03:55:01 CEST.

Flavor Version Tinstall Tcheck Ttotal Status Flags
r-devel-linux-x86_64-debian-clang 2.1.2 8.07 96.21 104.28 OK
r-devel-linux-x86_64-debian-gcc 2.1.2 5.43 69.08 74.51 OK
r-devel-linux-x86_64-fedora-clang 2.1.2 138.91 OK
r-devel-linux-x86_64-fedora-gcc 2.1.2 128.06 OK
r-devel-windows-x86_64 2.1.2 39.00 130.00 169.00 OK
r-patched-linux-x86_64 2.1.2 7.53 87.28 94.81 OK
r-release-linux-x86_64 2.1.2 7.45 84.96 92.41 OK
r-release-macos-arm64 2.1.2 42.00 NOTE
r-release-macos-x86_64 2.1.2 70.00 OK
r-release-windows-x86_64 2.1.2 56.00 132.00 188.00 OK
r-oldrel-macos-arm64 2.1.2 49.00 NOTE
r-oldrel-macos-x86_64 2.1.2 75.00 OK
r-oldrel-windows-ix86+x86_64 2.1.2 20.00 118.00 138.00 OK

Check Details

Version: 2.1.2
Check: package dependencies
Result: NOTE
    Package suggested but not available for checking: ‘ComplexHeatmap’
Flavors: r-release-macos-arm64, r-oldrel-macos-arm64

Version: 2.1.2
Check: Rd cross-references
Result: NOTE
    Package unavailable to check Rd xrefs: ‘ComplexHeatmap’
Flavors: r-release-macos-arm64, r-oldrel-macos-arm64