CRAN Package Check Results for Package multipol

Last updated on 2014-04-23 12:48:22.

Flavor Version Tinstall Tcheck Ttotal Status Flags
r-devel-linux-x86_64-debian-clang 1.0-6 0.81 16.34 17.15 NOTE
r-devel-linux-x86_64-debian-gcc 1.0-6 0.78 16.06 16.84 NOTE
r-devel-linux-x86_64-fedora-clang 1.0-6 36.74 NOTE
r-devel-linux-x86_64-fedora-gcc 1.0-6 35.86 NOTE
r-devel-osx-x86_64-clang 1.0-6 39.09 NOTE
r-devel-osx-x86_64-gcc 1.0-6 NOTE
r-devel-windows-ix86+x86_64 1.0-6 3.00 26.00 29.00 NOTE
r-patched-linux-x86_64 1.0-6 0.78 15.96 16.74 NOTE
r-patched-solaris-sparc 1.0-6 224.00 NOTE
r-patched-solaris-x86 1.0-6 47.70 NOTE
r-release-linux-ix86 1.0-6 2.00 34.00 36.00 NOTE
r-release-linux-x86_64 1.0-6 0.77 15.94 16.72 NOTE
r-release-osx-x86_64-mavericks 1.0-6 NOTE
r-release-osx-x86_64-snowleopard 1.0-6 NOTE
r-release-windows-ix86+x86_64 1.0-6 6.00 38.00 44.00 NOTE
r-oldrel-windows-ix86+x86_64 1.0-6 3.00 28.00 31.00 NOTE

Check Details

Version: 1.0-6
Check: dependencies in R code
Result: NOTE
    Package in Depends field not imported from: ‘abind’
     These packages need to be imported from (in the NAMESPACE file)
     for when this namespace is loaded but not attached.
    See the information on DESCRIPTION files in the chapter ‘Creating R
    packages’ of the ‘Writing R Extensions’ manual.
Flavors: r-devel-linux-x86_64-debian-clang, r-devel-linux-x86_64-debian-gcc, r-devel-linux-x86_64-fedora-clang, r-devel-linux-x86_64-fedora-gcc, r-devel-osx-x86_64-clang, r-devel-osx-x86_64-gcc, r-devel-windows-ix86+x86_64, r-patched-linux-x86_64, r-patched-solaris-sparc, r-patched-solaris-x86, r-release-linux-ix86, r-release-linux-x86_64, r-release-osx-x86_64-mavericks, r-release-windows-ix86+x86_64, r-oldrel-windows-ix86+x86_64

Version: 1.0-6
Check: re-building of vignette outputs
Result: NOTE
    Error in re-building vignettes:
     ...
    Loading required package: multipol
    Loading required package: abind
    
    Attaching package: ‘multipol’
    
    The following object is masked from ‘package:base’:
    
     single
    
    Loading required package: polynom
    Error in texi2dvi(file = file, pdf = TRUE, clean = clean, quiet = quiet, :
     Running 'texi2dvi' on 'multipol.tex' failed.
    LaTeX errors:
    ! LaTeX Error: File `dsfont.sty' not found.
    
    Type X to quit or <RETURN> to proceed,
    or enter new name. (Default extension: sty)
    
    n_test/multipol/vignettes/multipol.tex:4: ==> Fatal error occurred, no output
    PDF file produced!
    Calls: buildVignettes -> texi2pdf -> texi2dvi
    Execution halted
Flavor: r-release-osx-x86_64-mavericks

Version: 1.0-6
Check: re-building of vignette outputs
Result: NOTE
    Error in re-building vignettes:
     ...
    Loading required package: multipol
    Loading required package: abind
    
    Attaching package: 'multipol'
    
    The following object is masked from 'package:base':
    
     single
    
    Loading required package: polynom
    Error in texi2dvi(file = file, pdf = TRUE, clean = clean, quiet = quiet, :
     Running 'texi2dvi' on 'multipol.tex' failed.
    LaTeX errors:
    ! LaTeX Error: File `dsfont.sty' not found.
    
    Type X to quit or <RETURN> to proceed,
    or enter new name. (Default extension: sty)
    
    multipol.Rcheck/vign_test/multipol/vignettes/multipol.tex:4: ==> Fatal error o
    ccurred, no output PDF file produced!
    Calls: buildVignettes -> texi2pdf -> texi2dvi
    Execution halted
Flavor: r-release-osx-x86_64-snowleopard