CRAN Package Check Results for Package multipol

Last updated on 2015-05-25 03:47:44.

Flavor Version Tinstall Tcheck Ttotal Status Flags
r-devel-linux-x86_64-debian-clang 1.0-6 0.74 16.77 17.50 NOTE
r-devel-linux-x86_64-debian-gcc 1.0-6 0.70 16.08 16.78 NOTE
r-devel-linux-x86_64-fedora-clang 1.0-6 32.10 NOTE
r-devel-linux-x86_64-fedora-gcc 1.0-6 31.87 NOTE
r-devel-osx-x86_64-clang 1.0-6 37.89 NOTE
r-devel-windows-ix86+x86_64 1.0-6 4.00 25.00 29.00 NOTE
r-patched-linux-x86_64 1.0-6 0.89 15.72 16.61 NOTE
r-patched-solaris-sparc 1.0-6 182.10 NOTE
r-patched-solaris-x86 1.0-6 43.80 NOTE
r-release-linux-x86_64 1.0-6 0.75 15.96 16.71 NOTE
r-release-osx-x86_64-mavericks 1.0-6 NOTE
r-release-osx-x86_64-snowleopard 1.0-6 NOTE
r-release-windows-ix86+x86_64 1.0-6 2.00 32.00 34.00 NOTE
r-oldrel-windows-ix86+x86_64 1.0-6 3.00 31.00 34.00 NOTE

Check Details

Version: 1.0-6
Check: DESCRIPTION meta-information
Result: NOTE
    Malformed Description field: should contain one or more complete sentences.
Flavors: r-devel-linux-x86_64-debian-clang, r-devel-linux-x86_64-debian-gcc, r-devel-linux-x86_64-fedora-clang, r-devel-linux-x86_64-fedora-gcc, r-devel-osx-x86_64-clang, r-devel-windows-ix86+x86_64, r-patched-linux-x86_64, r-patched-solaris-sparc, r-patched-solaris-x86, r-release-linux-x86_64, r-release-osx-x86_64-mavericks, r-release-osx-x86_64-snowleopard, r-release-windows-ix86+x86_64

Version: 1.0-6
Check: dependencies in R code
Result: NOTE
    Package in Depends field not imported from: ‘abind’
     These packages need to be imported from (in the NAMESPACE file)
     for when this namespace is loaded but not attached.
Flavors: r-devel-linux-x86_64-debian-clang, r-devel-linux-x86_64-debian-gcc, r-devel-linux-x86_64-fedora-clang, r-devel-linux-x86_64-fedora-gcc, r-devel-osx-x86_64-clang, r-devel-windows-ix86+x86_64, r-patched-linux-x86_64, r-patched-solaris-sparc, r-patched-solaris-x86, r-release-linux-x86_64, r-release-osx-x86_64-mavericks, r-release-osx-x86_64-snowleopard, r-release-windows-ix86+x86_64, r-oldrel-windows-ix86+x86_64

Version: 1.0-6
Check: S3 generic/method consistency
Result: NOTE
    Found the following apparent S3 methods exported but not registered:
     Ops.multipol as.array.multipol as.character.multipol
     as.function.multipol deriv.multipol print.multipol
    See section ‘Registering S3 methods’ in the ‘Writing R Extensions’
    manual.
Flavors: r-devel-linux-x86_64-debian-clang, r-devel-linux-x86_64-debian-gcc, r-devel-linux-x86_64-fedora-clang, r-devel-linux-x86_64-fedora-gcc, r-devel-osx-x86_64-clang, r-patched-linux-x86_64, r-patched-solaris-sparc, r-patched-solaris-x86, r-release-linux-x86_64