CRAN Package Check Results for Package multipol

Last updated on 2016-07-25 00:46:50.

Flavor Version Tinstall Tcheck Ttotal Status Flags
r-devel-linux-x86_64-debian-clang 1.0-6 0.98 19.65 20.64 NOTE
r-devel-linux-x86_64-debian-gcc 1.0-6 0.75 18.71 19.47 NOTE
r-devel-linux-x86_64-fedora-clang 1.0-6 30.69 NOTE
r-devel-linux-x86_64-fedora-gcc 1.0-6 27.46 NOTE
r-devel-osx-x86_64-clang 1.0-6 25.40 NOTE
r-devel-windows-ix86+x86_64 1.0-6 3.00 44.00 47.00 NOTE
r-patched-linux-x86_64 1.0-6 0.82 18.64 19.45 NOTE
r-patched-solaris-sparc 1.0-6 175.60 NOTE
r-patched-solaris-x86 1.0-6 37.90 NOTE
r-release-linux-x86_64 1.0-6 0.89 18.87 19.75 NOTE
r-release-osx-x86_64-mavericks 1.0-6 NOTE
r-release-windows-ix86+x86_64 1.0-6 2.00 41.00 43.00 NOTE
r-oldrel-windows-ix86+x86_64 1.0-6 5.00 53.00 58.00 NOTE

Check Details

Version: 1.0-6
Check: DESCRIPTION meta-information
Result: NOTE
    Malformed Description field: should contain one or more complete sentences.
Flavors: r-devel-linux-x86_64-debian-clang, r-devel-linux-x86_64-debian-gcc, r-devel-linux-x86_64-fedora-clang, r-devel-linux-x86_64-fedora-gcc, r-devel-osx-x86_64-clang, r-devel-windows-ix86+x86_64, r-patched-linux-x86_64, r-patched-solaris-sparc, r-patched-solaris-x86, r-release-linux-x86_64, r-release-osx-x86_64-mavericks, r-release-windows-ix86+x86_64, r-oldrel-windows-ix86+x86_64

Version: 1.0-6
Check: dependencies in R code
Result: NOTE
    Package in Depends field not imported from: ‘abind’
     These packages need to be imported from (in the NAMESPACE file)
     for when this namespace is loaded but not attached.
Flavors: r-devel-linux-x86_64-debian-clang, r-devel-linux-x86_64-debian-gcc, r-devel-linux-x86_64-fedora-clang, r-devel-linux-x86_64-fedora-gcc, r-devel-osx-x86_64-clang, r-devel-windows-ix86+x86_64, r-patched-linux-x86_64, r-patched-solaris-sparc, r-patched-solaris-x86, r-release-linux-x86_64, r-release-osx-x86_64-mavericks, r-release-windows-ix86+x86_64, r-oldrel-windows-ix86+x86_64

Version: 1.0-6
Check: S3 generic/method consistency
Result: NOTE
    Found the following apparent S3 methods exported but not registered:
     Ops.multipol as.array.multipol as.character.multipol
     as.function.multipol deriv.multipol print.multipol
    See section ‘Registering S3 methods’ in the ‘Writing R Extensions’
    manual.
Flavors: r-devel-linux-x86_64-debian-clang, r-devel-linux-x86_64-debian-gcc, r-devel-linux-x86_64-fedora-clang, r-devel-linux-x86_64-fedora-gcc, r-devel-osx-x86_64-clang, r-patched-linux-x86_64, r-patched-solaris-sparc, r-patched-solaris-x86, r-release-linux-x86_64