CRAN Package Check Results for Package multipol

Last updated on 2016-05-24 13:47:17.

Flavor Version Tinstall Tcheck Ttotal Status Flags
r-devel-linux-x86_64-debian-gcc 1.0-6 0.76 15.98 16.73 NOTE
r-devel-linux-x86_64-fedora-clang 1.0-6 29.19 NOTE
r-devel-linux-x86_64-fedora-gcc 1.0-6 28.64 NOTE
r-devel-osx-x86_64-clang 1.0-6 34.12 NOTE
r-devel-windows-ix86+x86_64 1.0-6 4.00 51.00 55.00 NOTE
r-patched-linux-x86_64 1.0-6 0.74 16.34 17.08 NOTE
r-patched-solaris-sparc 1.0-6 173.00 NOTE
r-patched-solaris-x86 1.0-6 39.40 NOTE
r-release-linux-x86_64 1.0-6 2.71 15.83 18.53 NOTE
r-release-osx-x86_64-mavericks 1.0-6 NOTE
r-release-windows-ix86+x86_64 1.0-6 4.00 51.00 55.00 NOTE
r-oldrel-windows-ix86+x86_64 1.0-6 3.00 27.00 30.00 NOTE

Check Details

Version: 1.0-6
Check: DESCRIPTION meta-information
Result: NOTE
    Malformed Description field: should contain one or more complete sentences.
Flavors: r-devel-linux-x86_64-debian-gcc, r-devel-linux-x86_64-fedora-clang, r-devel-linux-x86_64-fedora-gcc, r-devel-osx-x86_64-clang, r-devel-windows-ix86+x86_64, r-patched-linux-x86_64, r-patched-solaris-sparc, r-patched-solaris-x86, r-release-linux-x86_64, r-release-osx-x86_64-mavericks, r-release-windows-ix86+x86_64, r-oldrel-windows-ix86+x86_64

Version: 1.0-6
Check: dependencies in R code
Result: NOTE
    Package in Depends field not imported from: ‘abind’
     These packages need to be imported from (in the NAMESPACE file)
     for when this namespace is loaded but not attached.
Flavors: r-devel-linux-x86_64-debian-gcc, r-devel-linux-x86_64-fedora-clang, r-devel-linux-x86_64-fedora-gcc, r-devel-osx-x86_64-clang, r-devel-windows-ix86+x86_64, r-patched-linux-x86_64, r-patched-solaris-sparc, r-patched-solaris-x86, r-release-linux-x86_64, r-release-osx-x86_64-mavericks, r-release-windows-ix86+x86_64, r-oldrel-windows-ix86+x86_64

Version: 1.0-6
Check: S3 generic/method consistency
Result: NOTE
    Found the following apparent S3 methods exported but not registered:
     Ops.multipol as.array.multipol as.character.multipol
     as.function.multipol deriv.multipol print.multipol
    See section ‘Registering S3 methods’ in the ‘Writing R Extensions’
    manual.
Flavors: r-devel-linux-x86_64-debian-gcc, r-devel-linux-x86_64-fedora-clang, r-devel-linux-x86_64-fedora-gcc, r-devel-osx-x86_64-clang, r-patched-linux-x86_64, r-patched-solaris-sparc, r-patched-solaris-x86, r-release-linux-x86_64