CRAN Package Check Results for Package multipol

Last updated on 2017-03-29 03:50:41.

Flavor Version Tinstall Tcheck Ttotal Status Flags
r-devel-linux-x86_64-debian-clang 1.0-6 0.88 20.11 21.00 NOTE
r-devel-linux-x86_64-debian-gcc 1.0-6 0.88 19.36 20.24 NOTE
r-devel-linux-x86_64-fedora-clang 1.0-6 35.68 NOTE --no-stop-on-test-error
r-devel-linux-x86_64-fedora-gcc 1.0-6 34.62 NOTE --no-stop-on-test-error
r-devel-macos-x86_64-clang 1.0-6 31.34 NOTE --no-stop-on-test-error
r-devel-windows-ix86+x86_64 1.0-6 3.00 74.00 77.00 NOTE
r-patched-linux-x86_64 1.0-6 0.95 19.80 20.75 NOTE
r-patched-solaris-sparc 1.0-6 220.20 NOTE
r-patched-solaris-x86 1.0-6 53.50 NOTE
r-release-linux-x86_64 1.0-6 0.78 16.46 17.24 NOTE
r-release-osx-x86_64-mavericks 1.0-6 NOTE
r-release-windows-ix86+x86_64 1.0-6 4.00 59.00 63.00 NOTE
r-oldrel-windows-ix86+x86_64 1.0-6 4.00 53.00 57.00 NOTE

Check Details

Version: 1.0-6
Check: DESCRIPTION meta-information
Result: NOTE
    Malformed Description field: should contain one or more complete sentences.
Flavors: r-devel-linux-x86_64-debian-clang, r-devel-linux-x86_64-debian-gcc, r-devel-windows-ix86+x86_64, r-patched-linux-x86_64, r-patched-solaris-sparc, r-patched-solaris-x86, r-release-linux-x86_64, r-release-osx-x86_64-mavericks, r-release-windows-ix86+x86_64, r-oldrel-windows-ix86+x86_64

Version: 1.0-6
Check: dependencies in R code
Result: NOTE
    Package in Depends field not imported from: ‘abind’
     These packages need to be imported from (in the NAMESPACE file)
     for when this namespace is loaded but not attached.
Flavors: r-devel-linux-x86_64-debian-clang, r-devel-linux-x86_64-debian-gcc, r-devel-windows-ix86+x86_64, r-patched-linux-x86_64, r-patched-solaris-sparc, r-patched-solaris-x86, r-release-linux-x86_64, r-release-osx-x86_64-mavericks, r-release-windows-ix86+x86_64, r-oldrel-windows-ix86+x86_64

Version: 1.0-6
Check: S3 generic/method consistency
Result: NOTE
    Found the following apparent S3 methods exported but not registered:
     Ops.multipol as.array.multipol as.character.multipol
     as.function.multipol deriv.multipol print.multipol
    See section ‘Registering S3 methods’ in the ‘Writing R Extensions’
    manual.
Flavors: r-devel-linux-x86_64-debian-clang, r-devel-linux-x86_64-debian-gcc, r-patched-linux-x86_64, r-patched-solaris-sparc, r-patched-solaris-x86, r-release-linux-x86_64

Version: 1.0-6
Flags: --no-stop-on-test-error
Check: DESCRIPTION meta-information
Result: NOTE
    Malformed Description field: should contain one or more complete sentences.
Flavors: r-devel-linux-x86_64-fedora-clang, r-devel-linux-x86_64-fedora-gcc, r-devel-macos-x86_64-clang

Version: 1.0-6
Flags: --no-stop-on-test-error
Check: dependencies in R code
Result: NOTE
    Package in Depends field not imported from: ‘abind’
     These packages need to be imported from (in the NAMESPACE file)
     for when this namespace is loaded but not attached.
Flavors: r-devel-linux-x86_64-fedora-clang, r-devel-linux-x86_64-fedora-gcc, r-devel-macos-x86_64-clang

Version: 1.0-6
Flags: --no-stop-on-test-error
Check: S3 generic/method consistency
Result: NOTE
    Found the following apparent S3 methods exported but not registered:
     Ops.multipol as.array.multipol as.character.multipol
     as.function.multipol deriv.multipol print.multipol
    See section ‘Registering S3 methods’ in the ‘Writing R Extensions’
    manual.
Flavors: r-devel-linux-x86_64-fedora-clang, r-devel-linux-x86_64-fedora-gcc, r-devel-macos-x86_64-clang