CRAN Package Check Results for Package multipol

Last updated on 2015-04-01 08:50:10.

Flavor Version Tinstall Tcheck Ttotal Status Flags
r-devel-linux-x86_64-debian-clang 1.0-6 0.78 15.68 16.46 NOTE
r-devel-linux-x86_64-debian-gcc 1.0-6 0.71 15.31 16.02 NOTE
r-devel-linux-x86_64-fedora-clang 1.0-6 31.96 NOTE
r-devel-linux-x86_64-fedora-gcc 1.0-6 33.63 NOTE
r-devel-osx-x86_64-clang 1.0-6 44.38 NOTE
r-prerel-windows-ix86+x86_64 1.0-6 5.00 31.00 36.00 NOTE
r-prerel-linux-x86_64 1.0-6 0.71 15.29 16.00 NOTE
r-prerel-solaris-sparc 1.0-6 201.20 NOTE
r-prerel-solaris-x86 1.0-6 42.20 NOTE
r-release-linux-x86_64 1.0-6 0.76 16.80 17.56 NOTE
r-release-osx-x86_64-mavericks 1.0-6 NOTE
r-release-osx-x86_64-snowleopard 1.0-6 NOTE
r-release-windows-ix86+x86_64 1.0-6 3.00 31.00 34.00 NOTE
r-oldrel-windows-ix86+x86_64 1.0-6 6.00 30.00 36.00 NOTE

Check Details

Version: 1.0-6
Check: DESCRIPTION meta-information
Result: NOTE
    Malformed Description field: should contain one or more complete sentences.
Flavors: r-devel-linux-x86_64-debian-clang, r-devel-linux-x86_64-debian-gcc, r-devel-linux-x86_64-fedora-clang, r-devel-linux-x86_64-fedora-gcc, r-devel-osx-x86_64-clang, r-prerel-windows-ix86+x86_64, r-prerel-linux-x86_64, r-prerel-solaris-sparc, r-prerel-solaris-x86

Version: 1.0-6
Check: dependencies in R code
Result: NOTE
    Package in Depends field not imported from: ‘abind’
     These packages need to be imported from (in the NAMESPACE file)
     for when this namespace is loaded but not attached.
Flavors: r-devel-linux-x86_64-debian-clang, r-devel-linux-x86_64-debian-gcc, r-devel-linux-x86_64-fedora-clang, r-devel-linux-x86_64-fedora-gcc, r-devel-osx-x86_64-clang, r-prerel-windows-ix86+x86_64, r-prerel-linux-x86_64, r-prerel-solaris-sparc, r-prerel-solaris-x86, r-release-linux-x86_64, r-release-windows-ix86+x86_64

Version: 1.0-6
Check: S3 generic/method consistency
Result: NOTE
    Found the following apparent S3 methods exported but not registered:
     Ops.multipol as.array.multipol as.character.multipol
     as.function.multipol deriv.multipol print.multipol
    See section ‘Registering S3 methods’ in the ‘Writing R Extensions’
    manual.
Flavors: r-devel-linux-x86_64-debian-clang, r-devel-linux-x86_64-debian-gcc, r-devel-linux-x86_64-fedora-clang, r-devel-linux-x86_64-fedora-gcc, r-devel-osx-x86_64-clang, r-prerel-linux-x86_64

Version: 1.0-6
Check: dependencies in R code
Result: NOTE
    Package in Depends field not imported from: ‘abind’
     These packages need to be imported from (in the NAMESPACE file)
     for when this namespace is loaded but not attached.
    See the information on DESCRIPTION files in the chapter ‘Creating R
    packages’ of the ‘Writing R Extensions’ manual.
Flavors: r-release-osx-x86_64-mavericks, r-oldrel-windows-ix86+x86_64

Version: 1.0-6
Check: re-building of vignette outputs
Result: NOTE
    Error in re-building vignettes:
     ...
    Loading required package: multipol
    Loading required package: abind
    
    Attaching package: 'multipol'
    
    The following object is masked from 'package:base':
    
     single
    
    Loading required package: polynom
    Error in texi2dvi(file = file, pdf = TRUE, clean = clean, quiet = quiet, :
     Running 'texi2dvi' on 'multipol.tex' failed.
    LaTeX errors:
    ! LaTeX Error: File `dsfont.sty' not found.
    
    Type X to quit or <RETURN> to proceed,
    or enter new name. (Default extension: sty)
    
    multipol.Rcheck/vign_test/multipol/vignettes/multipol.tex:4: ==> Fatal error o
    ccurred, no output PDF file produced!
    Calls: buildVignettes -> texi2pdf -> texi2dvi
    Execution halted
Flavor: r-release-osx-x86_64-snowleopard