CRAN Package Check Results for Package multisensi

Last updated on 2017-10-21 18:47:21.

Flavor Version Tinstall Tcheck Ttotal Status Flags
r-devel-linux-x86_64-debian-clang 2.1 1.16 46.60 47.76 OK
r-devel-linux-x86_64-debian-gcc 2.1 1.05 49.44 50.49 OK
r-devel-linux-x86_64-fedora-clang 2.1 101.18 OK
r-devel-linux-x86_64-fedora-gcc 2.1 99.00 OK
r-devel-windows-ix86+x86_64 2.1 4.00 113.00 117.00 OK
r-patched-linux-x86_64 2.1 1.39 45.83 47.22 OK
r-patched-solaris-x86 2.1 187.10 OK
r-release-linux-x86_64 2.1 1.00 44.95 45.95 OK
r-release-windows-ix86+x86_64 2.1 4.00 83.00 87.00 OK
r-release-osx-x86_64 2.1 WARN
r-oldrel-windows-ix86+x86_64 2.1 3.00 102.00 105.00 OK
r-oldrel-osx-x86_64 2.1 OK

Check Details

Version: 2.1
Check: re-building of vignette outputs
Result: WARN
    Error in re-building vignettes:
     ...
    Warning: running command 'kpsewhich framed.sty' had status 1
    Warning in test_latex_pkg("framed", system.file("misc", "framed.sty", package = "knitr")) :
     unable to find LaTeX package 'framed'; will use a copy from knitr
    Error in texi2dvi(file = file, pdf = TRUE, clean = clean, quiet = quiet, :
     Running 'texi2dvi' on 'multisensi-vignette.tex' failed.
    LaTeX errors:
    ! LaTeX Error: File `epic.sty' not found.
    
    Type X to quit or <RETURN> to proceed,
    or enter new name. (Default extension: sty)
    
    ! Emergency stop.
    <read *>
    
    l.57 \usepackage
     {graphicx}^^M
    ! ==> Fatal error occurred, no output PDF file produced!
    Calls: buildVignettes -> texi2pdf -> texi2dvi
    Execution halted
Flavor: r-release-osx-x86_64