CRAN Package Check Results for Package multisensi

Last updated on 2014-04-23 20:47:16.

Flavor Version Tinstall Tcheck Ttotal Status Flags
r-devel-linux-x86_64-debian-clang 1.0-7 0.80 13.45 14.25 OK
r-devel-linux-x86_64-debian-gcc 1.0-7 0.78 13.24 14.02 OK
r-devel-linux-x86_64-fedora-clang 1.0-7 30.14 OK
r-devel-linux-x86_64-fedora-gcc 1.0-7 29.60 OK
r-devel-osx-x86_64-clang 1.0-7 29.07 OK
r-devel-osx-x86_64-gcc 1.0-7 OK
r-devel-windows-ix86+x86_64 1.0-7 3.00 19.00 22.00 OK
r-patched-linux-x86_64 1.0-7 0.80 13.44 14.24 OK
r-patched-solaris-sparc 1.0-7 185.20 OK
r-patched-solaris-x86 1.0-7 41.70 OK
r-release-linux-ix86 1.0-7 1.00 29.00 30.00 OK
r-release-linux-x86_64 1.0-7 0.79 13.33 14.12 OK
r-release-osx-x86_64-mavericks 1.0-7 WARN
r-release-windows-ix86+x86_64 1.0-7 3.00 21.00 24.00 OK
r-oldrel-windows-ix86+x86_64 1.0-7 3.00 22.00 25.00 OK

Check Details

Version: 1.0-7
Check: PDF version of manual
Result: WARNING
    LaTeX errors when creating PDF version.
    This typically indicates Rd problems.
    LaTeX errors found:
    ! LaTeX Error: File `upquote.sty' not found.
    
    Type X to quit or <RETURN> to proceed,
    or enter new name. (Default extension: sty)
    
    63b5d8/Rd2.tex:8: ==> Fatal error occurred, no output PDF file produced!
Flavor: r-release-osx-x86_64-mavericks