CRAN Package Check Results for Package multisensi

Last updated on 2017-04-29 23:50:35.

Flavor Version Tinstall Tcheck Ttotal Status Flags
r-devel-linux-x86_64-debian-clang 2.0 1.06 47.45 48.51 OK
r-devel-linux-x86_64-debian-gcc 2.0 1.09 46.10 47.19 OK
r-devel-linux-x86_64-fedora-clang 2.0 95.06 OK --no-stop-on-test-error
r-devel-linux-x86_64-fedora-gcc 2.0 95.24 OK --no-stop-on-test-error
r-devel-windows-ix86+x86_64 2.0 8.00 112.00 120.00 OK
r-patched-linux-x86_64 2.0 1.13 45.27 46.39 OK
r-patched-solaris-sparc 2.0 592.20 OK
r-patched-solaris-x86 2.0 183.50 OK
r-release-linux-x86_64 2.0 1.09 45.07 46.16 OK
r-release-windows-ix86+x86_64 2.0 5.00 110.00 115.00 OK
r-release-osx-x86_64 2.0 WARN
r-oldrel-windows-ix86+x86_64 2.0 6.00 96.00 102.00 OK
r-oldrel-osx-x86_64 2.0 OK

Check Details

Version: 2.0
Check: re-building of vignette outputs
Result: WARN
    Error in re-building vignettes:
     ...
    Warning: running command 'kpsewhich framed.sty' had status 1
    Warning in test_latex_pkg("framed", system.file("misc", "framed.sty", package = "knitr")) :
     unable to find LaTeX package 'framed'; will use a copy from knitr
    Error in texi2dvi(file = file, pdf = TRUE, clean = clean, quiet = quiet, :
     Running 'texi2dvi' on 'multisensi-vignette.tex' failed.
    LaTeX errors:
    ! LaTeX Error: File `epic.sty' not found.
    
    Type X to quit or <RETURN> to proceed,
    or enter new name. (Default extension: sty)
    
    ! Emergency stop.
    <read *>
    
    l.57 \usepackage
     {graphicx}^^M
    ! ==> Fatal error occurred, no output PDF file produced!
    Calls: buildVignettes -> texi2pdf -> texi2dvi
    Execution halted
Flavor: r-release-osx-x86_64