CRAN Package Check Results for Package multisensi

Last updated on 2015-07-29 23:47:16.

Flavor Version Tinstall Tcheck Ttotal Status Flags
r-devel-linux-x86_64-debian-clang 1.0-8 0.70 13.07 13.77 NOTE
r-devel-linux-x86_64-debian-gcc 1.0-8 0.75 12.70 13.45 NOTE
r-devel-linux-x86_64-fedora-clang 1.0-8 26.53 NOTE
r-devel-linux-x86_64-fedora-gcc 1.0-8 24.83 NOTE
r-devel-osx-x86_64-clang 1.0-8 22.92 OK
r-devel-windows-ix86+x86_64 1.0-8 5.00 31.00 36.00 NOTE
r-patched-linux-x86_64 1.0-8 0.76 14.22 14.98 OK
r-patched-solaris-sparc 1.0-8 168.70 OK
r-patched-solaris-x86 1.0-8 38.70 OK
r-release-linux-x86_64 1.0-8 0.80 13.61 14.41 OK
r-release-osx-x86_64-mavericks 1.0-8 OK
r-release-windows-ix86+x86_64 1.0-8 5.00 38.00 43.00 OK
r-oldrel-windows-ix86+x86_64 1.0-8 5.00 35.00 40.00 OK

Check Details

Version: 1.0-8
Check: R code for possible problems
Result: NOTE
    ACP: no visible binding for global variable ‘var’
    ACP: no visible global function definition for ‘prcomp’
    anovadec: no visible global function definition for ‘formula’
    anovadec: no visible global function definition for ‘aov’
    anovadec: no visible global function definition for ‘predict’
    graph.bar: no visible global function definition for ‘barplot’
    graph.pc: no visible global function definition for ‘par’
    graph.pc: no visible global function definition for ‘plot’
    graph.pc: no visible global function definition for ‘abline’
    plot.dynsi: no visible global function definition for ‘plot’
    plot.dynsi: no visible global function definition for ‘polygon’
    plot.dynsi: no visible global function definition for ‘text’
    plot.gsi: no visible global function definition for ‘dev.new’
    plot.gsi: no visible global function definition for ‘plot’
    quality: no visible binding for global variable ‘var’
    Undefined global functions or variables:
     abline aov barplot dev.new formula par plot polygon prcomp predict
     text var
    Consider adding
     importFrom("grDevices", "dev.new")
     importFrom("graphics", "abline", "barplot", "par", "plot", "polygon",
     "text")
     importFrom("stats", "aov", "formula", "prcomp", "predict", "var")
    to your NAMESPACE.
Flavors: r-devel-linux-x86_64-debian-clang, r-devel-linux-x86_64-debian-gcc, r-devel-linux-x86_64-fedora-clang, r-devel-linux-x86_64-fedora-gcc, r-devel-windows-ix86+x86_64