CRAN Package Check Results for Package multisensi

Last updated on 2017-06-25 09:48:15.

Flavor Version Tinstall Tcheck Ttotal Status Flags
r-devel-linux-x86_64-debian-clang 2.0 1.06 46.78 47.85 OK
r-devel-linux-x86_64-debian-gcc 2.0 1.00 44.85 45.85 OK
r-devel-linux-x86_64-fedora-clang 2.0 96.22 OK
r-devel-linux-x86_64-fedora-gcc 2.0 92.50 OK
r-devel-windows-ix86+x86_64 2.0 5.00 104.00 109.00 OK
r-patched-linux-x86_64 2.0 0.98 45.11 46.09 OK
r-patched-solaris-sparc 2.0 592.20 OK
r-patched-solaris-x86 2.0 190.50 OK
r-release-linux-x86_64 2.0 1.02 45.87 46.89 OK
r-release-windows-ix86+x86_64 2.0 5.00 108.00 113.00 OK
r-release-osx-x86_64 2.0 WARN
r-oldrel-windows-ix86+x86_64 2.0 6.00 107.00 113.00 OK
r-oldrel-osx-x86_64 2.0 OK

Check Details

Version: 2.0
Check: re-building of vignette outputs
Result: WARN
    Error in re-building vignettes:
     ...
    Warning: running command 'kpsewhich framed.sty' had status 1
    Warning in test_latex_pkg("framed", system.file("misc", "framed.sty", package = "knitr")) :
     unable to find LaTeX package 'framed'; will use a copy from knitr
    Error in texi2dvi(file = file, pdf = TRUE, clean = clean, quiet = quiet, :
     Running 'texi2dvi' on 'multisensi-vignette.tex' failed.
    LaTeX errors:
    ! LaTeX Error: File `epic.sty' not found.
    
    Type X to quit or <RETURN> to proceed,
    or enter new name. (Default extension: sty)
    
    ! Emergency stop.
    <read *>
    
    l.57 \usepackage
     {graphicx}^^M
    ! ==> Fatal error occurred, no output PDF file produced!
    Calls: buildVignettes -> texi2pdf -> texi2dvi
    Execution halted
Flavor: r-release-osx-x86_64