CRAN Package Check Results for Package multisensi

Last updated on 2015-02-27 15:47:45.

Flavor Version Tinstall Tcheck Ttotal Status Flags
r-devel-linux-x86_64-debian-clang 1.0-8 0.78 14.11 14.90 OK
r-devel-linux-x86_64-debian-gcc 1.0-8 0.71 13.08 13.79 OK
r-devel-linux-x86_64-fedora-clang 1.0-8 27.19 OK
r-devel-linux-x86_64-fedora-gcc 1.0-8 25.21 OK
r-devel-osx-x86_64-clang 1.0-8 28.34 OK
r-devel-windows-ix86+x86_64 1.0-8 4.00 20.00 24.00 OK
r-patched-linux-x86_64 1.0-8 0.79 14.06 14.85 OK
r-patched-solaris-sparc 1.0-8 226.60 WARN
r-release-linux-ix86 1.0-8 1.08 22.14 23.23 OK
r-release-linux-x86_64 1.0-8 0.79 14.83 15.62 OK
r-release-osx-x86_64-mavericks 1.0-8 OK
r-release-osx-x86_64-snowleopard 1.0-8 OK
r-release-windows-ix86+x86_64 1.0-8 4.00 22.00 26.00 OK
r-oldrel-windows-ix86+x86_64 1.0-8 4.00 24.00 28.00 OK

Check Details

Version: 1.0-8
Check: data for ASCII and uncompressed saves
Result: WARN
     Error in close.connection(con) : fwrite error
     Calls: <Anonymous> ... resaveRdaFiles -> save -> close -> close.connection
     Execution halted
Flavor: r-patched-solaris-sparc