CRAN Package Check Results for Package multispatialCCM

Last updated on 2019-01-19 21:46:35 CET.

Flavor Version Tinstall Tcheck Ttotal Status Flags
r-devel-linux-x86_64-debian-clang 1.0 2.10 22.16 24.26 NOTE
r-devel-linux-x86_64-debian-gcc 1.0 1.59 17.67 19.26 NOTE
r-devel-linux-x86_64-fedora-clang 1.0 29.26 NOTE
r-devel-linux-x86_64-fedora-gcc 1.0 27.20 NOTE
r-devel-windows-ix86+x86_64 1.0 7.00 41.00 48.00 NOTE
r-patched-linux-x86_64 1.0 2.07 20.74 22.81 NOTE
r-patched-solaris-x86 1.0 60.10 NOTE
r-release-linux-x86_64 1.0 1.69 20.41 22.10 NOTE
r-release-windows-ix86+x86_64 1.0 7.00 38.00 45.00 NOTE
r-release-osx-x86_64 1.0 NOTE
r-oldrel-windows-ix86+x86_64 1.0 7.00 47.00 54.00 NOTE
r-oldrel-osx-x86_64 1.0 NOTE

Check Details

Version: 1.0
Check: R code for possible problems
Result: NOTE
    CCM_boot : <anonymous>: no visible global function definition for ‘sd’
    SSR_check_signal: no visible global function definition for ‘cor’
    SSR_check_signal: no visible global function definition for ‘cor.test’
    SSR_check_signal: no visible global function definition for ‘lm’
    SSR_pred_boot: no visible global function definition for ‘cor’
    make_ccm_data: no visible global function definition for ‘rnorm’
    make_ccm_data: no visible global function definition for ‘runif’
    make_ccm_data: no visible global function definition for ‘rlnorm’
    Undefined global functions or variables:
     cor cor.test lm rlnorm rnorm runif sd
    Consider adding
     importFrom("stats", "cor", "cor.test", "lm", "rlnorm", "rnorm",
     "runif", "sd")
    to your NAMESPACE file.
Flavors: r-devel-linux-x86_64-debian-clang, r-devel-linux-x86_64-debian-gcc, r-devel-linux-x86_64-fedora-clang, r-devel-linux-x86_64-fedora-gcc, r-devel-windows-ix86+x86_64, r-patched-linux-x86_64, r-patched-solaris-x86, r-release-linux-x86_64, r-release-windows-ix86+x86_64, r-release-osx-x86_64, r-oldrel-windows-ix86+x86_64, r-oldrel-osx-x86_64

Version: 1.0
Check: compiled code
Result: NOTE
    File ‘multispatialCCM/libs/multispatialCCM.so’:
     Found no calls to: ‘R_registerRoutines’, ‘R_useDynamicSymbols’
    
    It is good practice to register native routines and to disable symbol
    search.
    
    See ‘Writing portable packages’ in the ‘Writing R Extensions’ manual.
Flavors: r-devel-linux-x86_64-fedora-clang, r-devel-linux-x86_64-fedora-gcc