CRAN Package Check Results for Package multitable

Last updated on 2014-04-23 12:48:22.

Flavor Version Tinstall Tcheck Ttotal Status Flags
r-devel-linux-x86_64-debian-clang 1.6 0.95 56.69 57.64 OK
r-devel-linux-x86_64-debian-gcc 1.6 0.88 57.60 58.48 OK
r-devel-linux-x86_64-fedora-clang 1.6 125.01 OK
r-devel-linux-x86_64-fedora-gcc 1.6 124.55 OK
r-devel-osx-x86_64-clang 1.6 109.24 OK
r-devel-osx-x86_64-gcc 1.6 WARN
r-devel-windows-ix86+x86_64 1.6 3.00 104.00 107.00 OK
r-patched-linux-x86_64 1.6 0.89 56.34 57.23 OK
r-patched-solaris-sparc 1.6 668.60 OK
r-patched-solaris-x86 1.6 143.50 OK
r-release-linux-ix86 1.6 2.00 89.00 91.00 OK
r-release-linux-x86_64 1.6 0.95 56.12 57.06 OK
r-release-osx-x86_64-mavericks 1.6 WARN
r-release-osx-x86_64-snowleopard 1.6 OK
r-release-windows-ix86+x86_64 1.6 4.00 91.00 95.00 OK
r-oldrel-windows-ix86+x86_64 1.6 3.00 94.00 97.00 OK

Check Details

Version: 1.6
Check: package dependencies
Result: NOTE
    Packages suggested but not available for checking:
     ‘arm’ ‘ggplot2’ ‘scales’ ‘vegan’
Flavor: r-devel-osx-x86_64-gcc

Version: 1.6
Check: running R code from vignettes
Result: WARNING
    Errors in running code in vignettes:
    when running code in ‘multitable.Rnw’
     ...
    > higgins$species <- with(higgins, reorder(species,
    + rank(life.history)))
    
    > higgins.df <- as.data.frame(higgins)
    
    > library("ggplot2")
    
     When sourcing ‘multitable.R’:
    Error: there is no package called ‘ggplot2’
    Execution halted
Flavor: r-devel-osx-x86_64-gcc

Version: 1.6
Check: re-building of vignette outputs
Result: NOTE
    Error in re-building vignettes:
     ...
     there is no package called ‘vegan’
    Loading required package: scales
    Warning in library(package, lib.loc = lib.loc, character.only = TRUE, logical.return = TRUE, :
     there is no package called ‘scales’
    dimids automatically generated
    dimids automatically generated
    omitting width because it is not replicated along MARGIN
    omitting temp because it is not replicated along MARGIN
    omitting depth because it is not replicated along MARGIN
    omitting velocity because it is not replicated along MARGIN
    omitting substrate because it is not replicated along MARGIN
    omitting habitat because it is not replicated along MARGIN
    omitting trophic because of the following error:
     Error in median.default(newX[, i], ...) : need numeric data
    
    omitting life.history because of the following error:
     Error in median.default(newX[, i], ...) : need numeric data
    
    omitting trophic because it is not replicated along MARGIN
    omitting life.history because it is not replicated along MARGIN
    
    Error: processing vignette 'multitable.Rnw' failed with diagnostics:
     chunk 57 (label = a faceted ggplot scatterplot from a data list)
    Error in library("ggplot2") : there is no package called ‘ggplot2’
    Execution halted
Flavor: r-devel-osx-x86_64-gcc

Version: 1.6
Check: package dependencies
Result: NOTE
    Package suggested but not available for checking: ‘arm’
Flavor: r-release-osx-x86_64-mavericks

Version: 1.6
Check: running R code from vignettes
Result: WARNING
    Errors in running code in vignettes:
    when running code in ‘multitable.Rnw’
     ...
    
    > higgins.df <- as.data.frame(higgins)
    
    > library("ggplot2")
    
    > library("arm")
    
     When sourcing ‘multitable.R’:
    Error: there is no package called ‘arm’
    Execution halted
Flavor: r-release-osx-x86_64-mavericks

Version: 1.6
Check: re-building of vignette outputs
Result: NOTE
    Error in re-building vignettes:
     ...
    Loading required package: permute
    Loading required package: lattice
    This is vegan 2.0-10
    Loading required package: scales
    dimids automatically generated
    dimids automatically generated
    omitting width because it is not replicated along MARGIN
    omitting temp because it is not replicated along MARGIN
    omitting depth because it is not replicated along MARGIN
    omitting velocity because it is not replicated along MARGIN
    omitting substrate because it is not replicated along MARGIN
    omitting habitat because it is not replicated along MARGIN
    omitting trophic because of the following error:
     Error in median.default(newX[, i], ...) : need numeric data
    
    omitting life.history because of the following error:
     Error in median.default(newX[, i], ...) : need numeric data
    
    omitting trophic because it is not replicated along MARGIN
    omitting life.history because it is not replicated along MARGIN
    
    Error: processing vignette 'multitable.Rnw' failed with diagnostics:
     chunk 57 (label = a faceted ggplot scatterplot from a data list)
    Error in library("arm") : there is no package called ‘arm’
    Execution halted
Flavor: r-release-osx-x86_64-mavericks

Version: 1.6
Check: PDF version of manual
Result: WARNING
    LaTeX errors when creating PDF version.
    This typically indicates Rd problems.
    LaTeX errors found:
    ! LaTeX Error: File `upquote.sty' not found.
    
    Type X to quit or <RETURN> to proceed,
    or enter new name. (Default extension: sty)
    
    e38c790/Rd2.tex:8: ==> Fatal error occurred, no output PDF file produced!
Flavor: r-release-osx-x86_64-mavericks