CRAN Package Check Results for Package multitable

Last updated on 2015-08-29 10:46:55.

Flavor Version Tinstall Tcheck Ttotal Status Flags
r-devel-linux-x86_64-debian-clang 1.6 0.76 47.32 48.08 NOTE
r-devel-linux-x86_64-debian-gcc 1.6 0.74 46.58 47.32 NOTE
r-devel-linux-x86_64-fedora-clang 1.6 93.83 NOTE
r-devel-linux-x86_64-fedora-gcc 1.6 91.96 NOTE
r-devel-osx-x86_64-clang 1.6 79.99 OK
r-devel-windows-ix86+x86_64 1.6 6.00 83.00 89.00 NOTE
r-patched-linux-x86_64 1.6 0.84 47.47 48.31 OK
r-patched-solaris-sparc 1.6 570.10 OK
r-patched-solaris-x86 1.6 122.70 OK
r-release-linux-x86_64 1.6 0.86 49.46 50.32 OK
r-release-osx-x86_64-mavericks 1.6 NOTE
r-release-windows-ix86+x86_64 1.6 5.00 82.00 87.00 OK
r-oldrel-windows-ix86+x86_64 1.6 5.00 92.00 97.00 OK

Check Details

Version: 1.6
Check: R code for possible problems
Result: NOTE
    .onAttach: no visible global function definition for ‘packageVersion’
    Ops.data.list: no visible global function definition for ‘na.omit’
    [.data.list: no visible global function definition for ‘complete.cases’
    aperm.factor: no visible global function definition for ‘as’
    read.fourthcorner: no visible global function definition for
     ‘read.table’
    read.matrix: no visible global function definition for ‘read.table’
    read.multitable: no visible binding for global variable ‘read.table’
    str.data.list: no visible global function definition for ‘str’
    variable_margins: no visible binding for global variable ‘na.omit’
    Undefined global functions or variables:
     as complete.cases na.omit packageVersion read.table str
    Consider adding
     importFrom("methods", "as")
     importFrom("stats", "complete.cases", "na.omit")
     importFrom("utils", "packageVersion", "read.table", "str")
    to your NAMESPACE (and ensure that your DESCRIPTION Imports field
    contains 'methods').
Flavors: r-devel-linux-x86_64-debian-clang, r-devel-linux-x86_64-debian-gcc, r-devel-linux-x86_64-fedora-clang, r-devel-linux-x86_64-fedora-gcc, r-devel-windows-ix86+x86_64

Version: 1.6
Check: re-building of vignette outputs
Result: NOTE
    Error in re-building vignettes:
     ...
    Warning in loop_apply(n, do.ply) : non-integer x = 2.236068
    Warning in loop_apply(n, do.ply) : non-integer x = 5.567764
    Warning in loop_apply(n, do.ply) : non-integer x = 2.236068
    Warning in loop_apply(n, do.ply) : non-integer x = 4.472136
    Warning in loop_apply(n, do.ply) : non-integer x = 4.472136
    Warning in loop_apply(n, do.ply) : non-integer x = 7.615773
    Warning in loop_apply(n, do.ply) : non-integer x = 14.560220
    Warning in loop_apply(n, do.ply) : non-integer x = 7.211103
    Warning in loop_apply(n, do.ply) : non-integer x = 1.414214
    Warning in loop_apply(n, do.ply) : non-integer x = 1.414214
    Warning in loop_apply(n, do.ply) : non-integer x = 2.828427
    Warning in loop_apply(n, do.ply) : non-integer x = 2.449490
    Warning in loop_apply(n, do.ply) : non-integer x = 3.741657
    Warning in loop_apply(n, do.ply) : non-integer x = 1.414214
    Warning in loop_apply(n, do.ply) : non-integer x = 2.645751
    Warning in loop_apply(n, do.ply) : non-integer x = 3.464102
    Warning in loop_apply(n, do.ply) : non-integer x = 1.414214
    Warning in loop_apply(n, do.ply) : non-integer x = 5.291503
    Warning in loop_apply(n, do.ply) : non-integer x = 2.449490
    
    Error: processing vignette 'multitable.Rnw' failed with diagnostics:
     chunk 58 (label = ggplot)
    Error in list_to_dataframe(res, attr(.data, "split_labels"), .id, id_as_factor) :
     Results must be all atomic, or all data frames
    Execution halted
Flavor: r-release-osx-x86_64-mavericks