CRAN Package Check Results for Package multitable

Last updated on 2015-04-27 11:48:44.

Flavor Version Tinstall Tcheck Ttotal Status Flags
r-devel-linux-x86_64-debian-clang 1.6 0.80 48.06 48.86 OK
r-devel-linux-x86_64-debian-gcc 1.6 1.12 48.59 49.72 OK
r-devel-linux-x86_64-fedora-clang 1.6 99.32 OK
r-devel-linux-x86_64-fedora-gcc 1.6 93.46 OK
r-devel-osx-x86_64-clang 1.6 90.38 OK
r-devel-windows-ix86+x86_64 1.6 4.00 74.00 78.00 OK
r-patched-linux-x86_64 1.6 0.79 47.42 48.22 OK
r-patched-solaris-sparc 1.6 607.40 OK
r-patched-solaris-x86 1.6 85.60 NOTE
r-release-linux-x86_64 1.6 0.78 46.50 47.29 OK
r-release-osx-x86_64-mavericks 1.6 NOTE
r-release-osx-x86_64-snowleopard 1.6 WARN
r-release-windows-ix86+x86_64 1.6 6.00 71.00 77.00 NOTE
r-oldrel-windows-ix86+x86_64 1.6 2.00 74.00 76.00 OK

Check Details

Version: 1.6
Check: re-building of vignette outputs
Result: NOTE
    Error in re-building vignettes:
     ...
    Warning in loop_apply(n, do.ply) : non-integer x = 2.236068
    Warning in loop_apply(n, do.ply) : non-integer x = 5.567764
    Warning in loop_apply(n, do.ply) : non-integer x = 2.236068
    Warning in loop_apply(n, do.ply) : non-integer x = 4.472136
    Warning in loop_apply(n, do.ply) : non-integer x = 4.472136
    Warning in loop_apply(n, do.ply) : non-integer x = 7.615773
    Warning in loop_apply(n, do.ply) : non-integer x = 14.560220
    Warning in loop_apply(n, do.ply) : non-integer x = 7.211103
    Warning in loop_apply(n, do.ply) : non-integer x = 1.414214
    Warning in loop_apply(n, do.ply) : non-integer x = 1.414214
    Warning in loop_apply(n, do.ply) : non-integer x = 2.828427
    Warning in loop_apply(n, do.ply) : non-integer x = 2.449490
    Warning in loop_apply(n, do.ply) : non-integer x = 3.741657
    Warning in loop_apply(n, do.ply) : non-integer x = 1.414214
    Warning in loop_apply(n, do.ply) : non-integer x = 2.645751
    Warning in loop_apply(n, do.ply) : non-integer x = 3.464102
    Warning in loop_apply(n, do.ply) : non-integer x = 1.414214
    Warning in loop_apply(n, do.ply) : non-integer x = 5.291503
    Warning in loop_apply(n, do.ply) : non-integer x = 2.449490
    
    Error: processing vignette 'multitable.Rnw' failed with diagnostics:
     chunk 58 (label = ggplot)
    Error in list_to_dataframe(res, attr(.data, "split_labels"), .id, id_as_factor) :
     Results must be all atomic, or all data frames
    Execution halted
Flavors: r-patched-solaris-x86, r-release-osx-x86_64-mavericks, r-release-windows-ix86+x86_64

Version: 1.6
Check: package dependencies
Result: NOTE
    Packages suggested but not available for checking:
     ‘ggplot2’ ‘scales’ ‘vegan’
Flavor: r-release-osx-x86_64-snowleopard

Version: 1.6
Check: running R code from vignettes
Result: WARN
    Errors in running code in vignettes:
    when running code in ‘multitable.Rnw’
     ...
    > higgins$species <- with(higgins, reorder(species,
    + rank(life.history)))
    
    > higgins.df <- as.data.frame(higgins)
    
    > library("ggplot2")
    
     When sourcing ‘multitable.R’:
    Error: there is no package called ‘ggplot2’
    Execution halted
Flavor: r-release-osx-x86_64-snowleopard

Version: 1.6
Check: re-building of vignette outputs
Result: NOTE
    Error in re-building vignettes:
     ...
     there is no package called ‘vegan’
    Loading required package: scales
    Warning in library(package, lib.loc = lib.loc, character.only = TRUE, logical.return = TRUE, :
     there is no package called ‘scales’
    dimids automatically generated
    dimids automatically generated
    omitting width because it is not replicated along MARGIN
    omitting temp because it is not replicated along MARGIN
    omitting depth because it is not replicated along MARGIN
    omitting velocity because it is not replicated along MARGIN
    omitting substrate because it is not replicated along MARGIN
    omitting habitat because it is not replicated along MARGIN
    omitting trophic because of the following error:
     Error in median.default(newX[, i], ...) : need numeric data
    
    omitting life.history because of the following error:
     Error in median.default(newX[, i], ...) : need numeric data
    
    omitting trophic because it is not replicated along MARGIN
    omitting life.history because it is not replicated along MARGIN
    
    Error: processing vignette 'multitable.Rnw' failed with diagnostics:
     chunk 57 (label = a faceted ggplot scatterplot from a data list)
    Error in library("ggplot2") : there is no package called ‘ggplot2’
    Execution halted
Flavor: r-release-osx-x86_64-snowleopard