CRAN Package Check Results for Package multitaper

Last updated on 2014-10-21 21:46:54.

Flavor Version Tinstall Tcheck Ttotal Status Flags
r-devel-linux-x86_64-debian-clang 1.0-8 2.58 14.16 16.74 OK
r-devel-linux-x86_64-debian-gcc 1.0-8 2.48 13.83 16.31 OK
r-devel-linux-x86_64-fedora-clang 1.0-8 31.45 OK
r-devel-linux-x86_64-fedora-gcc 1.0-8 29.85 OK
r-devel-osx-x86_64-clang 1.0-8 34.11 OK
r-devel-windows-ix86+x86_64 1.0-8 9.00 28.00 37.00 OK
r-patched-linux-x86_64 1.0-8 2.51 14.38 16.90 OK
r-patched-solaris-sparc 1.0-8 205.00 OK
r-patched-solaris-x86 1.0-8 45.10 OK
r-release-linux-ix86 1.0-8 3.28 22.16 25.44 OK
r-release-linux-x86_64 1.0-8 2.45 14.78 17.23 OK
r-release-osx-x86_64-mavericks 1.0-8 NOTE
r-release-windows-ix86+x86_64 1.0-8 10.00 33.00 43.00 OK
r-oldrel-windows-ix86+x86_64 1.0-8 10.00 29.00 39.00 OK

Check Details

Version: 1.0-8
Check: package dependencies
Result: NOTE
    Packages suggested but not available for checking: ‘psd’ ‘fftwtools’
Flavor: r-release-osx-x86_64-mavericks