CRAN Package Check Results for Package multitaper

Last updated on 2015-05-24 10:47:03.

Flavor Version Tinstall Tcheck Ttotal Status Flags
r-devel-linux-x86_64-debian-clang 1.0-11 2.50 14.34 16.84 OK
r-devel-linux-x86_64-debian-gcc 1.0-11 2.26 14.26 16.52 OK
r-devel-linux-x86_64-fedora-clang 1.0-11 31.39 OK
r-devel-linux-x86_64-fedora-gcc 1.0-11 30.14 OK
r-devel-osx-x86_64-clang 1.0-11 33.68 OK
r-devel-windows-ix86+x86_64 1.0-11 9.00 28.00 37.00 OK
r-patched-linux-x86_64 1.0-11 2.28 14.42 16.70 OK
r-patched-solaris-sparc 1.0-11 194.70 OK
r-patched-solaris-x86 1.0-11 45.20 OK
r-release-linux-x86_64 1.0-11 2.39 14.24 16.63 OK
r-release-osx-x86_64-mavericks 1.0-11 NOTE
r-release-osx-x86_64-snowleopard 1.0-11 NOTE
r-release-windows-ix86+x86_64 1.0-11 11.00 26.00 37.00 OK
r-oldrel-windows-ix86+x86_64 1.0-11 11.00 30.00 41.00 OK

Check Details

Version: 1.0-11
Check: package dependencies
Result: NOTE
    Package suggested but not available for checking: ‘fftwtools’
Flavor: r-release-osx-x86_64-mavericks

Version: 1.0-11
Check: package dependencies
Result: NOTE
    Packages suggested but not available for checking: ‘psd’ ‘astrochron’
Flavor: r-release-osx-x86_64-snowleopard