CRAN Package Check Results for Package multitaper

Last updated on 2014-07-25 10:52:01.

Flavor Version Tinstall Tcheck Ttotal Status Flags
r-devel-linux-x86_64-debian-clang 1.0-8 2.49 14.01 16.50 OK
r-devel-linux-x86_64-debian-gcc 1.0-8 2.48 14.12 16.60 OK
r-devel-linux-x86_64-fedora-clang 1.0-8 35.52 OK
r-devel-linux-x86_64-fedora-gcc 1.0-8 31.97 OK
r-devel-osx-x86_64-clang 1.0-8 34.67 OK
r-devel-windows-ix86+x86_64 1.0-8 10.00 28.00 38.00 OK
r-patched-linux-x86_64 1.0-8 2.51 13.98 16.49 OK
r-patched-solaris-sparc 1.0-8 211.80 OK
r-patched-solaris-x86 1.0-8 45.60 OK
r-release-linux-ix86 1.0-8 3.27 22.08 25.35 OK
r-release-linux-x86_64 1.0-8 2.54 14.27 16.82 OK
r-release-osx-x86_64-mavericks 1.0-8 NOTE
r-release-windows-ix86+x86_64 1.0-8 9.00 30.00 39.00 OK
r-oldrel-windows-ix86+x86_64 1.0-8 10.00 29.00 39.00 OK

Check Details

Version: 1.0-8
Check: package dependencies
Result: NOTE
    Packages suggested but not available for checking: ‘psd’ ‘fftwtools’
Flavor: r-release-osx-x86_64-mavericks