CRAN Package Check Results for Package multitaper

Last updated on 2015-01-30 03:49:08.

Flavor Version Tinstall Tcheck Ttotal Status Flags
r-devel-linux-x86_64-debian-clang 1.0-9 2.40 13.53 15.93 NOTE
r-devel-linux-x86_64-debian-gcc 1.0-9 2.41 13.39 15.80 NOTE
r-devel-linux-x86_64-fedora-clang 1.0-9 32.62 NOTE
r-devel-linux-x86_64-fedora-gcc 1.0-9 32.01 NOTE
r-devel-osx-x86_64-clang 1.0-9 33.95 NOTE
r-devel-windows-ix86+x86_64 1.0-9 15.00 25.00 40.00 OK
r-patched-linux-x86_64 1.0-9 2.63 14.72 17.35 OK
r-patched-solaris-sparc 1.0-9 205.10 OK
r-patched-solaris-x86 1.0-9 47.20 OK
r-release-linux-ix86 1.0-9 3.30 21.01 24.31 OK
r-release-linux-x86_64 1.0-9 2.52 14.67 17.19 OK
r-release-osx-x86_64-mavericks 1.0-9 NOTE
r-release-osx-x86_64-snowleopard 1.0-9 OK
r-release-windows-ix86+x86_64 1.0-9 10.00 30.00 40.00 OK
r-oldrel-windows-ix86+x86_64 1.0-9 10.00 32.00 42.00 OK

Check Details

Version: 1.0-9
Check: S3 generic/method consistency
Result: NOTE
    Found the following apparent S3 methods exported but not registered:
     plot.mtm.coh
    See section ‘Registering S3 methods’ in the ‘Writing R Extensions’
    manual.
Flavors: r-devel-linux-x86_64-debian-clang, r-devel-linux-x86_64-debian-gcc, r-devel-linux-x86_64-fedora-clang, r-devel-linux-x86_64-fedora-gcc, r-devel-osx-x86_64-clang

Version: 1.0-9
Check: package dependencies
Result: NOTE
    Packages suggested but not available for checking: ‘psd’ ‘fftwtools’
Flavor: r-release-osx-x86_64-mavericks