CRAN Package Check Results for Package multitaper

Last updated on 2014-04-16 06:47:57.

Flavor Version Tinstall Tcheck Ttotal Status Flags
r-devel-linux-x86_64-debian-clang 1.0-8 2.47 14.58 17.04 OK
r-devel-linux-x86_64-debian-gcc 1.0-8 2.60 14.98 17.58 OK
r-devel-linux-x86_64-fedora-clang 1.0-8 33.14 OK
r-devel-linux-x86_64-fedora-gcc 1.0-8 32.11 OK
r-devel-macosx-x86_64-clang 1.0-8 37.08 OK
r-devel-macosx-x86_64-gcc 1.0-8 NOTE
r-devel-windows-ix86+x86_64 1.0-8 9.00 28.00 37.00 OK
r-patched-linux-x86_64 1.0-8 2.47 15.21 17.68 OK
r-patched-solaris-sparc 1.0-8 211.80 OK
r-patched-solaris-x86 1.0-8 46.50 OK
r-release-linux-ix86 1.0-8 5.00 31.00 36.00 OK
r-release-linux-x86_64 1.0-8 2.59 14.60 17.19 OK
r-release-windows-ix86+x86_64 1.0-8 9.00 27.00 36.00 OK
r-oldrel-windows-ix86+x86_64 1.0-8 10.00 29.00 39.00 OK

Check Details

Version: 1.0-8
Check: package dependencies
Result: NOTE
    Package suggested but not available for checking: ‘psd’
Flavor: r-devel-macosx-x86_64-gcc