CRAN Package Check Results for Package multitaper

Last updated on 2017-02-25 17:47:34.

Flavor Version Tinstall Tcheck Ttotal Status Flags
r-devel-linux-x86_64-debian-clang 1.0-12 2.51 17.47 19.98 WARN
r-devel-linux-x86_64-debian-gcc 1.0-12 2.77 17.43 20.20 WARN
r-devel-linux-x86_64-fedora-clang 1.0-12 34.72 WARN --no-stop-on-test-error
r-devel-linux-x86_64-fedora-gcc 1.0-12 32.49 WARN --no-stop-on-test-error
r-devel-macos-x86_64-clang 1.0-12 30.08 WARN --no-stop-on-test-error
r-devel-windows-ix86+x86_64 1.0-12 14.00 59.00 73.00 WARN
r-patched-linux-x86_64 1.0-12 2.42 15.23 17.65 OK
r-patched-solaris-sparc 1.0-12 194.30 OK
r-patched-solaris-x86 1.0-12 47.90 OK
r-release-linux-x86_64 1.0-12 2.47 15.09 17.55 OK
r-release-osx-x86_64-mavericks 1.0-12 OK
r-release-windows-ix86+x86_64 1.0-12 13.00 59.00 72.00 OK
r-oldrel-windows-ix86+x86_64 1.0-12 19.00 48.00 67.00 OK

Check Details

Version: 1.0-12
Check: whether package can be installed
Result: WARN
    Found the following significant warnings:
     Warning: GNU Extension: Symbol ‘k’ is used before it is typed at (1)
     Warning: GNU Extension: Nonstandard type declaration REAL*8 at (1)
     Warning: GNU Extension: Different type kinds at (1)
Flavors: r-devel-linux-x86_64-debian-clang, r-devel-linux-x86_64-debian-gcc, r-devel-windows-ix86+x86_64

Version: 1.0-12
Check: compiled code
Result: NOTE
    File ‘multitaper/libs/multitaper.so’:
     Found no calls to: ‘R_registerRoutines’, ‘R_useDynamicSymbols’
    
    It is good practice to register native routines and to disable symbol
    search.
    
    See ‘Writing portable packages’ in the ‘Writing R Extensions’ manual.
Flavors: r-devel-linux-x86_64-debian-clang, r-devel-linux-x86_64-debian-gcc

Version: 1.0-12
Flags: --no-stop-on-test-error
Check: whether package can be installed
Result: WARN
    Found the following significant warnings:
     Warning: GNU Extension: Symbol ‘k’ is used before it is typed at (1)
     Warning: GNU Extension: Nonstandard type declaration REAL*8 at (1)
     Warning: GNU Extension: Different type kinds at (1)
Flavors: r-devel-linux-x86_64-fedora-clang, r-devel-linux-x86_64-fedora-gcc, r-devel-macos-x86_64-clang

Version: 1.0-12
Flags: --no-stop-on-test-error
Check: compiled code
Result: NOTE
    File ‘multitaper/libs/multitaper.so’:
     Found no calls to: ‘R_registerRoutines’, ‘R_useDynamicSymbols’
    
    It is good practice to register native routines and to disable symbol
    search.
    
    See ‘Writing portable packages’ in the ‘Writing R Extensions’ manual.
Flavors: r-devel-linux-x86_64-fedora-clang, r-devel-linux-x86_64-fedora-gcc, r-devel-macos-x86_64-clang