CRAN Package Check Results for Package multitaper

Last updated on 2016-09-25 10:46:59.

Flavor Version Tinstall Tcheck Ttotal Status Flags
r-devel-linux-x86_64-debian-clang 1.0-12 2.47 15.51 17.98 WARN
r-devel-linux-x86_64-debian-gcc 1.0-12 2.56 15.19 17.75 WARN
r-devel-linux-x86_64-fedora-clang 1.0-12 30.32 WARN
r-devel-linux-x86_64-fedora-gcc 1.0-12 28.87 WARN
r-devel-macos-x86_64-clang 1.0-12 26.85 WARN
r-devel-windows-ix86+x86_64 1.0-12 17.00 46.00 63.00 WARN
r-patched-linux-x86_64 1.0-12 2.36 15.38 17.75 OK
r-patched-solaris-sparc 1.0-12 193.50 OK
r-patched-solaris-x86 1.0-12 45.20 OK
r-release-linux-x86_64 1.0-12 2.52 15.64 18.15 OK
r-release-osx-x86_64-mavericks 1.0-12 OK
r-release-windows-ix86+x86_64 1.0-12 8.00 35.00 43.00 OK
r-oldrel-windows-ix86+x86_64 1.0-12 14.00 56.00 70.00 OK

Check Details

Version: 1.0-12
Check: whether package can be installed
Result: WARN
    Found the following significant warnings:
     Warning: GNU Extension: Symbol ‘k’ is used before it is typed at (1)
     Warning: GNU Extension: Nonstandard type declaration REAL*8 at (1)
     Warning: GNU Extension: Different type kinds at (1)
Flavors: r-devel-linux-x86_64-debian-clang, r-devel-linux-x86_64-debian-gcc, r-devel-linux-x86_64-fedora-clang, r-devel-linux-x86_64-fedora-gcc, r-devel-macos-x86_64-clang, r-devel-windows-ix86+x86_64