CRAN Package Check Results for Package multitaper

Last updated on 2016-08-30 17:47:51.

Flavor Version Tinstall Tcheck Ttotal Status Flags
r-devel-linux-x86_64-debian-clang 1.0-12 2.30 15.50 17.81 WARN
r-devel-linux-x86_64-debian-gcc 1.0-12 2.76 15.10 17.86 WARN
r-devel-linux-x86_64-fedora-clang 1.0-12 32.36 WARN
r-devel-linux-x86_64-fedora-gcc 1.0-12 20.12 WARN
r-devel-osx-x86_64-clang 1.0-12 27.21 WARN
r-devel-windows-ix86+x86_64 1.0-12 17.00 51.00 68.00 OK
r-patched-linux-x86_64 1.0-12 2.38 15.17 17.55 OK
r-patched-solaris-sparc 1.0-12 193.50 OK
r-patched-solaris-x86 1.0-12 46.90 OK
r-release-linux-x86_64 1.0-12 2.40 15.39 17.78 OK
r-release-osx-x86_64-mavericks 1.0-12 OK
r-release-windows-ix86+x86_64 1.0-12 9.00 40.00 49.00 OK
r-oldrel-windows-ix86+x86_64 1.0-12 15.00 52.00 67.00 OK

Check Details

Version: 1.0-12
Check: whether package can be installed
Result: WARN
    Found the following significant warnings:
     Warning: GNU Extension: Symbol ‘k’ is used before it is typed at (1)
     Warning: GNU Extension: Nonstandard type declaration COMPLEX*16 at (1)
     Warning: GNU Extension: Nonstandard type declaration REAL*8 at (1)
     Warning: GNU Extension: Different type kinds at (1)
Flavors: r-devel-linux-x86_64-debian-clang, r-devel-linux-x86_64-debian-gcc

Version: 1.0-12
Check: whether package can be installed
Result: WARN
    Found the following significant warnings:
     Warning: GNU Extension: Nonstandard type declaration REAL*8 at (1)
     Warning: GNU Extension: Symbol ‘k’ is used before it is typed at (1)
     Warning: GNU Extension: Different type kinds at (1)
Flavors: r-devel-linux-x86_64-fedora-clang, r-devel-linux-x86_64-fedora-gcc

Version: 1.0-12
Check: whether package can be installed
Result: WARN
    Found the following significant warnings:
     Warning: GNU Extension: Symbol ‘k’ is used before it is typed at (1)
     Warning: GNU Extension: Nonstandard type declaration REAL*8 at (1)
     Warning: GNU Extension: Different type kinds at (1)
Flavor: r-devel-osx-x86_64-clang