CRAN Package Check Results for Package multitaper

Last updated on 2014-12-20 08:51:05.

Flavor Version Tinstall Tcheck Ttotal Status Flags
r-devel-linux-x86_64-debian-clang 1.0-9 2.54 14.18 16.72 OK
r-devel-linux-x86_64-debian-gcc 1.0-9 2.32 14.03 16.35 OK
r-devel-linux-x86_64-fedora-clang 1.0-9 33.00 OK
r-devel-linux-x86_64-fedora-gcc 1.0-9 32.14 OK
r-devel-osx-x86_64-clang 1.0-9 33.13 OK
r-devel-windows-ix86+x86_64 1.0-9 10.00 29.00 39.00 OK
r-patched-linux-x86_64 1.0-9 2.51 14.34 16.86 OK
r-patched-solaris-sparc 1.0-9 177.50 OK
r-patched-solaris-x86 1.0-9 46.20 OK
r-release-linux-ix86 1.0-9 3.24 20.84 24.08 OK
r-release-linux-x86_64 1.0-9 3.09 14.50 17.59 OK
r-release-osx-x86_64-mavericks 1.0-9 NOTE
r-release-osx-x86_64-snowleopard 1.0-9 OK
r-release-windows-ix86+x86_64 1.0-9 10.00 28.00 38.00 OK
r-oldrel-windows-ix86+x86_64 1.0-9 10.00 34.00 44.00 OK

Check Details

Version: 1.0-9
Check: package dependencies
Result: NOTE
    Packages suggested but not available for checking: ‘psd’ ‘fftwtools’
Flavor: r-release-osx-x86_64-mavericks