CRAN Package Check Results for Package multitaper

Last updated on 2014-09-01 08:47:11.

Flavor Version Tinstall Tcheck Ttotal Status Flags
r-devel-linux-x86_64-debian-clang 1.0-8 2.38 14.17 16.55 OK
r-devel-linux-x86_64-debian-gcc 1.0-8 2.52 13.38 15.90 OK
r-devel-linux-x86_64-fedora-clang 1.0-8 31.30 OK
r-devel-linux-x86_64-fedora-gcc 1.0-8 29.00 OK
r-devel-osx-x86_64-clang 1.0-8 32.94 OK
r-devel-windows-ix86+x86_64 1.0-8 9.00 28.00 37.00 OK
r-patched-linux-x86_64 1.0-8 2.58 14.14 16.72 OK
r-patched-solaris-sparc 1.0-8 205.00 OK
r-patched-solaris-x86 1.0-8 47.40 OK
r-release-linux-ix86 1.0-8 3.24 22.08 25.32 OK
r-release-linux-x86_64 1.0-8 2.40 14.62 17.03 OK
r-release-osx-x86_64-mavericks 1.0-8 NOTE
r-release-windows-ix86+x86_64 1.0-8 9.00 30.00 39.00 OK
r-oldrel-windows-ix86+x86_64 1.0-8 13.00 30.00 43.00 OK

Check Details

Version: 1.0-8
Check: package dependencies
Result: NOTE
    Packages suggested but not available for checking: ‘psd’ ‘fftwtools’
Flavor: r-release-osx-x86_64-mavericks