CRAN Package Check Results for Package multitaper

Last updated on 2015-04-21 06:47:32.

Flavor Version Tinstall Tcheck Ttotal Status Flags
r-devel-linux-x86_64-debian-clang 1.0-11 2.39 13.88 16.27 OK
r-devel-linux-x86_64-debian-gcc 1.0-11 2.41 13.94 16.35 OK
r-devel-linux-x86_64-fedora-clang 1.0-11 31.20 OK
r-devel-linux-x86_64-fedora-gcc 1.0-11 29.52 OK
r-devel-osx-x86_64-clang 1.0-11 33.76 OK
r-devel-windows-ix86+x86_64 1.0-11 14.00 35.00 49.00 OK
r-patched-linux-x86_64 1.0-11 2.72 13.58 16.29 OK
r-patched-solaris-sparc 1.0-11 209.30 OK
r-patched-solaris-x86 1.0-11 43.30 OK
r-release-linux-x86_64 1.0-11 2.29 14.42 16.71 OK
r-release-osx-x86_64-mavericks 1.0-11 NOTE
r-release-osx-x86_64-snowleopard 1.0-11 NOTE
r-release-windows-ix86+x86_64 1.0-11 8.00 24.00 32.00 OK
r-oldrel-windows-ix86+x86_64 1.0-11 8.00 29.00 37.00 OK

Check Details

Version: 1.0-11
Check: package dependencies
Result: NOTE
    Packages suggested but not available for checking:
     ‘psd’ ‘astrochron’ ‘fftwtools’
Flavor: r-release-osx-x86_64-mavericks

Version: 1.0-11
Check: package dependencies
Result: NOTE
    Packages suggested but not available for checking: ‘psd’ ‘astrochron’
Flavor: r-release-osx-x86_64-snowleopard