CRAN Package Check Results for Package multitaper

Last updated on 2015-07-04 14:50:24.

Flavor Version Tinstall Tcheck Ttotal Status Flags
r-devel-linux-x86_64-debian-clang 1.0-11 2.28 13.55 15.83 NOTE
r-devel-linux-x86_64-debian-gcc 1.0-11 2.29 13.68 15.96 NOTE
r-devel-linux-x86_64-fedora-clang 1.0-11 29.23 NOTE
r-devel-linux-x86_64-fedora-gcc 1.0-11 27.63 NOTE
r-devel-osx-x86_64-clang 1.0-11 28.76 OK
r-devel-windows-ix86+x86_64 1.0-11 17.00 30.00 47.00 NOTE
r-patched-linux-x86_64 1.0-11 2.28 13.76 16.04 OK
r-patched-solaris-sparc 1.0-11 194.70 OK
r-patched-solaris-x86 1.0-11 45.30 OK
r-release-linux-x86_64 1.0-11 2.43 14.00 16.44 OK
r-release-osx-x86_64-mavericks 1.0-11 NOTE
r-release-windows-ix86+x86_64 1.0-11 12.00 28.00 40.00 OK
r-oldrel-windows-ix86+x86_64 1.0-11 16.00 29.00 45.00 OK

Check Details

Version: 1.0-11
Check: R code for possible problems
Result: NOTE
    .lplotDefault: no visible global function definition for ‘plot’
    .lplotSpec: no visible global function definition for ‘plot’
    .paxpt7: no visible global function definition for ‘qnorm’
    .plotFtest: no visible global function definition for ‘qf’
    .plotFtest: no visible global function definition for ‘abline’
    .plotFtest: no visible global function definition for ‘mtext’
    .spec.mtm.dpss: no visible global function definition for ‘mvfft’
    .spec.mtm.dpss: no visible global function definition for ‘qt’
    .spec.mtm.sine: no visible global function definition for ‘mvfft’
    .spec.mtm.sine: no visible global function definition for ‘var’
    centre: no visible global function definition for ‘na.fail’
    centre: no visible global function definition for ‘is.ts’
    centre: no visible global function definition for ‘deltat’
    centre: no visible binding for global variable ‘ts’
    demod.dpss: no visible global function definition for ‘deltat’
    dpssToEigenvalues: no visible global function definition for ‘mvfft’
    plot.mtm: no visible global function definition for ‘hasArg’
    plot.mtm: no visible global function definition for ‘plot’
    plot.mtm: no visible global function definition for ‘lines’
    plot.mtm.coh: no visible global function definition for ‘par’
    plot.mtm.coh: no visible global function definition for ‘plot.new’
    plot.mtm.coh: no visible global function definition for ‘plot.window’
    plot.mtm.coh: no visible global function definition for ‘xy.coords’
    plot.mtm.coh: no visible global function definition for ‘plot.xy’
    plot.mtm.coh: no visible global function definition for ‘lines’
    plot.mtm.coh: no visible global function definition for ‘box’
    plot.mtm.coh: no visible global function definition for ‘axis’
    plot.mtm.coh: no visible global function definition for ‘hasArg’
    plot.mtm.coh: no visible global function definition for ‘mtext’
    spec.mtm: no visible binding for global variable ‘na.fail’
    spec.mtm: no visible global function definition for ‘is.ts’
    spec.mtm: no visible global function definition for ‘as.ts’
    spec.mtm: no visible global function definition for ‘var’
    Undefined global functions or variables:
     abline as.ts axis box deltat hasArg is.ts lines mtext mvfft na.fail
     par plot plot.new plot.window plot.xy qf qnorm qt ts var xy.coords
Flavors: r-devel-linux-x86_64-debian-clang, r-devel-linux-x86_64-debian-gcc, r-devel-linux-x86_64-fedora-clang, r-devel-linux-x86_64-fedora-gcc, r-devel-windows-ix86+x86_64

Version: 1.0-11
Check: package dependencies
Result: NOTE
    Package suggested but not available for checking: ‘fftwtools’
Flavor: r-release-osx-x86_64-mavericks