CRAN Package Check Results for Package multitaper

Last updated on 2014-08-27 11:50:56.

Flavor Version Tinstall Tcheck Ttotal Status Flags
r-devel-linux-x86_64-debian-clang 1.0-8 2.49 14.23 16.72 OK
r-devel-linux-x86_64-debian-gcc 1.0-8 2.48 13.39 15.87 OK
r-devel-linux-x86_64-fedora-clang 1.0-8 30.91 OK
r-devel-linux-x86_64-fedora-gcc 1.0-8 29.01 OK
r-devel-osx-x86_64-clang 1.0-8 32.84 OK
r-devel-windows-ix86+x86_64 1.0-8 10.00 27.00 37.00 OK
r-patched-linux-x86_64 1.0-8 2.40 14.47 16.86 OK
r-patched-solaris-sparc 1.0-8 205.00 OK
r-patched-solaris-x86 1.0-8 47.40 OK
r-release-linux-ix86 1.0-8 3.24 22.90 26.14 OK
r-release-linux-x86_64 1.0-8 2.41 14.52 16.93 OK
r-release-osx-x86_64-mavericks 1.0-8 NOTE
r-release-windows-ix86+x86_64 1.0-8 10.00 30.00 40.00 OK
r-oldrel-windows-ix86+x86_64 1.0-8 10.00 30.00 40.00 OK

Check Details

Version: 1.0-8
Check: package dependencies
Result: NOTE
    Packages suggested but not available for checking: ‘psd’ ‘fftwtools’
Flavor: r-release-osx-x86_64-mavericks