CRAN Package Check Results for Package multitaper

Last updated on 2015-03-02 19:52:20.

Flavor Version Tinstall Tcheck Ttotal Status Flags
r-devel-linux-x86_64-debian-clang 1.0-11 2.44 13.72 16.15 OK
r-devel-linux-x86_64-debian-gcc 1.0-11 2.23 13.40 15.63 OK
r-devel-linux-x86_64-fedora-clang 1.0-11 30.59 OK
r-devel-linux-x86_64-fedora-gcc 1.0-11 28.90 OK
r-devel-osx-x86_64-clang 1.0-11 34.38 OK
r-devel-windows-ix86+x86_64 1.0-11 19.00 27.00 46.00 OK
r-patched-linux-x86_64 1.0-11 2.61 15.64 18.25 OK
r-patched-solaris-sparc 1.0-11 182.90 OK
r-patched-solaris-x86 1.0-11 48.80 OK
r-release-linux-ix86 1.0-10 3.22 21.62 24.83 OK
r-release-linux-x86_64 1.0-11 2.49 15.40 17.89 OK
r-release-osx-x86_64-mavericks 1.0-11 NOTE
r-release-osx-x86_64-snowleopard 1.0-11 OK
r-release-windows-ix86+x86_64 1.0-11 17.00 40.00 57.00 OK
r-oldrel-windows-ix86+x86_64 1.0-11 10.00 33.00 43.00 OK

Check Details

Version: 1.0-11
Check: package dependencies
Result: NOTE
    Packages suggested but not available for checking: ‘psd’ ‘fftwtools’
Flavor: r-release-osx-x86_64-mavericks