CRAN Package Check Results for Package multitaper

Last updated on 2014-11-27 23:48:43.

Flavor Version Tinstall Tcheck Ttotal Status Flags
r-devel-linux-x86_64-debian-clang 1.0-8 2.38 14.36 16.74 OK
r-devel-linux-x86_64-debian-gcc 1.0-8 2.48 14.18 16.66 OK
r-devel-linux-x86_64-fedora-clang 1.0-8 33.96 OK
r-devel-linux-x86_64-fedora-gcc 1.0-8 32.63 OK
r-devel-osx-x86_64-clang 1.0-8 33.24 OK
r-devel-windows-ix86+x86_64 1.0-8 9.00 27.00 36.00 OK
r-patched-linux-x86_64 1.0-8 2.50 13.94 16.44 OK
r-patched-solaris-sparc 1.0-8 205.00 OK
r-patched-solaris-x86 1.0-8 45.60 OK
r-release-linux-ix86 1.0-8 3.21 20.24 23.45 OK
r-release-linux-x86_64 1.0-8 2.58 14.28 16.86 OK
r-release-osx-x86_64-mavericks 1.0-8 NOTE
r-release-windows-ix86+x86_64 1.0-8 10.00 27.00 37.00 OK
r-oldrel-windows-ix86+x86_64 1.0-8 10.00 30.00 40.00 OK

Check Details

Version: 1.0-8
Check: package dependencies
Result: NOTE
    Packages suggested but not available for checking: ‘psd’ ‘fftwtools’
Flavor: r-release-osx-x86_64-mavericks