CRAN Package Check Results for Package multitaper

Last updated on 2017-01-23 17:49:25.

Flavor Version Tinstall Tcheck Ttotal Status Flags
r-devel-linux-x86_64-debian-clang 1.0-12 2.51 17.59 20.10 WARN
r-devel-linux-x86_64-debian-gcc 1.0-12 2.57 17.08 19.65 WARN
r-devel-linux-x86_64-fedora-clang 1.0-12 32.77 WARN --no-stop-on-test-error
r-devel-linux-x86_64-fedora-gcc 1.0-12 32.33 WARN --no-stop-on-test-error
r-devel-macos-x86_64-clang 1.0-12 29.41 WARN --no-stop-on-test-error
r-devel-windows-ix86+x86_64 1.0-12 8.00 42.00 50.00 WARN
r-patched-linux-x86_64 1.0-12 2.52 15.36 17.88 OK
r-patched-solaris-sparc 1.0-12 194.30 OK
r-patched-solaris-x86 1.0-12 47.10 OK
r-release-linux-x86_64 1.0-12 2.38 15.29 17.66 OK
r-release-osx-x86_64-mavericks 1.0-12 OK
r-release-windows-ix86+x86_64 1.0-12 24.00 36.00 60.00 OK
r-oldrel-windows-ix86+x86_64 1.0-12 24.00 49.00 73.00 OK

Check Details

Version: 1.0-12
Check: whether package can be installed
Result: WARN
    Found the following significant warnings:
     Warning: GNU Extension: Symbol ‘k’ is used before it is typed at (1)
     Warning: GNU Extension: Nonstandard type declaration REAL*8 at (1)
     Warning: GNU Extension: Different type kinds at (1)
Flavors: r-devel-linux-x86_64-debian-clang, r-devel-linux-x86_64-debian-gcc, r-devel-windows-ix86+x86_64

Version: 1.0-12
Flags: --no-stop-on-test-error
Check: whether package can be installed
Result: WARN
    Found the following significant warnings:
     Warning: GNU Extension: Symbol ‘k’ is used before it is typed at (1)
     Warning: GNU Extension: Nonstandard type declaration REAL*8 at (1)
     Warning: GNU Extension: Different type kinds at (1)
Flavors: r-devel-linux-x86_64-fedora-clang, r-devel-linux-x86_64-fedora-gcc, r-devel-macos-x86_64-clang