CRAN Package Check Results for Package multxpert

Last updated on 2014-08-01 11:48:19.

Flavor Version Tinstall Tcheck Ttotal Status Flags
r-devel-linux-x86_64-debian-clang 0.1 0.58 14.36 14.94 NOTE
r-devel-linux-x86_64-debian-gcc 0.1 0.58 14.39 14.97 NOTE
r-devel-linux-x86_64-fedora-clang 0.1 31.36 NOTE
r-devel-linux-x86_64-fedora-gcc 0.1 28.05 NOTE
r-devel-osx-x86_64-clang 0.1 28.97 NOTE
r-devel-windows-ix86+x86_64 0.1 3.00 24.00 27.00 NOTE
r-patched-linux-x86_64 0.1 0.58 14.39 14.96 NOTE
r-patched-solaris-sparc 0.1 184.40 NOTE
r-patched-solaris-x86 0.1 37.60 NOTE
r-release-linux-ix86 0.1 0.89 21.40 22.29 NOTE
r-release-linux-x86_64 0.1 0.60 14.55 15.15 NOTE
r-release-osx-x86_64-mavericks 0.1 NOTE
r-release-osx-x86_64-snowleopard 0.1 NOTE
r-release-windows-ix86+x86_64 0.1 4.00 26.00 30.00 NOTE
r-oldrel-windows-ix86+x86_64 0.1 3.00 24.00 27.00 NOTE

Check Details

Version: 0.1
Check: R code for possible problems
Result: NOTE
    File multxpert/R/zzz.R :
     .onLoad calls:
     cat("multxpert: Implementation of commonly used p-value based and parametric\n", "multiple testing procedures and parallel gatekeeping procedures.\n", "For more information visit http://multxpert.com/wiki/MultXpert_package\n", sep = "")
    
    Package startup functions should use packageStartupMessage to
     generate messages.
    See section Good practice in '?.onAttach'.
Flavors: r-devel-linux-x86_64-debian-clang, r-devel-linux-x86_64-debian-gcc, r-devel-linux-x86_64-fedora-clang, r-devel-linux-x86_64-fedora-gcc, r-devel-osx-x86_64-clang, r-devel-windows-ix86+x86_64, r-patched-linux-x86_64, r-patched-solaris-sparc, r-patched-solaris-x86, r-release-linux-ix86, r-release-linux-x86_64, r-release-osx-x86_64-mavericks, r-release-osx-x86_64-snowleopard, r-release-windows-ix86+x86_64, r-oldrel-windows-ix86+x86_64