CRAN Package Check Results for Package multxpert

Last updated on 2016-02-13 03:47:01.

Flavor Version Tinstall Tcheck Ttotal Status Flags
r-devel-linux-x86_64-debian-gcc 0.1 0.54 12.80 13.34 NOTE
r-devel-linux-x86_64-fedora-clang 0.1 23.85 NOTE
r-devel-linux-x86_64-fedora-gcc 0.1 22.62 NOTE
r-devel-osx-x86_64-clang 0.1 27.12 NOTE
r-devel-windows-ix86+x86_64 0.1 4.00 26.00 30.00 NOTE
r-patched-linux-x86_64 0.1 0.62 13.41 14.03 NOTE
r-patched-solaris-sparc 0.1 170.60 NOTE
r-patched-solaris-x86 0.1 35.00 NOTE
r-release-linux-x86_64 0.1 0.64 13.53 14.17 NOTE
r-release-osx-x86_64-mavericks 0.1 NOTE
r-release-windows-ix86+x86_64 0.1 4.00 25.00 29.00 NOTE
r-oldrel-windows-ix86+x86_64 0.1 5.00 28.00 33.00 NOTE

Check Details

Version: 0.1
Check: R code for possible problems
Result: NOTE
    File ‘multxpert/R/zzz.R’:
     .onLoad calls:
     cat("multxpert: Implementation of commonly used p-value based and parametric\n", "multiple testing procedures and parallel gatekeeping procedures.\n", "For more information visit http://multxpert.com/wiki/MultXpert_package\n", sep = "")
    
    Package startup functions should use ‘packageStartupMessage’ to
     generate messages.
    See section ‘Good practice’ in '?.onAttach'.
    
    paradjp: no visible global function definition for ‘pt’
    parci: no visible global function definition for ‘qt’
    pdunnett: no visible global function definition for ‘GenzBretz’
    pvalci: no visible global function definition for ‘qnorm’
    qdunnett: no visible global function definition for ‘GenzBretz’
    Undefined global functions or variables:
     GenzBretz pt qnorm qt
    Consider adding
     importFrom("stats", "pt", "qnorm", "qt")
    to your NAMESPACE file.
Flavors: r-devel-linux-x86_64-debian-gcc, r-devel-linux-x86_64-fedora-clang, r-devel-linux-x86_64-fedora-gcc, r-devel-osx-x86_64-clang, r-devel-windows-ix86+x86_64

Version: 0.1
Check: R code for possible problems
Result: NOTE
    File ‘multxpert/R/zzz.R’:
     .onLoad calls:
     cat("multxpert: Implementation of commonly used p-value based and parametric\n", "multiple testing procedures and parallel gatekeeping procedures.\n", "For more information visit http://multxpert.com/wiki/MultXpert_package\n", sep = "")
    
    Package startup functions should use ‘packageStartupMessage’ to
     generate messages.
    See section ‘Good practice’ in '?.onAttach'.
    
    pdunnett: no visible global function definition for ‘GenzBretz’
    qdunnett: no visible global function definition for ‘GenzBretz’
Flavors: r-patched-linux-x86_64, r-patched-solaris-sparc, r-patched-solaris-x86, r-release-linux-x86_64, r-release-osx-x86_64-mavericks, r-release-windows-ix86+x86_64, r-oldrel-windows-ix86+x86_64