CRAN Package Check Results for Package multxpert

Last updated on 2015-03-03 14:47:29.

Flavor Version Tinstall Tcheck Ttotal Status Flags
r-devel-linux-x86_64-debian-clang 0.1 0.61 12.97 13.58 NOTE
r-devel-linux-x86_64-debian-gcc 0.1 0.56 12.81 13.37 NOTE
r-devel-linux-x86_64-fedora-clang 0.1 25.17 NOTE
r-devel-linux-x86_64-fedora-gcc 0.1 24.15 NOTE
r-devel-osx-x86_64-clang 0.1 27.34 NOTE
r-devel-windows-ix86+x86_64 0.1 3.00 22.00 25.00 NOTE
r-patched-linux-x86_64 0.1 0.70 14.55 15.25 NOTE
r-patched-solaris-sparc 0.1 180.30 NOTE
r-patched-solaris-x86 0.1 39.40 NOTE
r-release-linux-ix86 0.1 0.92 21.12 22.04 NOTE
r-release-linux-x86_64 0.1 0.63 14.62 15.25 NOTE
r-release-osx-x86_64-mavericks 0.1 NOTE
r-release-osx-x86_64-snowleopard 0.1 NOTE
r-release-windows-ix86+x86_64 0.1 3.00 23.00 26.00 NOTE
r-oldrel-windows-ix86+x86_64 0.1 3.00 24.00 27.00 NOTE

Check Details

Version: 0.1
Check: R code for possible problems
Result: NOTE
    File ‘multxpert/R/zzz.R’:
     .onLoad calls:
     cat("multxpert: Implementation of commonly used p-value based and parametric\n", "multiple testing procedures and parallel gatekeeping procedures.\n", "For more information visit http://multxpert.com/wiki/MultXpert_package\n", sep = "")
    
    Package startup functions should use ‘packageStartupMessage’ to
     generate messages.
    See section ‘Good practice’ in '?.onAttach'.
    
    pdunnett: no visible global function definition for ‘GenzBretz’
    qdunnett: no visible global function definition for ‘GenzBretz’
Flavors: r-devel-linux-x86_64-debian-clang, r-devel-linux-x86_64-debian-gcc, r-devel-linux-x86_64-fedora-clang, r-devel-linux-x86_64-fedora-gcc, r-devel-osx-x86_64-clang, r-devel-windows-ix86+x86_64, r-patched-linux-x86_64, r-patched-solaris-sparc, r-patched-solaris-x86, r-release-linux-ix86, r-release-linux-x86_64, r-release-osx-x86_64-mavericks, r-release-windows-ix86+x86_64

Version: 0.1
Check: R code for possible problems
Result: NOTE
    File 'multxpert/R/zzz.R':
     .onLoad calls:
     cat("multxpert: Implementation of commonly used p-value based and parametric\n", "multiple testing procedures and parallel gatekeeping procedures.\n", "For more information visit http://multxpert.com/wiki/MultXpert_package\n", sep = "")
    
    Package startup functions should use 'packageStartupMessage' to
     generate messages.
    See section 'Good practice' in '?.onAttach'.
Flavors: r-release-osx-x86_64-snowleopard, r-oldrel-windows-ix86+x86_64