CRAN Package Check Results for Package multxpert

Last updated on 2016-05-01 11:47:18.

Flavor Version Tinstall Tcheck Ttotal Status Flags
r-devel-linux-x86_64-debian-gcc 0.1 0.58 13.53 14.12 NOTE
r-devel-linux-x86_64-fedora-clang 0.1 24.76 NOTE
r-devel-linux-x86_64-fedora-gcc 0.1 22.44 NOTE
r-devel-osx-x86_64-clang 0.1 27.29 NOTE
r-devel-windows-ix86+x86_64 0.1 3.00 33.00 36.00 NOTE
r-patched-linux-x86_64 0.1 0.63 13.37 14.00 NOTE
r-patched-solaris-sparc 0.1 155.20 NOTE
r-patched-solaris-x86 0.1 36.40 NOTE
r-release-linux-x86_64 0.1 0.70 14.18 14.88 NOTE
r-release-osx-x86_64-mavericks 0.1 NOTE
r-release-windows-ix86+x86_64 0.1 4.00 25.00 29.00 NOTE
r-oldrel-windows-ix86+x86_64 0.1 5.00 28.00 33.00 NOTE

Check Details

Version: 0.1
Check: R code for possible problems
Result: NOTE
    File ‘multxpert/R/zzz.R’:
     .onLoad calls:
     cat("multxpert: Implementation of commonly used p-value based and parametric\n", "multiple testing procedures and parallel gatekeeping procedures.\n", "For more information visit http://multxpert.com/wiki/MultXpert_package\n", sep = "")
    
    Package startup functions should use ‘packageStartupMessage’ to
     generate messages.
    See section ‘Good practice’ in '?.onAttach'.
    
    paradjp: no visible global function definition for ‘pt’
    parci: no visible global function definition for ‘qt’
    pdunnett: no visible global function definition for ‘GenzBretz’
    pvalci: no visible global function definition for ‘qnorm’
    qdunnett: no visible global function definition for ‘GenzBretz’
    Undefined global functions or variables:
     GenzBretz pt qnorm qt
    Consider adding
     importFrom("stats", "pt", "qnorm", "qt")
    to your NAMESPACE file.
Flavors: r-devel-linux-x86_64-debian-gcc, r-devel-linux-x86_64-fedora-clang, r-devel-linux-x86_64-fedora-gcc, r-devel-osx-x86_64-clang, r-devel-windows-ix86+x86_64, r-patched-linux-x86_64, r-patched-solaris-sparc, r-patched-solaris-x86

Version: 0.1
Check: R code for possible problems
Result: NOTE
    File ‘multxpert/R/zzz.R’:
     .onLoad calls:
     cat("multxpert: Implementation of commonly used p-value based and parametric\n", "multiple testing procedures and parallel gatekeeping procedures.\n", "For more information visit http://multxpert.com/wiki/MultXpert_package\n", sep = "")
    
    Package startup functions should use ‘packageStartupMessage’ to
     generate messages.
    See section ‘Good practice’ in '?.onAttach'.
    
    pdunnett: no visible global function definition for ‘GenzBretz’
    qdunnett: no visible global function definition for ‘GenzBretz’
Flavors: r-release-linux-x86_64, r-release-osx-x86_64-mavericks, r-release-windows-ix86+x86_64, r-oldrel-windows-ix86+x86_64