CRAN Package Check Results for Package multxpert

Last updated on 2014-10-25 17:46:48.

Flavor Version Tinstall Tcheck Ttotal Status Flags
r-devel-linux-x86_64-debian-clang 0.1 0.74 14.79 15.53 NOTE
r-devel-linux-x86_64-debian-gcc 0.1 0.66 14.96 15.62 NOTE
r-devel-linux-x86_64-fedora-clang 0.1 29.49 NOTE
r-devel-linux-x86_64-fedora-gcc 0.1 28.03 NOTE
r-devel-osx-x86_64-clang 0.1 30.14 NOTE
r-devel-windows-ix86+x86_64 0.1 3.00 25.00 28.00 NOTE
r-patched-linux-x86_64 0.1 0.63 15.12 15.75 NOTE
r-patched-solaris-sparc 0.1 176.50 NOTE
r-patched-solaris-x86 0.1 39.80 NOTE
r-release-linux-ix86 0.1 0.90 21.72 22.62 NOTE
r-release-linux-x86_64 0.1 0.60 14.98 15.58 NOTE
r-release-osx-x86_64-mavericks 0.1 NOTE
r-release-osx-x86_64-snowleopard 0.1 NOTE
r-release-windows-ix86+x86_64 0.1 4.00 26.00 30.00 NOTE
r-oldrel-windows-ix86+x86_64 0.1 3.00 24.00 27.00 NOTE

Check Details

Version: 0.1
Check: R code for possible problems
Result: NOTE
    File ‘multxpert/R/zzz.R’:
     .onLoad calls:
     cat("multxpert: Implementation of commonly used p-value based and parametric\n", "multiple testing procedures and parallel gatekeeping procedures.\n", "For more information visit http://multxpert.com/wiki/MultXpert_package\n", sep = "")
    
    Package startup functions should use ‘packageStartupMessage’ to
     generate messages.
    See section ‘Good practice’ in '?.onAttach'.
    
    pdunnett: no visible global function definition for ‘GenzBretz’
    qdunnett: no visible global function definition for ‘GenzBretz’
Flavors: r-devel-linux-x86_64-debian-clang, r-devel-linux-x86_64-debian-gcc, r-devel-linux-x86_64-fedora-clang, r-devel-linux-x86_64-fedora-gcc, r-devel-osx-x86_64-clang, r-devel-windows-ix86+x86_64, r-patched-linux-x86_64, r-patched-solaris-sparc, r-patched-solaris-x86

Version: 0.1
Check: R code for possible problems
Result: NOTE
    File ‘multxpert/R/zzz.R’:
     .onLoad calls:
     cat("multxpert: Implementation of commonly used p-value based and parametric\n", "multiple testing procedures and parallel gatekeeping procedures.\n", "For more information visit http://multxpert.com/wiki/MultXpert_package\n", sep = "")
    
    Package startup functions should use ‘packageStartupMessage’ to
     generate messages.
    See section ‘Good practice’ in '?.onAttach'.
Flavors: r-release-linux-ix86, r-release-linux-x86_64, r-release-osx-x86_64-mavericks, r-release-osx-x86_64-snowleopard, r-release-windows-ix86+x86_64, r-oldrel-windows-ix86+x86_64