CRAN Package Check Results for Package multxpert

Last updated on 2015-07-03 23:47:42.

Flavor Version Tinstall Tcheck Ttotal Status Flags
r-devel-linux-x86_64-debian-clang 0.1 0.54 13.53 14.08 NOTE
r-devel-linux-x86_64-debian-gcc 0.1 0.56 12.62 13.18 NOTE
r-devel-linux-x86_64-fedora-clang 0.1 25.41 NOTE
r-devel-linux-x86_64-fedora-gcc 0.1 23.10 NOTE
r-devel-osx-x86_64-clang 0.1 23.14 NOTE
r-devel-windows-ix86+x86_64 0.1 3.00 30.00 33.00 NOTE
r-patched-linux-x86_64 0.1 0.57 13.25 13.82 NOTE
r-patched-solaris-sparc 0.1 160.70 NOTE
r-patched-solaris-x86 0.1 36.20 NOTE
r-release-linux-x86_64 0.1 0.58 13.46 14.04 NOTE
r-release-osx-x86_64-mavericks 0.1 NOTE
r-release-windows-ix86+x86_64 0.1 2.00 26.00 28.00 NOTE
r-oldrel-windows-ix86+x86_64 0.1 4.00 27.00 31.00 NOTE

Check Details

Version: 0.1
Check: R code for possible problems
Result: NOTE
    File ‘multxpert/R/zzz.R’:
     .onLoad calls:
     cat("multxpert: Implementation of commonly used p-value based and parametric\n", "multiple testing procedures and parallel gatekeeping procedures.\n", "For more information visit http://multxpert.com/wiki/MultXpert_package\n", sep = "")
    
    Package startup functions should use ‘packageStartupMessage’ to
     generate messages.
    See section ‘Good practice’ in '?.onAttach'.
    
    paradjp: no visible global function definition for ‘pt’
    parci: no visible global function definition for ‘qt’
    pdunnett: no visible global function definition for ‘GenzBretz’
    pvalci: no visible global function definition for ‘qnorm’
    qdunnett: no visible global function definition for ‘GenzBretz’
    Undefined global functions or variables:
     GenzBretz pt qnorm qt
Flavors: r-devel-linux-x86_64-debian-clang, r-devel-linux-x86_64-debian-gcc, r-devel-linux-x86_64-fedora-clang, r-devel-linux-x86_64-fedora-gcc

Version: 0.1
Check: R code for possible problems
Result: NOTE
    File ‘multxpert/R/zzz.R’:
     .onLoad calls:
     cat("multxpert: Implementation of commonly used p-value based and parametric\n", "multiple testing procedures and parallel gatekeeping procedures.\n", "For more information visit http://multxpert.com/wiki/MultXpert_package\n", sep = "")
    
    Package startup functions should use ‘packageStartupMessage’ to
     generate messages.
    See section ‘Good practice’ in '?.onAttach'.
    
    pdunnett: no visible global function definition for ‘GenzBretz’
    qdunnett: no visible global function definition for ‘GenzBretz’
    Undefined global functions or variables:
     GenzBretz
Flavor: r-devel-osx-x86_64-clang

Version: 0.1
Check: R code for possible problems
Result: NOTE
    File 'multxpert/R/zzz.R':
     .onLoad calls:
     cat("multxpert: Implementation of commonly used p-value based and parametric\n", "multiple testing procedures and parallel gatekeeping procedures.\n", "For more information visit http://multxpert.com/wiki/MultXpert_package\n", sep = "")
    
    Package startup functions should use 'packageStartupMessage' to
     generate messages.
    See section 'Good practice' in '?.onAttach'.
    
    pdunnett: no visible global function definition for 'GenzBretz'
    qdunnett: no visible global function definition for 'GenzBretz'
Flavors: r-devel-windows-ix86+x86_64, r-patched-linux-x86_64, r-patched-solaris-sparc, r-patched-solaris-x86, r-release-linux-x86_64, r-release-osx-x86_64-mavericks, r-release-windows-ix86+x86_64, r-oldrel-windows-ix86+x86_64