CRAN Package Check Results for Package multxpert

Last updated on 2016-09-29 08:12:37.

Flavor Version Tinstall Tcheck Ttotal Status Flags
r-devel-linux-x86_64-debian-clang 0.1 0.56 14.87 15.43 NOTE
r-devel-linux-x86_64-debian-gcc 0.1 0.69 14.19 14.87 NOTE
r-devel-linux-x86_64-fedora-clang 0.1 24.83 NOTE
r-devel-linux-x86_64-fedora-gcc 0.1 23.36 NOTE
r-devel-macos-x86_64-clang 0.1 20.53 NOTE
r-devel-windows-ix86+x86_64 0.1 4.00 38.00 42.00 NOTE
r-patched-linux-x86_64 0.1 0.57 14.10 14.67 NOTE
r-patched-solaris-sparc 0.1 154.60 NOTE
r-patched-solaris-x86 0.1 34.10 NOTE
r-release-linux-x86_64 0.1 0.58 14.02 14.59 NOTE
r-release-osx-x86_64-mavericks 0.1 NOTE
r-release-windows-ix86+x86_64 0.1 3.00 32.00 35.00 NOTE
r-oldrel-windows-ix86+x86_64 0.1 4.00 25.00 29.00 NOTE

Check Details

Version: 0.1
Check: R code for possible problems
Result: NOTE
    File ‘multxpert/R/zzz.R’:
     .onLoad calls:
     cat("multxpert: Implementation of commonly used p-value based and parametric\n", "multiple testing procedures and parallel gatekeeping procedures.\n", "For more information visit http://multxpert.com/wiki/MultXpert_package\n", sep = "")
    
    Package startup functions should use ‘packageStartupMessage’ to
     generate messages.
    See section ‘Good practice’ in '?.onAttach'.
    
    paradjp: no visible global function definition for ‘pt’
    parci: no visible global function definition for ‘qt’
    pdunnett: no visible global function definition for ‘GenzBretz’
    pvalci: no visible global function definition for ‘qnorm’
    qdunnett: no visible global function definition for ‘GenzBretz’
    Undefined global functions or variables:
     GenzBretz pt qnorm qt
    Consider adding
     importFrom("stats", "pt", "qnorm", "qt")
    to your NAMESPACE file.
Flavors: r-devel-linux-x86_64-debian-clang, r-devel-linux-x86_64-debian-gcc, r-devel-linux-x86_64-fedora-clang, r-devel-linux-x86_64-fedora-gcc, r-devel-macos-x86_64-clang, r-devel-windows-ix86+x86_64, r-patched-linux-x86_64, r-patched-solaris-sparc, r-patched-solaris-x86, r-release-linux-x86_64, r-release-osx-x86_64-mavericks, r-release-windows-ix86+x86_64

Version: 0.1
Check: R code for possible problems
Result: NOTE
    File 'multxpert/R/zzz.R':
     .onLoad calls:
     cat("multxpert: Implementation of commonly used p-value based and parametric\n", "multiple testing procedures and parallel gatekeeping procedures.\n", "For more information visit http://multxpert.com/wiki/MultXpert_package\n", sep = "")
    
    Package startup functions should use 'packageStartupMessage' to
     generate messages.
    See section 'Good practice' in '?.onAttach'.
    
    pdunnett: no visible global function definition for 'GenzBretz'
    qdunnett: no visible global function definition for 'GenzBretz'
Flavor: r-oldrel-windows-ix86+x86_64