CRAN Package Check Results for Package multxpert

Last updated on 2014-04-20 03:47:31.

Flavor Version Tinstall Tcheck Ttotal Status Flags
r-devel-linux-x86_64-debian-clang 0.1 0.67 15.50 16.16 NOTE
r-devel-linux-x86_64-debian-gcc 0.1 0.63 15.58 16.22 NOTE
r-devel-linux-x86_64-fedora-clang 0.1 29.53 NOTE
r-devel-linux-x86_64-fedora-gcc 0.1 27.43 NOTE
r-devel-macosx-x86_64-clang 0.1 30.48 NOTE
r-devel-macosx-x86_64-gcc 0.1 NOTE
r-devel-windows-ix86+x86_64 0.1 2.00 24.00 26.00 NOTE
r-patched-linux-x86_64 0.1 0.70 15.28 15.98 NOTE
r-patched-solaris-sparc 0.1 194.10 NOTE
r-patched-solaris-x86 0.1 39.80 NOTE
r-release-linux-ix86 NOTE
r-release-linux-x86_64 0.1 0.68 15.39 16.06 NOTE
r-release-macosx-x86_64 0.1 NOTE
r-release-windows-ix86+x86_64 0.1 4.00 23.00 27.00 NOTE
r-oldrel-windows-ix86+x86_64 0.1 3.00 22.00 25.00 NOTE

Check Details

Version: 0.1
Check: R code for possible problems
Result: NOTE
    File ‘multxpert/R/zzz.R’:
     .onLoad calls:
     cat("multxpert: Implementation of commonly used p-value based and parametric\n", "multiple testing procedures and parallel gatekeeping procedures.\n", "For more information visit http://multxpert.com/wiki/MultXpert_package\n", sep = "")
    
    Package startup functions should use ‘packageStartupMessage’ to
     generate messages.
    See section ‘Good practice’ in '?.onAttach'.
Flavors: r-devel-linux-x86_64-debian-clang, r-devel-linux-x86_64-debian-gcc, r-devel-linux-x86_64-fedora-clang, r-devel-linux-x86_64-fedora-gcc, r-devel-macosx-x86_64-clang, r-devel-macosx-x86_64-gcc, r-devel-windows-ix86+x86_64, r-patched-linux-x86_64, r-patched-solaris-sparc, r-patched-solaris-x86, r-release-linux-ix86, r-release-linux-x86_64, r-release-macosx-x86_64, r-release-windows-ix86+x86_64, r-oldrel-windows-ix86+x86_64