CRAN Package Check Results for Package multxpert

Last updated on 2015-01-29 03:48:37.

Flavor Version Tinstall Tcheck Ttotal Status Flags
r-devel-linux-x86_64-debian-clang 0.1 0.59 13.41 14.00 NOTE
r-devel-linux-x86_64-debian-gcc 0.1 0.68 12.96 13.64 NOTE
r-devel-linux-x86_64-fedora-clang 0.1 30.95 NOTE
r-devel-linux-x86_64-fedora-gcc 0.1 27.31 NOTE
r-devel-osx-x86_64-clang 0.1 29.87 NOTE
r-devel-windows-ix86+x86_64 0.1 3.00 24.00 27.00 NOTE
r-patched-linux-x86_64 0.1 0.64 14.45 15.08 NOTE
r-patched-solaris-sparc 0.1 175.90 NOTE
r-patched-solaris-x86 0.1 39.80 NOTE
r-release-linux-ix86 0.1 0.91 20.46 21.37 NOTE
r-release-linux-x86_64 0.1 0.64 14.72 15.36 NOTE
r-release-osx-x86_64-mavericks 0.1 NOTE
r-release-osx-x86_64-snowleopard 0.1 NOTE
r-release-windows-ix86+x86_64 0.1 3.00 23.00 26.00 NOTE
r-oldrel-windows-ix86+x86_64 0.1 3.00 24.00 27.00 NOTE

Check Details

Version: 0.1
Check: R code for possible problems
Result: NOTE
    File ‘multxpert/R/zzz.R’:
     .onLoad calls:
     cat("multxpert: Implementation of commonly used p-value based and parametric\n", "multiple testing procedures and parallel gatekeeping procedures.\n", "For more information visit http://multxpert.com/wiki/MultXpert_package\n", sep = "")
    
    Package startup functions should use ‘packageStartupMessage’ to
     generate messages.
    See section ‘Good practice’ in '?.onAttach'.
    
    pdunnett: no visible global function definition for ‘GenzBretz’
    qdunnett: no visible global function definition for ‘GenzBretz’
Flavors: r-devel-linux-x86_64-debian-clang, r-devel-linux-x86_64-debian-gcc, r-devel-linux-x86_64-fedora-clang, r-devel-linux-x86_64-fedora-gcc, r-devel-osx-x86_64-clang, r-devel-windows-ix86+x86_64, r-patched-linux-x86_64, r-patched-solaris-sparc, r-patched-solaris-x86, r-release-linux-ix86, r-release-linux-x86_64, r-release-osx-x86_64-mavericks, r-release-windows-ix86+x86_64

Version: 0.1
Check: R code for possible problems
Result: NOTE
    File 'multxpert/R/zzz.R':
     .onLoad calls:
     cat("multxpert: Implementation of commonly used p-value based and parametric\n", "multiple testing procedures and parallel gatekeeping procedures.\n", "For more information visit http://multxpert.com/wiki/MultXpert_package\n", sep = "")
    
    Package startup functions should use 'packageStartupMessage' to
     generate messages.
    See section 'Good practice' in '?.onAttach'.
Flavors: r-release-osx-x86_64-snowleopard, r-oldrel-windows-ix86+x86_64