CRAN Package Check Results for Package muma

Last updated on 2014-12-20 23:47:22.

Flavor Version Tinstall Tcheck Ttotal Status Flags
r-devel-linux-x86_64-debian-clang 1.4 1.92 31.85 33.78 NOTE
r-devel-linux-x86_64-debian-gcc 1.4 1.88 32.03 33.92 NOTE
r-devel-linux-x86_64-fedora-clang 1.4 69.51 NOTE
r-devel-linux-x86_64-fedora-gcc 1.4 63.46 NOTE
r-devel-osx-x86_64-clang 1.4 63.52 NOTE
r-devel-windows-ix86+x86_64 1.4 10.00 51.00 61.00 NOTE
r-patched-linux-x86_64 1.4 2.00 31.90 33.91 NOTE
r-patched-solaris-sparc 1.4 368.10 NOTE
r-patched-solaris-x86 1.4 86.30 NOTE
r-release-linux-ix86 1.4 2.44 38.75 41.20 NOTE
r-release-linux-x86_64 1.4 1.96 31.15 33.11 NOTE
r-release-osx-x86_64-mavericks 1.4 NOTE
r-release-osx-x86_64-snowleopard 1.4 ERROR
r-release-windows-ix86+x86_64 1.4 11.00 56.00 67.00 NOTE
r-oldrel-windows-ix86+x86_64 1.4 10.00 55.00 65.00 NOTE

Check Details

Version: 1.4
Check: package dependencies
Result: NOTE
    Depends: includes the non-default packages:
     ‘car’ ‘pdist’ ‘pls’ ‘gplots’ ‘mvtnorm’ ‘robustbase’ ‘gtools’ ‘bitops’
     ‘caTools’ ‘pcaPP’ ‘rrcov’
    Adding so many packages to the search path is excessive and importing
    selectively is preferable.
Flavors: r-devel-linux-x86_64-debian-clang, r-devel-linux-x86_64-debian-gcc, r-devel-linux-x86_64-fedora-clang, r-devel-linux-x86_64-fedora-gcc, r-devel-osx-x86_64-clang, r-devel-windows-ix86+x86_64, r-patched-linux-x86_64, r-patched-solaris-sparc, r-patched-solaris-x86, r-release-linux-ix86, r-release-linux-x86_64, r-release-osx-x86_64-mavericks, r-release-osx-x86_64-snowleopard, r-release-windows-ix86+x86_64

Version: 1.4
Check: dependencies in R code
Result: NOTE
    'library' or 'require' calls to packages already attached by Depends:
     ‘car’ ‘gplots’ ‘pdist’ ‘pls’ ‘rrcov’
     Please remove these calls from your code.
    Packages in Depends field not imported from:
     ‘bitops’ ‘caTools’ ‘car’ ‘gplots’ ‘gtools’ ‘mvtnorm’ ‘pcaPP’ ‘pdist’
     ‘pls’ ‘robustbase’ ‘rrcov’
     These packages need to be imported from (in the NAMESPACE file)
     for when this namespace is loaded but not attached.
    See the information on DESCRIPTION files in the chapter ‘Creating R
    packages’ of the ‘Writing R Extensions’ manual.
Flavors: r-devel-linux-x86_64-debian-clang, r-devel-linux-x86_64-debian-gcc, r-devel-linux-x86_64-fedora-clang, r-devel-linux-x86_64-fedora-gcc, r-devel-osx-x86_64-clang, r-devel-windows-ix86+x86_64, r-patched-linux-x86_64, r-patched-solaris-sparc, r-patched-solaris-x86, r-release-linux-ix86, r-release-linux-x86_64, r-release-osx-x86_64-mavericks, r-release-windows-ix86+x86_64, r-oldrel-windows-ix86+x86_64

Version: 1.4
Check: R code for possible problems
Result: NOTE
    Plot.pca.score: no visible global function definition for ‘dataEllipse’
    Plot.plsda: no visible global function definition for ‘dataEllipse’
    explore.data: no visible global function definition for ‘T2.test’
    oplsda: no visible global function definition for ‘dataEllipse’
    ostocsy: no visible global function definition for ‘colorpanel’
    outlier: no visible global function definition for ‘pdist’
    plsda: no visible global function definition for ‘plsr’
    stocsy: no visible global function definition for ‘colorpanel’
    stocsy.1d: no visible global function definition for ‘rich.colors’
Flavors: r-devel-linux-x86_64-debian-clang, r-devel-linux-x86_64-debian-gcc, r-devel-linux-x86_64-fedora-clang, r-devel-linux-x86_64-fedora-gcc, r-devel-osx-x86_64-clang, r-devel-windows-ix86+x86_64, r-patched-linux-x86_64, r-patched-solaris-sparc, r-patched-solaris-x86, r-release-linux-ix86, r-release-linux-x86_64, r-release-windows-ix86+x86_64

Version: 1.4
Check: Rd line widths
Result: NOTE
    Rd file 'Plot.pca.score.Rd':
     \examples lines wider than 100 characters:
     ylab = ylab, xlim = lim, ylim = lim, pch = 19, sub = paste("Cumulative Proportion of Variance Explained = ",
    
    Rd file 'oplsda.Rd':
     \examples lines wider than 100 characters:
     ylab = ylab, xlim = lim, ylim = lim, pch = 19, sub = paste("Cumulative Proportion of Variance Explained = ",
    
    Rd file 'univariate.Rd':
     \usage lines wider than 90 characters:
     univariate(file, imputation = FALSE, imput, normalize = TRUE, multi.test = TRUE, plot.volcano = FALSE, save.boxplot=TRUE)
    
    Rd file 'volcano.Rd':
     \examples lines wider than 100 characters:
     sep = ""), sub = "(Variables in Blue are significant (Pvalue<0.05) and showed Fold Changes >1.2 or <0.8)")
     j, sep = ""), sub = "(Variables in Blue are significant (Pvalue<0.05) and showed Fold Changes >1.2 or <0.8)")
    
    These lines will be truncated in the PDF manual.
Flavors: r-devel-linux-x86_64-debian-clang, r-devel-linux-x86_64-debian-gcc, r-devel-linux-x86_64-fedora-clang, r-devel-linux-x86_64-fedora-gcc, r-patched-linux-x86_64, r-release-linux-x86_64

Version: 1.4
Check: whether package can be installed
Result: ERROR
    Installation failed.
Flavor: r-release-osx-x86_64-snowleopard