CRAN Package Check Results for Package muma

Last updated on 2014-07-31 03:48:36.

Flavor Version Tinstall Tcheck Ttotal Status Flags
r-devel-linux-x86_64-debian-clang 1.4 1.77 29.46 31.23 NOTE
r-devel-linux-x86_64-debian-gcc 1.4 1.80 29.64 31.44 NOTE
r-devel-linux-x86_64-fedora-clang 1.4 66.59 NOTE
r-devel-linux-x86_64-fedora-gcc 1.4 61.22 NOTE
r-devel-osx-x86_64-clang 1.4 59.90 NOTE
r-devel-windows-ix86+x86_64 1.4 8.00 47.00 55.00 NOTE
r-patched-linux-x86_64 1.4 1.82 30.12 31.94 NOTE
r-patched-solaris-sparc 1.4 383.90 NOTE
r-patched-solaris-x86 1.4 82.70 NOTE
r-release-linux-ix86 1.4 2.46 38.72 41.18 NOTE
r-release-linux-x86_64 1.4 1.87 29.76 31.64 NOTE
r-release-osx-x86_64-mavericks 1.4 NOTE
r-release-osx-x86_64-snowleopard 1.4 ERROR
r-release-windows-ix86+x86_64 1.4 14.00 72.00 86.00 NOTE
r-oldrel-windows-ix86+x86_64 1.4 15.00 75.00 90.00 NOTE

Check Details

Version: 1.4
Check: package dependencies
Result: NOTE
    Depends: includes the non-default packages:
     car pdist pls gplots mvtnorm robustbase gtools bitops
     caTools pcaPP rrcov
    Adding so many packages to the search path is excessive and importing
    selectively is preferable.
Flavors: r-devel-linux-x86_64-debian-clang, r-devel-linux-x86_64-debian-gcc, r-devel-linux-x86_64-fedora-clang, r-devel-linux-x86_64-fedora-gcc, r-devel-osx-x86_64-clang, r-devel-windows-ix86+x86_64, r-patched-linux-x86_64, r-patched-solaris-sparc, r-patched-solaris-x86, r-release-linux-ix86, r-release-linux-x86_64, r-release-osx-x86_64-mavericks, r-release-osx-x86_64-snowleopard, r-release-windows-ix86+x86_64

Version: 1.4
Check: dependencies in R code
Result: NOTE
    'library' or 'require' calls to packages already attached by Depends:
     car gplots pdist pls rrcov
     Please remove these calls from your code.
    Packages in Depends field not imported from:
     bitops caTools car gplots gtools mvtnorm pcaPP pdist
     pls robustbase rrcov
     These packages need to be imported from (in the NAMESPACE file)
     for when this namespace is loaded but not attached.
    See the information on DESCRIPTION files in the chapter Creating R
    packages of the Writing R Extensions manual.
Flavors: r-devel-linux-x86_64-debian-clang, r-devel-linux-x86_64-debian-gcc, r-devel-linux-x86_64-fedora-clang, r-devel-linux-x86_64-fedora-gcc, r-devel-osx-x86_64-clang, r-devel-windows-ix86+x86_64, r-patched-linux-x86_64, r-patched-solaris-sparc, r-patched-solaris-x86, r-release-linux-ix86, r-release-linux-x86_64, r-release-osx-x86_64-mavericks, r-release-windows-ix86+x86_64, r-oldrel-windows-ix86+x86_64

Version: 1.4
Check: Rd line widths
Result: NOTE
    Rd file 'Plot.pca.score.Rd':
     \examples lines wider than 100 characters:
     ylab = ylab, xlim = lim, ylim = lim, pch = 19, sub = paste("Cumulative Proportion of Variance Explained = ",
    
    Rd file 'oplsda.Rd':
     \examples lines wider than 100 characters:
     ylab = ylab, xlim = lim, ylim = lim, pch = 19, sub = paste("Cumulative Proportion of Variance Explained = ",
    
    Rd file 'univariate.Rd':
     \usage lines wider than 90 characters:
     univariate(file, imputation = FALSE, imput, normalize = TRUE, multi.test = TRUE, plot.volcano = FALSE, save.boxplot=TRUE)
    
    Rd file 'volcano.Rd':
     \examples lines wider than 100 characters:
     sep = ""), sub = "(Variables in Blue are significant (Pvalue<0.05) and showed Fold Changes >1.2 or <0.8)")
     j, sep = ""), sub = "(Variables in Blue are significant (Pvalue<0.05) and showed Fold Changes >1.2 or <0.8)")
    
    These lines will be truncated in the PDF manual.
Flavors: r-devel-linux-x86_64-fedora-clang, r-devel-linux-x86_64-fedora-gcc

Version: 1.4
Check: whether package can be installed
Result: ERROR
    Installation failed.
Flavor: r-release-osx-x86_64-snowleopard