CRAN Package Check Results for Package munfold

Last updated on 2021-04-18 07:48:40 CEST.

Flavor Version Tinstall Tcheck Ttotal Status Flags
r-devel-linux-x86_64-debian-clang 0.3.5 7.04 66.03 73.07 OK
r-devel-linux-x86_64-debian-gcc 0.3.5 4.52 48.57 53.09 OK
r-devel-linux-x86_64-fedora-clang 0.3.5 98.92 OK
r-devel-linux-x86_64-fedora-gcc 0.3.5 81.38 OK
r-devel-windows-ix86+x86_64 0.3.5 17.00 4.00 21.00 ERROR
r-devel-windows-x86_64-gcc10-UCRT 0.3.5 OK
r-patched-linux-x86_64 0.3.5 6.17 60.77 66.94 OK
r-patched-solaris-x86 0.3.5 125.40 OK
r-release-linux-x86_64 0.3.5 4.46 59.59 64.05 OK
r-release-macos-x86_64 0.3.5 OK
r-release-windows-ix86+x86_64 0.3.5 27.00 88.00 115.00 OK
r-oldrel-macos-x86_64 0.3.5 OK
r-oldrel-windows-ix86+x86_64 0.3.5 12.00 78.00 90.00 OK

Check Details

Version: 0.3.5
Check: whether package can be installed
Result: ERROR
    Installation failed.
    See for details.
    *
Flavor: r-devel-windows-ix86+x86_64