CRAN Package Check Results for Package munfold

Last updated on 2015-08-28 17:49:28.

Flavor Version Tinstall Tcheck Ttotal Status Flags
r-devel-linux-x86_64-debian-clang 0.3-3 1.31 42.51 43.82 NOTE
r-devel-linux-x86_64-debian-gcc 0.3-3 1.56 42.59 44.15 NOTE
r-devel-linux-x86_64-fedora-clang 0.3-3 93.57 NOTE
r-devel-linux-x86_64-fedora-gcc 0.3-3 91.08 NOTE
r-devel-osx-x86_64-clang 0.3-3 76.31 OK
r-devel-windows-ix86+x86_64 0.3-3 17.00 103.00 120.00 NOTE
r-patched-linux-x86_64 0.3-3 1.38 46.72 48.10 OK
r-patched-solaris-sparc 0.3-3 564.30 OK
r-patched-solaris-x86 0.3-3 129.60 OK
r-release-linux-x86_64 0.3-3 1.39 46.09 47.48 OK
r-release-osx-x86_64-mavericks 0.3-3 OK
r-release-windows-ix86+x86_64 0.3-3 16.00 104.00 120.00 OK
r-oldrel-windows-ix86+x86_64 0.3-3 25.00 132.00 157.00 OK

Check Details

Version: 0.3-3
Check: R code for possible problems
Result: NOTE
    biplot.unfolding: no visible global function definition for
     ‘plot.default’
    biplot.unfolding: no visible global function definition for ‘abline’
    biplot.unfolding: no visible global function definition for ‘contour’
    biplot.unfolding: no visible global function definition for ‘text’
    biplot.unfolding: no visible global function definition for ‘points’
    biplot.unfolding: no visible global function definition for ‘lines’
    plot.unfolding: no visible global function definition for ‘plot’
    plot.unfolding: no visible global function definition for ‘lines’
    plot.unfolding: no visible global function definition for ‘text’
    plot.unfolding: no visible global function definition for ‘rug’
    Undefined global functions or variables:
     abline contour lines plot plot.default points rug text
    Consider adding
     importFrom("graphics", "abline", "contour", "lines", "plot",
     "plot.default", "points", "rug", "text")
    to your NAMESPACE.
Flavors: r-devel-linux-x86_64-debian-clang, r-devel-linux-x86_64-debian-gcc, r-devel-linux-x86_64-fedora-clang, r-devel-linux-x86_64-fedora-gcc, r-devel-windows-ix86+x86_64