CRAN Package Check Results for Package munfold

Last updated on 2014-04-24 09:49:05.

Flavor Version Tinstall Tcheck Ttotal Status Flags
r-devel-linux-x86_64-debian-clang 0.3-1 2.08 28.32 30.40 NOTE
r-devel-linux-x86_64-debian-gcc 0.3-1 2.04 27.88 29.93 NOTE
r-devel-linux-x86_64-fedora-clang 0.3-1 60.81 NOTE
r-devel-linux-x86_64-fedora-gcc 0.3-1 57.99 NOTE
r-devel-osx-x86_64-clang 0.3-1 55.93 NOTE
r-devel-osx-x86_64-gcc 0.3-1 NOTE
r-devel-windows-ix86+x86_64 0.3-1 6.00 41.00 47.00 NOTE
r-patched-linux-x86_64 0.3-1 2.03 27.38 29.41 NOTE
r-patched-solaris-sparc 0.3-1 355.90 NOTE
r-patched-solaris-x86 0.3-1 75.20 NOTE
r-release-linux-ix86 0.3-1 4.00 46.00 50.00 NOTE
r-release-linux-x86_64 0.3-1 2.03 28.26 30.29 NOTE
r-release-osx-x86_64-mavericks 0.3-1 WARN
r-release-osx-x86_64-snowleopard 0.3-1 NOTE
r-release-windows-ix86+x86_64 0.3-1 7.00 40.00 47.00 NOTE
r-oldrel-windows-ix86+x86_64 0.3-1 7.00 39.00 46.00 NOTE

Check Details

Version: 0.3-1
Check: dependencies in R code
Result: NOTE
    'library' or 'require' call to ‘MASS’ which was already attached by Depends.
     Please remove these calls from your code.
    See the information on DESCRIPTION files in the chapter ‘Creating R
    packages’ of the ‘Writing R Extensions’ manual.
Flavors: r-devel-linux-x86_64-debian-clang, r-devel-linux-x86_64-debian-gcc, r-devel-linux-x86_64-fedora-clang, r-devel-linux-x86_64-fedora-gcc, r-devel-osx-x86_64-clang, r-devel-osx-x86_64-gcc, r-devel-windows-ix86+x86_64, r-patched-linux-x86_64, r-patched-solaris-sparc, r-patched-solaris-x86, r-release-linux-ix86, r-release-linux-x86_64, r-release-osx-x86_64-mavericks, r-release-osx-x86_64-snowleopard, r-release-windows-ix86+x86_64, r-oldrel-windows-ix86+x86_64

Version: 0.3-1
Check: PDF version of manual
Result: WARNING
    LaTeX errors when creating PDF version.
    This typically indicates Rd problems.
    LaTeX errors found:
    ! LaTeX Error: File `upquote.sty' not found.
    
    Type X to quit or <RETURN> to proceed,
    or enter new name. (Default extension: sty)
    
    910366b/Rd2.tex:8: ==> Fatal error occurred, no output PDF file produced!
Flavor: r-release-osx-x86_64-mavericks