CRAN Package Check Results for Package munfold

Last updated on 2014-09-18 11:48:45.

Flavor Version Tinstall Tcheck Ttotal Status Flags
r-devel-linux-x86_64-debian-clang 0.3-1 1.97 25.77 27.74 NOTE
r-devel-linux-x86_64-debian-gcc 0.3-1 1.80 26.23 28.04 NOTE
r-devel-linux-x86_64-fedora-clang 0.3-1 58.21 NOTE
r-devel-linux-x86_64-fedora-gcc 0.3-1 53.65 NOTE
r-devel-osx-x86_64-clang 0.3-1 48.15 NOTE
r-devel-windows-ix86+x86_64 0.3-1 6.00 37.00 43.00 NOTE
r-patched-linux-x86_64 0.3-1 1.94 26.55 28.49 NOTE
r-patched-solaris-sparc 0.3-1 358.20 NOTE
r-patched-solaris-x86 0.3-1 72.00 NOTE
r-release-linux-ix86 0.3-1 2.45 34.17 36.62 NOTE
r-release-linux-x86_64 0.3-1 1.97 27.20 29.17 NOTE
r-release-osx-x86_64-mavericks 0.3-1 NOTE
r-release-osx-x86_64-snowleopard 0.3-1 NOTE
r-release-windows-ix86+x86_64 0.3-1 7.00 41.00 48.00 NOTE
r-oldrel-windows-ix86+x86_64 0.3-1 6.00 38.00 44.00 NOTE

Check Details

Version: 0.3-1
Check: dependencies in R code
Result: NOTE
    'library' or 'require' call to ‘MASS’ which was already attached by Depends.
     Please remove these calls from your code.
    See the information on DESCRIPTION files in the chapter ‘Creating R
    packages’ of the ‘Writing R Extensions’ manual.
Flavors: r-devel-linux-x86_64-debian-clang, r-devel-linux-x86_64-debian-gcc, r-devel-linux-x86_64-fedora-clang, r-devel-linux-x86_64-fedora-gcc, r-devel-osx-x86_64-clang, r-devel-windows-ix86+x86_64, r-patched-linux-x86_64, r-patched-solaris-sparc, r-patched-solaris-x86, r-release-linux-ix86, r-release-linux-x86_64, r-release-osx-x86_64-mavericks, r-release-osx-x86_64-snowleopard, r-release-windows-ix86+x86_64, r-oldrel-windows-ix86+x86_64

Version: 0.3-1
Check: R code for possible problems
Result: NOTE
    relabel.unfolding: no visible global function definition for
     ‘rowrename’
Flavors: r-devel-linux-x86_64-debian-clang, r-devel-linux-x86_64-debian-gcc, r-devel-linux-x86_64-fedora-clang, r-devel-linux-x86_64-fedora-gcc, r-devel-osx-x86_64-clang, r-devel-windows-ix86+x86_64