CRAN Package Check Results for Package munfold

Last updated on 2014-11-27 11:55:47.

Flavor Version Tinstall Tcheck Ttotal Status Flags
r-devel-linux-x86_64-debian-clang 0.3-1 1.85 26.90 28.75 NOTE
r-devel-linux-x86_64-debian-gcc 0.3-1 1.87 25.62 27.50 NOTE
r-devel-linux-x86_64-fedora-clang 0.3-1 60.05 NOTE
r-devel-linux-x86_64-fedora-gcc 0.3-1 58.75 NOTE
r-devel-osx-x86_64-clang 0.3-1 52.86 NOTE
r-devel-windows-ix86+x86_64 0.3-1 5.00 38.00 43.00 NOTE
r-patched-linux-x86_64 0.3-1 1.92 26.74 28.66 NOTE
r-patched-solaris-sparc 0.3-1 336.30 NOTE
r-patched-solaris-x86 0.3-1 72.50 NOTE
r-release-linux-ix86 0.3-1 2.25 32.48 34.74 NOTE
r-release-linux-x86_64 0.3-1 2.14 26.63 28.76 NOTE
r-release-osx-x86_64-mavericks 0.3-1 NOTE
r-release-osx-x86_64-snowleopard 0.3-1 NOTE
r-release-windows-ix86+x86_64 0.3-1 7.00 43.00 50.00 NOTE
r-oldrel-windows-ix86+x86_64 0.3-1 6.00 39.00 45.00 NOTE

Check Details

Version: 0.3-1
Check: dependencies in R code
Result: NOTE
    'library' or 'require' call to ‘MASS’ which was already attached by Depends.
     Please remove these calls from your code.
    See the information on DESCRIPTION files in the chapter ‘Creating R
    packages’ of the ‘Writing R Extensions’ manual.
Flavors: r-devel-linux-x86_64-debian-clang, r-devel-linux-x86_64-debian-gcc, r-devel-linux-x86_64-fedora-clang, r-devel-linux-x86_64-fedora-gcc, r-devel-osx-x86_64-clang, r-devel-windows-ix86+x86_64, r-patched-linux-x86_64, r-patched-solaris-sparc, r-patched-solaris-x86, r-release-linux-ix86, r-release-linux-x86_64, r-release-osx-x86_64-mavericks, r-release-osx-x86_64-snowleopard, r-release-windows-ix86+x86_64, r-oldrel-windows-ix86+x86_64

Version: 0.3-1
Check: R code for possible problems
Result: NOTE
    relabel.unfolding: no visible global function definition for
     ‘rowrename’
Flavors: r-devel-linux-x86_64-debian-clang, r-devel-linux-x86_64-debian-gcc, r-devel-linux-x86_64-fedora-clang, r-devel-linux-x86_64-fedora-gcc, r-devel-osx-x86_64-clang, r-devel-windows-ix86+x86_64, r-patched-linux-x86_64, r-patched-solaris-sparc, r-patched-solaris-x86, r-release-linux-ix86, r-release-linux-x86_64, r-release-windows-ix86+x86_64