CRAN Package Check Results for Package munfold

Last updated on 2015-07-06 06:46:49.

Flavor Version Tinstall Tcheck Ttotal Status Flags
r-devel-linux-x86_64-debian-clang 0.3-3 1.30 43.83 45.12 NOTE
r-devel-linux-x86_64-debian-gcc 0.3-3 1.28 42.33 43.60 NOTE
r-devel-linux-x86_64-fedora-clang 0.3-3 95.37 NOTE
r-devel-linux-x86_64-fedora-gcc 0.3-3 89.07 NOTE
r-devel-osx-x86_64-clang 0.3-3 75.42 OK
r-devel-windows-ix86+x86_64 0.3-3 15.00 99.00 114.00 NOTE
r-patched-linux-x86_64 0.3-3 1.80 42.82 44.61 OK
r-patched-solaris-sparc 0.3-3 556.60 OK
r-patched-solaris-x86 0.3-3 128.10 OK
r-release-linux-x86_64 0.3-3 1.40 44.56 45.96 OK
r-release-osx-x86_64-mavericks 0.3-3 OK
r-release-windows-ix86+x86_64 0.3-3 15.00 99.00 114.00 OK
r-oldrel-windows-ix86+x86_64 0.3-3 23.00 87.00 110.00 OK

Check Details

Version: 0.3-3
Check: R code for possible problems
Result: NOTE
    biplot.unfolding: no visible global function definition for
     ‘plot.default’
    biplot.unfolding: no visible global function definition for ‘abline’
    biplot.unfolding: no visible global function definition for ‘contour’
    biplot.unfolding: no visible global function definition for ‘text’
    biplot.unfolding: no visible global function definition for ‘points’
    biplot.unfolding: no visible global function definition for ‘lines’
    plot.unfolding: no visible global function definition for ‘plot’
    plot.unfolding: no visible global function definition for ‘lines’
    plot.unfolding: no visible global function definition for ‘text’
    plot.unfolding: no visible global function definition for ‘rug’
    Undefined global functions or variables:
     abline contour lines plot plot.default points rug text
Flavors: r-devel-linux-x86_64-debian-clang, r-devel-linux-x86_64-debian-gcc, r-devel-linux-x86_64-fedora-clang, r-devel-linux-x86_64-fedora-gcc, r-devel-windows-ix86+x86_64