CRAN Package Check Results for Package munfold

Last updated on 2014-08-29 23:48:52.

Flavor Version Tinstall Tcheck Ttotal Status Flags
r-devel-linux-x86_64-debian-clang 0.3-1 1.90 26.07 27.97 NOTE
r-devel-linux-x86_64-debian-gcc 0.3-1 1.82 25.72 27.55 NOTE
r-devel-linux-x86_64-fedora-clang 0.3-1 59.59 NOTE
r-devel-linux-x86_64-fedora-gcc 0.3-1 53.76 NOTE
r-devel-osx-x86_64-clang 0.3-1 49.43 NOTE
r-devel-windows-ix86+x86_64 0.3-1 7.00 38.00 45.00 NOTE
r-patched-linux-x86_64 0.3-1 1.93 26.38 28.31 NOTE
r-patched-solaris-sparc 0.3-1 358.20 NOTE
r-patched-solaris-x86 0.3-1 73.40 NOTE
r-release-linux-ix86 0.3-1 2.44 37.24 39.68 NOTE
r-release-linux-x86_64 0.3-1 2.02 27.08 29.10 NOTE
r-release-osx-x86_64-mavericks 0.3-1 NOTE
r-release-osx-x86_64-snowleopard 0.3-1 NOTE
r-release-windows-ix86+x86_64 0.3-1 6.00 40.00 46.00 NOTE
r-oldrel-windows-ix86+x86_64 0.3-1 6.00 59.00 65.00 NOTE

Check Details

Version: 0.3-1
Check: dependencies in R code
Result: NOTE
    'library' or 'require' call to ‘MASS’ which was already attached by Depends.
     Please remove these calls from your code.
    See the information on DESCRIPTION files in the chapter ‘Creating R
    packages’ of the ‘Writing R Extensions’ manual.
Flavors: r-devel-linux-x86_64-debian-clang, r-devel-linux-x86_64-debian-gcc, r-devel-linux-x86_64-fedora-clang, r-devel-linux-x86_64-fedora-gcc, r-devel-osx-x86_64-clang, r-devel-windows-ix86+x86_64, r-patched-linux-x86_64, r-patched-solaris-sparc, r-patched-solaris-x86, r-release-linux-ix86, r-release-linux-x86_64, r-release-osx-x86_64-mavericks, r-release-osx-x86_64-snowleopard, r-release-windows-ix86+x86_64, r-oldrel-windows-ix86+x86_64

Version: 0.3-1
Check: R code for possible problems
Result: NOTE
    relabel.unfolding: no visible global function definition for
     ‘rowrename’
Flavors: r-devel-linux-x86_64-debian-clang, r-devel-linux-x86_64-debian-gcc, r-devel-linux-x86_64-fedora-clang, r-devel-linux-x86_64-fedora-gcc, r-devel-osx-x86_64-clang, r-devel-windows-ix86+x86_64