CRAN Package Check Results for Package munfold

Last updated on 2014-07-25 14:47:39.

Flavor Version Tinstall Tcheck Ttotal Status Flags
r-devel-linux-x86_64-debian-clang 0.3-1 1.94 26.50 28.44 NOTE
r-devel-linux-x86_64-debian-gcc 0.3-1 1.91 25.82 27.73 NOTE
r-devel-linux-x86_64-fedora-clang 0.3-1 62.77 NOTE
r-devel-linux-x86_64-fedora-gcc 0.3-1 58.66 NOTE
r-devel-osx-x86_64-clang 0.3-1 51.38 NOTE
r-devel-windows-ix86+x86_64 0.3-1 6.00 40.00 46.00 NOTE
r-patched-linux-x86_64 0.3-1 1.92 26.02 27.94 NOTE
r-patched-solaris-sparc 0.3-1 355.90 NOTE
r-patched-solaris-x86 0.3-1 72.70 NOTE
r-release-linux-ix86 0.3-1 2.42 33.94 36.36 NOTE
r-release-linux-x86_64 0.3-1 2.11 27.04 29.15 NOTE
r-release-osx-x86_64-mavericks 0.3-1 NOTE
r-release-osx-x86_64-snowleopard 0.3-1 NOTE
r-release-windows-ix86+x86_64 0.3-1 7.00 40.00 47.00 NOTE
r-oldrel-windows-ix86+x86_64 0.3-1 7.00 40.00 47.00 NOTE

Check Details

Version: 0.3-1
Check: dependencies in R code
Result: NOTE
    'library' or 'require' call to ‘MASS’ which was already attached by Depends.
     Please remove these calls from your code.
    See the information on DESCRIPTION files in the chapter ‘Creating R
    packages’ of the ‘Writing R Extensions’ manual.
Flavors: r-devel-linux-x86_64-debian-clang, r-devel-linux-x86_64-debian-gcc, r-devel-linux-x86_64-fedora-clang, r-devel-linux-x86_64-fedora-gcc, r-devel-osx-x86_64-clang, r-devel-windows-ix86+x86_64, r-patched-linux-x86_64, r-patched-solaris-sparc, r-patched-solaris-x86, r-release-linux-ix86, r-release-linux-x86_64, r-release-osx-x86_64-mavericks, r-release-osx-x86_64-snowleopard, r-release-windows-ix86+x86_64, r-oldrel-windows-ix86+x86_64