CRAN Package Check Results for Package munfold

Last updated on 2014-10-25 23:46:46.

Flavor Version Tinstall Tcheck Ttotal Status Flags
r-devel-linux-x86_64-debian-clang 0.3-1 1.85 26.00 27.85 NOTE
r-devel-linux-x86_64-debian-gcc 0.3-1 1.80 26.13 27.93 NOTE
r-devel-linux-x86_64-fedora-clang 0.3-1 57.33 NOTE
r-devel-linux-x86_64-fedora-gcc 0.3-1 52.98 NOTE
r-devel-osx-x86_64-clang 0.3-1 52.35 NOTE
r-devel-windows-ix86+x86_64 0.3-1 6.00 40.00 46.00 NOTE
r-patched-linux-x86_64 0.3-1 1.94 27.27 29.21 NOTE
r-patched-solaris-sparc 0.3-1 336.30 NOTE
r-patched-solaris-x86 0.3-1 73.80 NOTE
r-release-linux-ix86 0.3-1 2.43 34.20 36.63 NOTE
r-release-linux-x86_64 0.3-1 4.00 27.15 31.15 NOTE
r-release-osx-x86_64-mavericks 0.3-1 NOTE
r-release-osx-x86_64-snowleopard 0.3-1 NOTE
r-release-windows-ix86+x86_64 0.3-1 6.00 40.00 46.00 NOTE
r-oldrel-windows-ix86+x86_64 0.3-1 6.00 42.00 48.00 NOTE

Check Details

Version: 0.3-1
Check: dependencies in R code
Result: NOTE
    'library' or 'require' call to ‘MASS’ which was already attached by Depends.
     Please remove these calls from your code.
    See the information on DESCRIPTION files in the chapter ‘Creating R
    packages’ of the ‘Writing R Extensions’ manual.
Flavors: r-devel-linux-x86_64-debian-clang, r-devel-linux-x86_64-debian-gcc, r-devel-linux-x86_64-fedora-clang, r-devel-linux-x86_64-fedora-gcc, r-devel-osx-x86_64-clang, r-devel-windows-ix86+x86_64, r-patched-linux-x86_64, r-patched-solaris-sparc, r-patched-solaris-x86, r-release-linux-ix86, r-release-linux-x86_64, r-release-osx-x86_64-mavericks, r-release-osx-x86_64-snowleopard, r-release-windows-ix86+x86_64, r-oldrel-windows-ix86+x86_64

Version: 0.3-1
Check: R code for possible problems
Result: NOTE
    relabel.unfolding: no visible global function definition for
     ‘rowrename’
Flavors: r-devel-linux-x86_64-debian-clang, r-devel-linux-x86_64-debian-gcc, r-devel-linux-x86_64-fedora-clang, r-devel-linux-x86_64-fedora-gcc, r-devel-osx-x86_64-clang, r-devel-windows-ix86+x86_64, r-patched-linux-x86_64, r-patched-solaris-sparc, r-patched-solaris-x86