CRAN Package Check Results for Package munfold

Last updated on 2015-01-28 19:49:24.

Flavor Version Tinstall Tcheck Ttotal Status Flags
r-devel-linux-x86_64-debian-clang 0.3-3 1.77 23.31 25.08 OK
r-devel-linux-x86_64-debian-gcc 0.3-3 1.60 22.45 24.05 OK
r-devel-linux-x86_64-fedora-clang 0.3-3 53.41 OK
r-devel-linux-x86_64-fedora-gcc 0.3-3 50.84 OK
r-devel-osx-x86_64-clang 0.3-3 50.83 OK
r-devel-windows-ix86+x86_64 0.3-3 8.00 45.00 53.00 OK
r-patched-linux-x86_64 0.3-1 1.92 26.80 28.72 NOTE
r-patched-solaris-sparc 0.3-3 310.60 OK
r-patched-solaris-x86 0.3-3 64.20 OK
r-release-linux-ix86 0.3-1 2.30 32.88 35.17 NOTE
r-release-linux-x86_64 0.3-3 1.87 26.32 28.18 OK
r-release-osx-x86_64-mavericks 0.3-1 NOTE
r-release-osx-x86_64-snowleopard 0.3-1 NOTE
r-release-windows-ix86+x86_64 0.3-3 6.00 40.00 46.00 OK
r-oldrel-windows-ix86+x86_64 0.3-3 6.00 41.00 47.00 OK

Check Details

Version: 0.3-1
Check: dependencies in R code
Result: NOTE
    'library' or 'require' call to ‘MASS’ which was already attached by Depends.
     Please remove these calls from your code.
    See the information on DESCRIPTION files in the chapter ‘Creating R
    packages’ of the ‘Writing R Extensions’ manual.
Flavors: r-patched-linux-x86_64, r-release-linux-ix86, r-release-osx-x86_64-mavericks, r-release-osx-x86_64-snowleopard

Version: 0.3-1
Check: R code for possible problems
Result: NOTE
    relabel.unfolding: no visible global function definition for
     ‘rowrename’
Flavors: r-patched-linux-x86_64, r-release-linux-ix86, r-release-osx-x86_64-mavericks