CRAN Package Check Results for Package munfold

Last updated on 2014-12-20 21:46:55.

Flavor Version Tinstall Tcheck Ttotal Status Flags
r-devel-linux-x86_64-debian-clang 0.3-1 1.95 27.17 29.12 NOTE
r-devel-linux-x86_64-debian-gcc 0.3-1 1.75 26.65 28.40 NOTE
r-devel-linux-x86_64-fedora-clang 0.3-1 60.46 NOTE
r-devel-linux-x86_64-fedora-gcc 0.3-1 52.40 NOTE
r-devel-osx-x86_64-clang 0.3-1 53.78 NOTE
r-devel-windows-ix86+x86_64 0.3-1 6.00 43.00 49.00 NOTE
r-patched-linux-x86_64 0.3-1 1.93 27.43 29.36 NOTE
r-patched-solaris-sparc 0.3-1 336.30 NOTE
r-patched-solaris-x86 0.3-1 73.10 NOTE
r-release-linux-ix86 0.3-1 2.28 32.78 35.06 NOTE
r-release-linux-x86_64 0.3-1 1.92 27.11 29.02 NOTE
r-release-osx-x86_64-mavericks 0.3-1 NOTE
r-release-osx-x86_64-snowleopard 0.3-1 NOTE
r-release-windows-ix86+x86_64 0.3-1 6.00 42.00 48.00 NOTE
r-oldrel-windows-ix86+x86_64 0.3-1 6.00 41.00 47.00 NOTE

Check Details

Version: 0.3-1
Check: dependencies in R code
Result: NOTE
    'library' or 'require' call to ‘MASS’ which was already attached by Depends.
     Please remove these calls from your code.
    See the information on DESCRIPTION files in the chapter ‘Creating R
    packages’ of the ‘Writing R Extensions’ manual.
Flavors: r-devel-linux-x86_64-debian-clang, r-devel-linux-x86_64-debian-gcc, r-devel-linux-x86_64-fedora-clang, r-devel-linux-x86_64-fedora-gcc, r-devel-osx-x86_64-clang, r-devel-windows-ix86+x86_64, r-patched-linux-x86_64, r-patched-solaris-sparc, r-patched-solaris-x86, r-release-linux-ix86, r-release-linux-x86_64, r-release-osx-x86_64-mavericks, r-release-osx-x86_64-snowleopard, r-release-windows-ix86+x86_64, r-oldrel-windows-ix86+x86_64

Version: 0.3-1
Check: R code for possible problems
Result: NOTE
    relabel.unfolding: no visible global function definition for
     ‘rowrename’
Flavors: r-devel-linux-x86_64-debian-clang, r-devel-linux-x86_64-debian-gcc, r-devel-linux-x86_64-fedora-clang, r-devel-linux-x86_64-fedora-gcc, r-devel-osx-x86_64-clang, r-devel-windows-ix86+x86_64, r-patched-linux-x86_64, r-patched-solaris-sparc, r-patched-solaris-x86, r-release-linux-ix86, r-release-linux-x86_64, r-release-windows-ix86+x86_64