CRAN Package Check Results for Package munsell

Last updated on 2014-10-31 20:48:14.

Flavor Version Tinstall Tcheck Ttotal Status Flags
r-devel-linux-x86_64-debian-clang 0.4.2 0.89 20.49 21.38 NOTE
r-devel-linux-x86_64-debian-gcc 0.4.2 0.79 20.87 21.66 NOTE
r-devel-linux-x86_64-fedora-clang 0.4.2 43.90 NOTE
r-devel-linux-x86_64-fedora-gcc 0.4.2 40.23 NOTE
r-devel-osx-x86_64-clang 0.4.2 40.87 NOTE
r-devel-windows-ix86+x86_64 0.4.2 3.00 32.00 35.00 NOTE
r-patched-linux-x86_64 0.4.2 0.85 21.32 22.17 NOTE
r-patched-solaris-sparc 0.4.2 254.10 NOTE
r-patched-solaris-x86 0.4.2 55.50 NOTE
r-release-linux-ix86 0.4.2 1.20 30.24 31.45 NOTE
r-release-linux-x86_64 0.4.2 0.87 22.19 23.06 NOTE
r-release-osx-x86_64-mavericks 0.4.2 NOTE
r-release-windows-ix86+x86_64 0.4.2 3.00 32.00 35.00 NOTE
r-oldrel-windows-ix86+x86_64 0.4.2 4.00 31.00 35.00 NOTE

Check Details

Version: 0.4.2
Check: R code for possible problems
Result: NOTE
    chroma_slice: no visible global function definition for ‘ggplot’
    chroma_slice: no visible global function definition for ‘aes’
    chroma_slice: no visible binding for global variable ‘hue’
    chroma_slice: no visible binding for global variable ‘value’
    chroma_slice: no visible binding for global variable ‘chroma’
    chroma_slice: no visible global function definition for ‘geom_tile’
    chroma_slice: no visible global function definition for ‘geom_text’
    chroma_slice: no visible binding for global variable ‘name’
    chroma_slice: no visible global function definition for
     ‘scale_colour_identity’
    chroma_slice: no visible global function definition for
     ‘scale_x_discrete’
    chroma_slice: no visible global function definition for
     ‘scale_y_continuous’
    chroma_slice: no visible global function definition for ‘coord_fixed’
    chroma_slice: no visible global function definition for ‘facet_wrap’
    chroma_slice: no visible global function definition for
     ‘scale_fill_identity’
    complement_slice: no visible global function definition for ‘ggplot’
    complement_slice: no visible global function definition for ‘aes’
    complement_slice: no visible binding for global variable ‘value’
    complement_slice: no visible global function definition for ‘geom_tile’
    complement_slice: no visible global function definition for ‘geom_text’
    complement_slice: no visible binding for global variable ‘name’
    complement_slice: no visible global function definition for
     ‘scale_fill_identity’
    complement_slice: no visible global function definition for
     ‘scale_colour_identity’
    complement_slice: no visible global function definition for
     ‘scale_x_continuous’
    complement_slice: no visible global function definition for
     ‘scale_y_continuous’
    complement_slice: no visible global function definition for
     ‘facet_grid’
    complement_slice: no visible global function definition for
     ‘coord_fixed’
    hue_slice: no visible global function definition for ‘ggplot’
    hue_slice: no visible global function definition for ‘aes’
    hue_slice: no visible binding for global variable ‘chroma’
    hue_slice: no visible binding for global variable ‘value’
    hue_slice: no visible global function definition for ‘geom_tile’
    hue_slice: no visible global function definition for ‘facet_wrap’
    hue_slice: no visible global function definition for ‘scale_x_discrete’
    hue_slice: no visible global function definition for ‘coord_fixed’
    hue_slice: no visible global function definition for ‘scale_y_discrete’
    hue_slice: no visible global function definition for
     ‘scale_fill_identity’
    hue_slice: no visible binding for global variable ‘hue’
    hue_slice: no visible global function definition for ‘geom_text’
    hue_slice: no visible binding for global variable ‘name’
    hue_slice: no visible global function definition for
     ‘scale_colour_identity’
    plot_closest: no visible global function definition for ‘ggplot’
    plot_closest: no visible global function definition for ‘aes’
    plot_closest: no visible binding for global variable ‘x’
    plot_closest: no visible binding for global variable ‘y’
    plot_closest: no visible global function definition for ‘geom_tile’
    plot_closest: no visible global function definition for ‘geom_text’
    plot_closest: no visible binding for global variable ‘name’
    plot_closest: no visible binding for global variable ‘text.colour’
    plot_closest: no visible global function definition for
     ‘scale_colour_identity’
    plot_closest: no visible global function definition for ‘coord_fixed’
    plot_closest: no visible global function definition for
     ‘scale_fill_identity’
    plot_closest: no visible global function definition for ‘facet_wrap’
    plot_hex: no visible global function definition for ‘geom_text’
    plot_hex: no visible global function definition for ‘aes’
    plot_hex: no visible global function definition for ‘facet_wrap’
    plot_hex: no visible global function definition for ‘ggplot’
    plot_hex: no visible binding for global variable ‘x’
    plot_hex: no visible binding for global variable ‘y’
    plot_hex: no visible global function definition for ‘geom_tile’
    plot_hex: no visible binding for global variable ‘colour’
    plot_hex: no visible global function definition for
     ‘scale_fill_identity’
    plot_hex: no visible global function definition for
     ‘scale_x_continuous’
    plot_hex: no visible global function definition for
     ‘scale_y_continuous’
    plot_hex: no visible global function definition for ‘coord_fixed’
    plot_mnsl: no visible global function definition for ‘geom_text’
    plot_mnsl: no visible global function definition for ‘aes’
    plot_mnsl: no visible global function definition for
     ‘scale_colour_identity’
    plot_mnsl: no visible global function definition for ‘facet_wrap’
    plot_mnsl: no visible global function definition for ‘ggplot’
    plot_mnsl: no visible binding for global variable ‘x’
    plot_mnsl: no visible binding for global variable ‘y’
    plot_mnsl: no visible global function definition for ‘geom_tile’
    plot_mnsl: no visible global function definition for
     ‘scale_x_continuous’
    plot_mnsl: no visible global function definition for
     ‘scale_y_continuous’
    plot_mnsl: no visible global function definition for ‘coord_fixed’
    plot_mnsl: no visible global function definition for
     ‘scale_fill_identity’
    theme_munsell: no visible global function definition for ‘theme’
    theme_munsell: no visible global function definition for ‘element_line’
    theme_munsell: no visible global function definition for ‘element_rect’
    theme_munsell: no visible global function definition for
     ‘element_blank’
    theme_munsell: no visible global function definition for ‘element_text’
    value_slice: no visible global function definition for ‘ggplot’
    value_slice: no visible global function definition for ‘aes’
    value_slice: no visible binding for global variable ‘hue’
    value_slice: no visible binding for global variable ‘chroma’
    value_slice: no visible binding for global variable ‘value’
    value_slice: no visible global function definition for ‘geom_tile’
    value_slice: no visible global function definition for ‘coord_polar’
    value_slice: no visible global function definition for
     ‘scale_x_discrete’
    value_slice: no visible global function definition for
     ‘scale_y_discrete’
    value_slice: no visible global function definition for ‘facet_wrap’
    value_slice: no visible global function definition for
     ‘scale_fill_identity’
Flavors: r-devel-linux-x86_64-debian-clang, r-devel-linux-x86_64-debian-gcc, r-devel-linux-x86_64-fedora-clang, r-devel-linux-x86_64-fedora-gcc, r-devel-osx-x86_64-clang, r-devel-windows-ix86+x86_64, r-patched-linux-x86_64, r-patched-solaris-sparc, r-patched-solaris-x86

Version: 0.4.2
Check: R code for possible problems
Result: NOTE
    chroma_slice: no visible binding for global variable ‘hue’
    chroma_slice: no visible binding for global variable ‘value’
    chroma_slice: no visible binding for global variable ‘chroma’
    chroma_slice: no visible binding for global variable ‘name’
    complement_slice: no visible binding for global variable ‘value’
    complement_slice: no visible binding for global variable ‘name’
    hue_slice: no visible binding for global variable ‘chroma’
    hue_slice: no visible binding for global variable ‘value’
    hue_slice: no visible binding for global variable ‘hue’
    hue_slice: no visible binding for global variable ‘name’
    plot_closest: no visible binding for global variable ‘x’
    plot_closest: no visible binding for global variable ‘y’
    plot_closest: no visible binding for global variable ‘name’
    plot_closest: no visible binding for global variable ‘text.colour’
    plot_hex: no visible binding for global variable ‘x’
    plot_hex: no visible binding for global variable ‘y’
    plot_hex: no visible binding for global variable ‘colour’
    plot_mnsl: no visible binding for global variable ‘x’
    plot_mnsl: no visible binding for global variable ‘y’
    value_slice: no visible binding for global variable ‘hue’
    value_slice: no visible binding for global variable ‘chroma’
    value_slice: no visible binding for global variable ‘value’
Flavors: r-release-linux-ix86, r-release-linux-x86_64, r-release-osx-x86_64-mavericks, r-release-windows-ix86+x86_64, r-oldrel-windows-ix86+x86_64