CRAN Package Check Results for Package munsell

Last updated on 2014-08-02 08:48:39.

Flavor Version Tinstall Tcheck Ttotal Status Flags
r-devel-linux-x86_64-debian-clang 0.4.2 0.93 21.04 21.97 NOTE
r-devel-linux-x86_64-debian-gcc 0.4.2 0.87 21.10 21.97 NOTE
r-devel-linux-x86_64-fedora-clang 0.4.2 48.65 NOTE
r-devel-linux-x86_64-fedora-gcc 0.4.2 44.04 NOTE
r-devel-osx-x86_64-clang 0.4.2 41.75 NOTE
r-devel-windows-ix86+x86_64 0.4.2 3.00 32.00 35.00 NOTE
r-patched-linux-x86_64 0.4.2 0.89 24.09 24.98 NOTE
r-patched-solaris-sparc 0.4.2 277.60 NOTE
r-patched-solaris-x86 0.4.2 58.60 NOTE
r-release-linux-ix86 0.4.2 1.20 28.79 29.99 NOTE
r-release-linux-x86_64 0.4.2 0.88 21.32 22.20 NOTE
r-release-osx-x86_64-mavericks 0.4.2 NOTE
r-release-windows-ix86+x86_64 0.4.2 3.00 34.00 37.00 NOTE
r-oldrel-windows-ix86+x86_64 0.4.2 5.00 47.00 52.00 NOTE

Check Details

Version: 0.4.2
Check: R code for possible problems
Result: NOTE
    chroma_slice: no visible binding for global variable hue
    chroma_slice: no visible binding for global variable value
    chroma_slice: no visible binding for global variable chroma
    chroma_slice: no visible binding for global variable name
    complement_slice: no visible binding for global variable value
    complement_slice: no visible binding for global variable name
    hue_slice: no visible binding for global variable chroma
    hue_slice: no visible binding for global variable value
    hue_slice: no visible binding for global variable hue
    hue_slice: no visible binding for global variable name
    plot_closest: no visible binding for global variable x
    plot_closest: no visible binding for global variable y
    plot_closest: no visible binding for global variable name
    plot_closest: no visible binding for global variable text.colour
    plot_hex: no visible binding for global variable x
    plot_hex: no visible binding for global variable y
    plot_hex: no visible binding for global variable colour
    plot_mnsl: no visible binding for global variable x
    plot_mnsl: no visible binding for global variable y
    value_slice: no visible binding for global variable hue
    value_slice: no visible binding for global variable chroma
    value_slice: no visible binding for global variable value
Flavors: r-devel-linux-x86_64-debian-clang, r-devel-linux-x86_64-debian-gcc, r-devel-linux-x86_64-fedora-clang, r-devel-linux-x86_64-fedora-gcc, r-devel-osx-x86_64-clang, r-devel-windows-ix86+x86_64, r-patched-linux-x86_64, r-patched-solaris-sparc, r-patched-solaris-x86, r-release-linux-ix86, r-release-linux-x86_64, r-release-osx-x86_64-mavericks, r-release-windows-ix86+x86_64, r-oldrel-windows-ix86+x86_64