CRAN Package Check Results for Package mutatr

Last updated on 2014-04-19 05:47:48.

Flavor Version Tinstall Tcheck Ttotal Status Flags
r-devel-linux-x86_64-debian-clang 0.1.2 0.55 8.77 9.32 NOTE
r-devel-linux-x86_64-debian-gcc 0.1.2 0.58 8.69 9.26 NOTE
r-devel-linux-x86_64-fedora-clang 0.1.2 17.76 NOTE
r-devel-linux-x86_64-fedora-gcc 0.1.2 16.69 NOTE
r-devel-macosx-x86_64-clang 0.1.2 21.88 NOTE
r-devel-macosx-x86_64-gcc 0.1.2 NOTE
r-devel-windows-ix86+x86_64 0.1.2 2.00 14.00 16.00 NOTE
r-patched-linux-x86_64 0.1.2 0.56 8.64 9.21 NOTE
r-patched-solaris-sparc 0.1.2 130.60 NOTE
r-patched-solaris-x86 0.1.2 27.90 NOTE
r-release-linux-ix86 0.1.2 2.00 20.00 22.00 NOTE
r-release-linux-x86_64 0.1.2 0.56 8.49 9.05 NOTE
r-release-macosx-x86_64 0.1.2 NOTE
r-release-windows-ix86+x86_64 0.1.2 4.00 19.00 23.00 NOTE
r-oldrel-windows-ix86+x86_64 0.1.2 2.00 15.00 17.00 NOTE

Check Details

Version: 0.1.2
Check: for hidden files and directories
Result: NOTE
    Found the following hidden files and directories:
     .gitignore
    These were most likely included in error. See section ‘Package
    structure’ in the ‘Writing R Extensions’ manual.
Flavors: r-devel-linux-x86_64-debian-clang, r-devel-linux-x86_64-debian-gcc, r-devel-linux-x86_64-fedora-clang, r-devel-linux-x86_64-fedora-gcc, r-devel-macosx-x86_64-clang, r-devel-macosx-x86_64-gcc, r-devel-windows-ix86+x86_64, r-patched-linux-x86_64, r-patched-solaris-sparc, r-patched-solaris-x86, r-release-linux-ix86, r-release-linux-x86_64, r-release-macosx-x86_64, r-release-windows-ix86+x86_64, r-oldrel-windows-ix86+x86_64

Version: 0.1.2
Check: dependencies in R code
Result: NOTE
    Namespace in Imports field not imported from: ‘digest’
     All declared Imports should be used.
    See the information on DESCRIPTION files in the chapter ‘Creating R
    packages’ of the ‘Writing R Extensions’ manual.
Flavors: r-devel-linux-x86_64-debian-clang, r-devel-linux-x86_64-debian-gcc, r-devel-linux-x86_64-fedora-clang, r-devel-linux-x86_64-fedora-gcc, r-devel-macosx-x86_64-clang, r-devel-macosx-x86_64-gcc, r-devel-windows-ix86+x86_64, r-patched-linux-x86_64, r-patched-solaris-sparc, r-patched-solaris-x86, r-release-linux-ix86, r-release-linux-x86_64, r-release-windows-ix86+x86_64, r-oldrel-windows-ix86+x86_64

Version: 0.1.2
Check: top-level files
Result: NOTE
    Non-standard files/directories found at top level:
     ‘demos’ ‘readme.md’
Flavors: r-devel-linux-x86_64-fedora-clang, r-devel-linux-x86_64-fedora-gcc