CRAN Package Check Results for Package mutoss

Last updated on 2015-01-28 22:47:43.

Flavor Version Tinstall Tcheck Ttotal Status Flags
r-devel-linux-x86_64-debian-clang 0.1-8 2.83 40.62 43.45 NOTE
r-devel-linux-x86_64-debian-gcc 0.1-8 2.47 39.23 41.70 NOTE
r-devel-linux-x86_64-fedora-clang 0.1-8 102.55 NOTE
r-devel-linux-x86_64-fedora-gcc 0.1-8 86.13 NOTE
r-devel-osx-x86_64-clang 0.1-8 92.08 NOTE
r-devel-windows-ix86+x86_64 0.1-8 9.00 66.00 75.00 NOTE
r-patched-linux-x86_64 0.1-8 2.95 46.78 49.73 NOTE
r-patched-solaris-sparc 0.1-8 579.30 NOTE
r-patched-solaris-x86 0.1-8 127.80 NOTE
r-release-linux-ix86 0.1-8 3.56 56.69 60.26 NOTE
r-release-linux-x86_64 0.1-8 3.06 47.32 50.39 NOTE
r-release-osx-x86_64-mavericks 0.1-8 NOTE
r-release-osx-x86_64-snowleopard 0.1-8 OK
r-release-windows-ix86+x86_64 0.1-8 12.00 76.00 88.00 NOTE
r-oldrel-windows-ix86+x86_64 0.1-8 10.00 71.00 81.00 OK

Check Details

Version: 0.1-8
Check: R code for possible problems
Result: NOTE
    Qvalue: no visible global function definition for ‘qvalue’
    pval2locfdr: no visible global function definition for ‘fdrtool’
    pval2qval: no visible global function definition for ‘fdrtool’
Flavors: r-devel-linux-x86_64-debian-clang, r-devel-linux-x86_64-debian-gcc, r-devel-linux-x86_64-fedora-clang, r-devel-linux-x86_64-fedora-gcc, r-devel-osx-x86_64-clang, r-devel-windows-ix86+x86_64, r-patched-linux-x86_64, r-patched-solaris-sparc, r-patched-solaris-x86, r-release-linux-ix86, r-release-linux-x86_64, r-release-osx-x86_64-mavericks, r-release-windows-ix86+x86_64