CRAN Package Check Results for Package mutoss

Last updated on 2015-08-31 12:47:50.

Flavor Version Tinstall Tcheck Ttotal Status Flags
r-devel-linux-x86_64-debian-clang 0.1-10 2.34 39.33 41.67 NOTE
r-devel-linux-x86_64-debian-gcc 0.1-10 2.19 38.48 40.68 NOTE
r-devel-linux-x86_64-fedora-clang 0.1-10 81.47 NOTE
r-devel-linux-x86_64-fedora-gcc 0.1-10 77.10 NOTE
r-devel-osx-x86_64-clang 0.1-10 71.04 OK
r-devel-windows-ix86+x86_64 0.1-10 12.00 70.00 82.00 NOTE
r-patched-linux-x86_64 0.1-10 2.36 41.88 44.25 OK
r-patched-solaris-sparc 0.1-10 491.90 OK
r-patched-solaris-x86 0.1-10 108.60 OK
r-release-linux-x86_64 0.1-10 2.42 42.50 44.93 OK
r-release-osx-x86_64-mavericks 0.1-10 OK
r-release-windows-ix86+x86_64 0.1-10 10.00 72.00 82.00 OK
r-oldrel-windows-ix86+x86_64 0.1-10 14.00 118.00 132.00 OK

Check Details

Version: 0.1-10
Check: R code for possible problems
Result: NOTE
    BH: no visible global function definition for ‘p.adjust’
    BY: no visible global function definition for ‘p.adjust’
    TSBKY_pi0_est: no visible global function definition for ‘p.adjust’
    adaptiveBH: no visible global function definition for ‘p.adjust’
    adaptiveSTS: no visible global function definition for ‘p.adjust’
    adjPValuesPlot: no visible global function definition for ‘plot’
    adjPValuesPlot: no visible global function definition for ‘abline’
    fisher22_fast: no visible global function definition for ‘runif’
    fisher23_fast: no visible global function definition for ‘runif’
    ftest.marginal : <anonymous>: no visible global function definition for
     ‘kruskal.test’
    ftest.marginal : <anonymous>: no visible global function definition for
     ‘anova’
    ftest.marginal : <anonymous>: no visible global function definition for
     ‘lm’
    gao: no visible global function definition for ‘model.frame’
    gao: no visible global function definition for ‘aggregate’
    gao: no visible global function definition for ‘pt’
    gao: no visible global function definition for ‘p.adjust’
    gao.wrapper: no visible global function definition for ‘formula’
    hochberg: no visible global function definition for ‘p.adjust’
    holm: no visible global function definition for ‘p.adjust’
    hommel: no visible global function definition for ‘p.adjust’
    mu.compare.adjusted: no visible global function definition for ‘plot’
    mu.compare.adjusted: no visible global function definition for ‘title’
    mu.compare.adjusted: no visible global function definition for ‘par’
    mu.compare.adjusted: no visible global function definition for ‘legend’
    mu.compare.adjusted: no visible global function definition for
     ‘identify’
    mu.compare.critical: no visible global function definition for ‘plot’
    mu.compare.critical: no visible global function definition for ‘title’
    mu.compare.critical: no visible global function definition for ‘par’
    mu.compare.critical: no visible global function definition for ‘legend’
    mu.compare.critical: no visible global function definition for
     ‘identify’
    mutoss.plotCI: no visible global function definition for ‘axis’
    nparcomp : probit: no visible global function definition for ‘qnorm’
    nparcomp: no visible global function definition for ‘model.frame’
    nparcomp: no visible global function definition for ‘qnorm’
    nparcomp: no visible global function definition for ‘pnorm’
    nparcomp: no visible global function definition for ‘pt’
    nparcomp: no visible global function definition for ‘plot’
    nparcomp: no visible global function definition for ‘abline’
    nparcomp: no visible global function definition for ‘axis’
    nparcomp: no visible global function definition for ‘points’
    nparcomp: no visible global function definition for ‘polygon’
    nparcomp: no visible global function definition for ‘box’
    nparcomp: no visible global function definition for ‘title’
    nparcomp.wrapper: no visible global function definition for ‘formula’
    onesamp.marginal : <anonymous>: no visible global function definition
     for ‘wilcox.test’
    onesamp.marginal : <anonymous>: no visible global function definition
     for ‘t.test’
    oracleBH: no visible global function definition for ‘p.adjust’
    pValuesPlot: no visible global function definition for ‘plot’
    pValuesPlot: no visible global function definition for ‘ecdf’
    pValuesPlot: no visible global function definition for ‘abline’
    paired.marginal : <anonymous>: no visible global function definition
     for ‘wilcox.test’
    paired.marginal : <anonymous>: no visible global function definition
     for ‘t.test’
    regwq: no visible global function definition for ‘model.frame’
    regwq: no visible global function definition for ‘ptukey’
    regwq: no visible global function definition for ‘qtukey’
    requireLibrary: no visible global function definition for
     ‘install.packages’
    snk: no visible global function definition for ‘model.frame’
    snk: no visible global function definition for ‘qtukey’
    snk: no visible global function definition for ‘ptukey’
    snk.wrapper: no visible global function definition for ‘formula’
    tukey.wrapper: no visible global function definition for ‘aov’
    tukey.wrapper: no visible global function definition for ‘TukeyHSD’
    twosamp.marginal : <anonymous>: no visible global function definition
     for ‘wilcox.test’
    twosamp.marginal : <anonymous>: no visible global function definition
     for ‘t.test’
    twostageBR: no visible global function definition for ‘p.adjust’
    Undefined global functions or variables:
     TukeyHSD abline aggregate anova aov axis box ecdf formula identify
     install.packages kruskal.test legend lm model.frame p.adjust par plot
     pnorm points polygon pt ptukey qnorm qtukey runif t.test title
     wilcox.test
    Consider adding
     importFrom("graphics", "abline", "axis", "box", "identify", "legend",
     "par", "plot", "points", "polygon", "title")
     importFrom("stats", "TukeyHSD", "aggregate", "anova", "aov", "ecdf",
     "formula", "kruskal.test", "lm", "model.frame", "p.adjust",
     "pnorm", "pt", "ptukey", "qnorm", "qtukey", "runif",
     "t.test", "wilcox.test")
     importFrom("utils", "install.packages")
    to your NAMESPACE.
Flavors: r-devel-linux-x86_64-debian-clang, r-devel-linux-x86_64-debian-gcc, r-devel-linux-x86_64-fedora-clang, r-devel-linux-x86_64-fedora-gcc, r-devel-windows-ix86+x86_64