CRAN Package Check Results for Package mutoss

Last updated on 2014-08-28 03:49:08.

Flavor Version Tinstall Tcheck Ttotal Status Flags
r-devel-linux-x86_64-debian-clang 0.1-8 3.02 44.47 47.50 NOTE
r-devel-linux-x86_64-debian-gcc 0.1-8 2.94 44.40 47.34 NOTE
r-devel-linux-x86_64-fedora-clang 0.1-8 101.36 NOTE
r-devel-linux-x86_64-fedora-gcc 0.1-8 94.04 NOTE
r-devel-osx-x86_64-clang 0.1-8 85.44 NOTE
r-devel-windows-ix86+x86_64 0.1-8 11.00 71.00 82.00 NOTE
r-patched-linux-x86_64 0.1-8 3.00 45.35 48.36 OK
r-patched-solaris-sparc 0.1-8 591.30 OK
r-patched-solaris-x86 0.1-8 132.50 OK
r-release-linux-ix86 0.1-8 3.68 63.46 67.14 OK
r-release-linux-x86_64 0.1-8 3.02 46.69 49.70 OK
r-release-osx-x86_64-mavericks 0.1-8 OK
r-release-osx-x86_64-snowleopard 0.1-8 OK
r-release-windows-ix86+x86_64 0.1-8 10.00 74.00 84.00 OK
r-oldrel-windows-ix86+x86_64 0.1-8 11.00 73.00 84.00 OK

Check Details

Version: 0.1-8
Check: R code for possible problems
Result: NOTE
    Qvalue: no visible global function definition for ‘qvalue’
    pval2locfdr: no visible global function definition for ‘fdrtool’
    pval2qval: no visible global function definition for ‘fdrtool’
Flavors: r-devel-linux-x86_64-debian-clang, r-devel-linux-x86_64-debian-gcc, r-devel-linux-x86_64-fedora-clang, r-devel-linux-x86_64-fedora-gcc, r-devel-osx-x86_64-clang, r-devel-windows-ix86+x86_64