CRAN Package Check Results for Package mutoss

Last updated on 2014-09-02 05:46:38.

Flavor Version Tinstall Tcheck Ttotal Status Flags
r-devel-linux-x86_64-debian-clang 0.1-8 2.97 44.86 47.83 NOTE
r-devel-linux-x86_64-debian-gcc 0.1-8 2.92 43.04 45.95 NOTE
r-devel-linux-x86_64-fedora-clang 0.1-8 102.58 NOTE
r-devel-linux-x86_64-fedora-gcc 0.1-8 95.57 NOTE
r-devel-osx-x86_64-clang 0.1-8 84.72 NOTE
r-devel-windows-ix86+x86_64 0.1-8 10.00 67.00 77.00 NOTE
r-patched-linux-x86_64 0.1-8 3.47 46.02 49.49 OK
r-patched-solaris-sparc 0.1-8 591.30 OK
r-patched-solaris-x86 0.1-8 134.40 OK
r-release-linux-ix86 0.1-8 3.75 60.06 63.81 OK
r-release-linux-x86_64 0.1-8 3.20 45.90 49.10 OK
r-release-osx-x86_64-mavericks 0.1-8 OK
r-release-osx-x86_64-snowleopard 0.1-8 OK
r-release-windows-ix86+x86_64 0.1-8 10.00 70.00 80.00 OK
r-oldrel-windows-ix86+x86_64 0.1-8 10.00 71.00 81.00 OK

Check Details

Version: 0.1-8
Check: R code for possible problems
Result: NOTE
    Qvalue: no visible global function definition for ‘qvalue’
    pval2locfdr: no visible global function definition for ‘fdrtool’
    pval2qval: no visible global function definition for ‘fdrtool’
Flavors: r-devel-linux-x86_64-debian-clang, r-devel-linux-x86_64-debian-gcc, r-devel-linux-x86_64-fedora-clang, r-devel-linux-x86_64-fedora-gcc, r-devel-osx-x86_64-clang, r-devel-windows-ix86+x86_64