CRAN Package Check Results for Package mutoss

Last updated on 2015-02-28 12:51:18.

Flavor Version Tinstall Tcheck Ttotal Status Flags
r-devel-linux-x86_64-debian-clang 0.1-8 3.36 39.18 42.54 NOTE
r-devel-linux-x86_64-debian-gcc 0.1-8 2.20 37.96 40.16 NOTE
r-devel-linux-x86_64-fedora-clang 0.1-8 83.52 NOTE
r-devel-linux-x86_64-fedora-gcc 0.1-8 76.31 NOTE
r-devel-osx-x86_64-clang 0.1-8 79.04 NOTE
r-devel-windows-ix86+x86_64 0.1-8 14.00 65.00 79.00 NOTE
r-patched-linux-x86_64 0.1-8 3.34 47.80 51.14 NOTE
r-patched-solaris-sparc 0.1-8 579.30 NOTE
r-patched-solaris-x86 0.1-8 129.90 NOTE
r-release-linux-ix86 0.1-8 3.54 59.70 63.24 NOTE
r-release-linux-x86_64 0.1-8 3.07 47.84 50.92 NOTE
r-release-osx-x86_64-mavericks 0.1-8 NOTE
r-release-osx-x86_64-snowleopard 0.1-8 OK
r-release-windows-ix86+x86_64 0.1-8 11.00 83.00 94.00 NOTE
r-oldrel-windows-ix86+x86_64 0.1-8 11.00 76.00 87.00 OK

Check Details

Version: 0.1-8
Check: R code for possible problems
Result: NOTE
    Qvalue: no visible global function definition for ‘qvalue’
    pval2locfdr: no visible global function definition for ‘fdrtool’
    pval2qval: no visible global function definition for ‘fdrtool’
Flavors: r-devel-linux-x86_64-debian-clang, r-devel-linux-x86_64-debian-gcc, r-devel-linux-x86_64-fedora-clang, r-devel-linux-x86_64-fedora-gcc, r-devel-osx-x86_64-clang, r-devel-windows-ix86+x86_64, r-patched-linux-x86_64, r-patched-solaris-sparc, r-patched-solaris-x86, r-release-linux-ix86, r-release-linux-x86_64, r-release-osx-x86_64-mavericks, r-release-windows-ix86+x86_64