CRAN Package Check Results for Package mutoss

Last updated on 2014-12-19 23:47:01.

Flavor Version Tinstall Tcheck Ttotal Status Flags
r-devel-linux-x86_64-debian-clang 0.1-8 3.16 47.24 50.40 NOTE
r-devel-linux-x86_64-debian-gcc 0.1-8 2.90 44.47 47.37 NOTE
r-devel-linux-x86_64-fedora-clang 0.1-8 104.27 NOTE
r-devel-linux-x86_64-fedora-gcc 0.1-8 91.55 NOTE
r-devel-osx-x86_64-clang 0.1-8 90.63 NOTE
r-devel-windows-ix86+x86_64 0.1-8 11.00 70.00 81.00 NOTE
r-patched-linux-x86_64 0.1-8 3.12 47.21 50.32 NOTE
r-patched-solaris-sparc 0.1-8 597.90 NOTE
r-patched-solaris-x86 0.1-8 126.40 NOTE
r-release-linux-ix86 0.1-8 3.52 56.05 59.58 NOTE
r-release-linux-x86_64 0.1-8 3.09 48.98 52.07 NOTE
r-release-osx-x86_64-mavericks 0.1-8 OK
r-release-osx-x86_64-snowleopard 0.1-8 OK
r-release-windows-ix86+x86_64 0.1-8 12.00 80.00 92.00 NOTE
r-oldrel-windows-ix86+x86_64 0.1-8 11.00 74.00 85.00 OK

Check Details

Version: 0.1-8
Check: R code for possible problems
Result: NOTE
    Qvalue: no visible global function definition for ‘qvalue’
    pval2locfdr: no visible global function definition for ‘fdrtool’
    pval2qval: no visible global function definition for ‘fdrtool’
Flavors: r-devel-linux-x86_64-debian-clang, r-devel-linux-x86_64-debian-gcc, r-devel-linux-x86_64-fedora-clang, r-devel-linux-x86_64-fedora-gcc, r-devel-osx-x86_64-clang, r-devel-windows-ix86+x86_64, r-patched-linux-x86_64, r-patched-solaris-sparc, r-patched-solaris-x86, r-release-linux-ix86, r-release-linux-x86_64, r-release-windows-ix86+x86_64