CRAN Package Check Results for Package mutoss

Last updated on 2018-02-23 22:48:05 CET.

Flavor Version Tinstall Tcheck Ttotal Status Flags
r-devel-linux-x86_64-debian-clang 0.1-12 8.09 93.58 101.67 OK
r-devel-linux-x86_64-debian-gcc 0.1-12 8.19 76.11 84.30 OK
r-devel-windows-ix86+x86_64 0.1-12 13.00 143.00 156.00 OK
r-patched-linux-x86_64 0.1-12 5.11 98.84 103.95 OK
r-patched-solaris-x86 0.1-12 193.90 OK
r-release-linux-x86_64 0.1-12 5.85 98.79 104.64 OK
r-release-windows-ix86+x86_64 0.1-12 18.00 152.00 170.00 OK
r-release-osx-x86_64 0.1-12 ERROR
r-oldrel-windows-ix86+x86_64 0.1-12 10.00 109.00 119.00 OK
r-oldrel-osx-x86_64 0.1-12 OK

Check Details

Version: 0.1-12
Check: package dependencies
Result: NOTE
    Package suggested but not available for checking: ‘qvalue’
Flavor: r-release-osx-x86_64

Version: 0.1-12
Check: examples
Result: ERROR
    Running examples in ‘mutoss-Ex.R’ failed
    The error most likely occurred in:
    
    > ### Name: Qvalue
    > ### Title: Storey's (2001) q-value Procedure...
    > ### Aliases: Qvalue
    >
    > ### ** Examples
    > pval <- c(runif(50), runif(50, 0, 0.01))
    > result <- Qvalue(pval)
    Loading required package: qvalue
    Warning in library(package, lib.loc = lib.loc, character.only = TRUE, logical.return = TRUE, :
     there is no package called ‘qvalue’
    Package qvalue is required - should we install it?
    Error in requireLibrary("qvalue") :
     Required package qvalue should not be installed
    Calls: Qvalue -> requireLibrary
    Execution halted
Flavor: r-release-osx-x86_64