CRAN Package Check Results for Package mutoss

Last updated on 2014-04-24 07:52:32.

Flavor Version Tinstall Tcheck Ttotal Status Flags
r-devel-linux-x86_64-debian-clang 0.1-8 3.15 48.65 51.80 OK
r-devel-linux-x86_64-debian-gcc 0.1-8 3.34 48.05 51.39 OK
r-devel-linux-x86_64-fedora-clang 0.1-8 104.22 OK
r-devel-linux-x86_64-fedora-gcc 0.1-8 99.58 OK
r-devel-osx-x86_64-clang 0.1-8 99.54 OK
r-devel-osx-x86_64-gcc 0.1-8 ERROR
r-devel-windows-ix86+x86_64 0.1-8 10.00 66.00 76.00 OK
r-patched-linux-x86_64 0.1-8 3.44 47.70 51.14 OK
r-patched-solaris-sparc 0.1-8 563.80 OK
r-patched-solaris-x86 0.1-8 132.10 OK
r-release-linux-ix86 0.1-8 5.00 82.00 87.00 OK
r-release-linux-x86_64 0.1-8 3.26 49.30 52.55 OK
r-release-osx-x86_64-mavericks 0.1-8 ERROR
r-release-osx-x86_64-snowleopard 0.1-8 OK
r-release-windows-ix86+x86_64 0.1-8 8.00 72.00 80.00 OK
r-oldrel-windows-ix86+x86_64 0.1-8 10.00 73.00 83.00 OK

Check Details

Version: 0.1-8
Check: package dependencies
Result: ERROR
    Packages required but not available: ‘multtest’ ‘multcomp’
    
    Package suggested but not available for checking: ‘qvalue’
    
    See the information on DESCRIPTION files in the chapter ‘Creating R
    packages’ of the ‘Writing R Extensions’ manual.
Flavor: r-devel-osx-x86_64-gcc

Version: 0.1-8
Check: package dependencies
Result: ERROR
    Package required but not available: ‘multtest’
    
    Package suggested but not available for checking: ‘qvalue’
    
    See the information on DESCRIPTION files in the chapter ‘Creating R
    packages’ of the ‘Writing R Extensions’ manual.
Flavor: r-release-osx-x86_64-mavericks