CRAN Package Check Results for Package mutoss

Last updated on 2019-07-21 20:47:44 CEST.

Flavor Version Tinstall Tcheck Ttotal Status Flags
r-devel-linux-x86_64-debian-clang 0.1-12 10.32 100.95 111.27 OK
r-devel-linux-x86_64-debian-gcc 0.1-12 10.59 82.06 92.65 OK
r-devel-linux-x86_64-fedora-clang 0.1-12 135.86 OK
r-devel-linux-x86_64-fedora-gcc 0.1-12 133.93 OK
r-devel-windows-ix86+x86_64 0.1-12 22.00 171.00 193.00 OK
r-patched-linux-x86_64 0.1-12 12.40 100.12 112.52 OK
r-patched-solaris-x86 0.1-12 206.90 OK
r-release-linux-x86_64 0.1-12 12.84 102.25 115.09 OK
r-release-windows-ix86+x86_64 0.1-12 23.00 119.00 142.00 OK
r-release-osx-x86_64 0.1-12 ERROR
r-oldrel-windows-ix86+x86_64 0.1-12 19.00 106.00 125.00 OK
r-oldrel-osx-x86_64 0.1-12 OK

Check Details

Version: 0.1-12
Check: package dependencies
Result: ERROR
    Package required but not available: ‘multtest’
    
    Package suggested but not available for checking: ‘qvalue’
    
    See section ‘The DESCRIPTION file’ in the ‘Writing R Extensions’
    manual.
Flavor: r-release-osx-x86_64