CRAN Package Check Results for Package mutoss

Last updated on 2014-10-31 17:49:16.

Flavor Version Tinstall Tcheck Ttotal Status Flags
r-devel-linux-x86_64-debian-clang 0.1-8 3.08 46.33 49.42 NOTE
r-devel-linux-x86_64-debian-gcc 0.1-8 2.83 45.19 48.02 NOTE
r-devel-linux-x86_64-fedora-clang 0.1-8 98.92 NOTE
r-devel-linux-x86_64-fedora-gcc 0.1-8 95.23 NOTE
r-devel-osx-x86_64-clang 0.1-8 88.54 NOTE
r-devel-windows-ix86+x86_64 0.1-8 8.00 66.00 74.00 NOTE
r-patched-linux-x86_64 0.1-8 4.52 47.30 51.82 NOTE
r-patched-solaris-sparc 0.1-8 597.90 NOTE
r-patched-solaris-x86 0.1-8 125.30 NOTE
r-release-linux-ix86 0.1-8 3.70 61.50 65.20 OK
r-release-linux-x86_64 0.1-8 3.02 48.15 51.17 OK
r-release-osx-x86_64-mavericks 0.1-8 OK
r-release-osx-x86_64-snowleopard 0.1-8 OK
r-release-windows-ix86+x86_64 0.1-8 10.00 73.00 83.00 OK
r-oldrel-windows-ix86+x86_64 0.1-8 10.00 74.00 84.00 OK

Check Details

Version: 0.1-8
Check: R code for possible problems
Result: NOTE
    Qvalue: no visible global function definition for ‘qvalue’
    pval2locfdr: no visible global function definition for ‘fdrtool’
    pval2qval: no visible global function definition for ‘fdrtool’
Flavors: r-devel-linux-x86_64-debian-clang, r-devel-linux-x86_64-debian-gcc, r-devel-linux-x86_64-fedora-clang, r-devel-linux-x86_64-fedora-gcc, r-devel-osx-x86_64-clang, r-devel-windows-ix86+x86_64, r-patched-linux-x86_64, r-patched-solaris-sparc, r-patched-solaris-x86