CRAN Package Check Results for Package mutossGUI

Last updated on 2014-08-01 23:48:23.

Flavor Version Tinstall Tcheck Ttotal Status Flags
r-devel-linux-x86_64-debian-clang 0.1-8 3.41 42.74 46.16 NOTE
r-devel-linux-x86_64-debian-gcc 0.1-8 3.25 41.34 44.58 NOTE
r-devel-linux-x86_64-fedora-clang 0.1-8 99.03 NOTE
r-devel-linux-x86_64-fedora-gcc 0.1-8 92.56 NOTE
r-devel-osx-x86_64-clang 0.1-8 83.64 NOTE
r-devel-windows-ix86+x86_64 0.1-8 15.00 64.00 79.00 NOTE
r-patched-linux-x86_64 0.1-8 3.41 41.94 45.35 NOTE
r-patched-solaris-sparc 0.1-8 546.50 NOTE
r-patched-solaris-x86 0.1-8 130.50 NOTE
r-release-linux-ix86 0.1-8 4.29 51.31 55.60 NOTE
r-release-linux-x86_64 0.1-8 3.60 42.41 46.00 NOTE
r-release-osx-x86_64-mavericks 0.1-8 NOTE
r-release-osx-x86_64-snowleopard 0.1-8 NOTE
r-release-windows-ix86+x86_64 0.1-8 20.00 97.00 117.00 NOTE
r-oldrel-windows-ix86+x86_64 0.1-8 19.00 96.00 115.00 NOTE

Check Details

Version: 0.1-8
Check: package dependencies
Result: NOTE
    Depends: includes the non-default packages:
     rJava JavaGD CommonJavaJars plotrix mutoss multcomp
    Adding so many packages to the search path is excessive and importing
    selectively is preferable.
Flavors: r-devel-linux-x86_64-debian-clang, r-devel-linux-x86_64-debian-gcc, r-devel-linux-x86_64-fedora-clang, r-devel-linux-x86_64-fedora-gcc, r-devel-osx-x86_64-clang, r-devel-windows-ix86+x86_64, r-patched-linux-x86_64, r-patched-solaris-sparc, r-patched-solaris-x86, r-release-linux-ix86, r-release-linux-x86_64, r-release-osx-x86_64-mavericks, r-release-osx-x86_64-snowleopard, r-release-windows-ix86+x86_64

Version: 0.1-8
Check: dependencies in R code
Result: NOTE
    'library' or 'require' call to multcomp which was already attached by Depends.
     Please remove these calls from your code.
    Packages in Depends field not imported from:
     JavaGD multcomp plotrix
     These packages need to be imported from (in the NAMESPACE file)
     for when this namespace is loaded but not attached.
    See the information on DESCRIPTION files in the chapter Creating R
    packages of the Writing R Extensions manual.
Flavors: r-devel-linux-x86_64-debian-clang, r-devel-linux-x86_64-debian-gcc, r-devel-linux-x86_64-fedora-clang, r-devel-linux-x86_64-fedora-gcc, r-devel-osx-x86_64-clang, r-devel-windows-ix86+x86_64, r-patched-linux-x86_64, r-patched-solaris-sparc, r-patched-solaris-x86, r-release-linux-ix86, r-release-linux-x86_64, r-release-osx-x86_64-mavericks, r-release-osx-x86_64-snowleopard, r-release-windows-ix86+x86_64, r-oldrel-windows-ix86+x86_64