CRAN Package Check Results for Package mutossGUI

Last updated on 2016-05-04 23:47:01.

Flavor Version Tinstall Tcheck Ttotal Status Flags
r-devel-linux-x86_64-debian-gcc 0.1-10 4.67 50.12 54.79 OK
r-devel-linux-x86_64-fedora-clang 0.1-10 110.52 NOTE
r-devel-linux-x86_64-fedora-gcc 0.1-10 104.22 NOTE
r-devel-osx-x86_64-clang 0.1-10 112.04 OK
r-devel-windows-ix86+x86_64 0.1-10 13.00 112.00 125.00 NOTE
r-patched-linux-x86_64 0.1-10 4.58 49.16 53.74 OK
r-patched-solaris-sparc 0.1-10 360.40 NOTE
r-patched-solaris-x86 0.1-10 150.00 NOTE
r-release-linux-x86_64 0.1-10 4.71 49.33 54.04 OK
r-release-osx-x86_64-mavericks 0.1-10 OK
r-release-windows-ix86+x86_64 0.1-10 13.00 112.00 125.00 NOTE
r-oldrel-windows-ix86+x86_64 0.1-10 20.00 93.00 113.00 OK

Check Details

Version: 0.1-10
Check: whether the namespace can be loaded with stated dependencies
Result: NOTE
    Warning in fun(libname, pkgname) :
     JRI.jar seems to be missing from the classpath.The graphical user interface will most likely not be available.Compile R with shared library enabled (--enable-R-shlib option)and reinstall rJava to use JRI functionality.
    
    A namespace must be able to be loaded with just the base namespace
    loaded: otherwise if the namespace gets loaded by a saved object, the
    session will be unable to start.
    
    Probably some imports need to be declared in the NAMESPACE file.
Flavors: r-devel-linux-x86_64-fedora-clang, r-devel-linux-x86_64-fedora-gcc, r-devel-windows-ix86+x86_64, r-patched-solaris-sparc, r-patched-solaris-x86, r-release-windows-ix86+x86_64