CRAN Package Check Results for Package mutossGUI

Last updated on 2020-12-03 05:48:18 CET.

Flavor Version Tinstall Tcheck Ttotal Status Flags
r-devel-linux-x86_64-debian-clang 0.1-11 10.40 94.86 105.26 OK
r-devel-linux-x86_64-debian-gcc 0.1-11 9.35 72.40 81.75 OK
r-devel-linux-x86_64-fedora-clang 0.1-11 133.14 OK
r-devel-linux-x86_64-fedora-gcc 0.1-11 124.59 OK
r-devel-windows-ix86+x86_64 0.1-11 24.00 85.00 109.00 OK
r-patched-linux-x86_64 0.1-11 9.57 89.76 99.33 OK
r-patched-solaris-x86 0.1-11 180.20 OK
r-release-linux-x86_64 0.1-11 10.90 88.95 99.85 OK
r-release-macos-x86_64 0.1-11 OK
r-release-windows-ix86+x86_64 0.1-11 21.00 118.00 139.00 OK
r-oldrel-macos-x86_64 0.1-11 OK
r-oldrel-windows-ix86+x86_64 0.1-11 12.00 7.00 19.00 ERROR

Check Details

Version: 0.1-11
Check: whether package can be installed
Result: ERROR
    Installation failed.
Flavor: r-oldrel-windows-ix86+x86_64