CRAN Package Check Results for Package mutossGUI

Last updated on 2015-04-21 06:47:32.

Flavor Version Tinstall Tcheck Ttotal Status Flags
r-devel-linux-x86_64-debian-clang 0.1-9 2.78 32.66 35.43 NOTE
r-devel-linux-x86_64-debian-gcc 0.1-9 2.69 30.90 33.59 NOTE
r-devel-linux-x86_64-fedora-clang 0.1-9 78.85 NOTE
r-devel-linux-x86_64-fedora-gcc 0.1-9 73.08 NOTE
r-devel-osx-x86_64-clang 0.1-9 60.30 NOTE
r-devel-windows-ix86+x86_64 0.1-9 12.00 62.00 74.00 NOTE
r-patched-linux-x86_64 0.1-9 3.74 31.33 35.06 NOTE
r-patched-solaris-sparc 0.1-9 402.10 NOTE
r-patched-solaris-x86 0.1-9 97.00 NOTE
r-release-linux-x86_64 0.1-9 3.65 31.34 34.99 NOTE
r-release-osx-x86_64-mavericks 0.1-9 ERROR
r-release-osx-x86_64-snowleopard 0.1-9 ERROR
r-release-windows-ix86+x86_64 0.1-9 6.00 45.00 51.00 WARN
r-oldrel-windows-ix86+x86_64 0.1-9 15.00 77.00 92.00 OK

Check Details

Version: 0.1-9
Check: DESCRIPTION meta-information
Result: NOTE
    Malformed Description field: should contain one or more complete sentences.
Flavors: r-devel-linux-x86_64-debian-clang, r-devel-linux-x86_64-debian-gcc, r-devel-linux-x86_64-fedora-clang, r-devel-linux-x86_64-fedora-gcc, r-devel-osx-x86_64-clang, r-devel-windows-ix86+x86_64, r-patched-linux-x86_64, r-patched-solaris-sparc, r-patched-solaris-x86, r-release-linux-x86_64, r-release-windows-ix86+x86_64

Version: 0.1-9
Check: package dependencies
Result: ERROR
    Packages required but not available: ‘mutoss’ ‘multcomp’
    
    See section ‘The DESCRIPTION file’ in the ‘Writing R Extensions’
    manual.
Flavors: r-release-osx-x86_64-mavericks, r-release-osx-x86_64-snowleopard

Version: 0.1-9
Check: whether package can be installed
Result: WARN
    Found the following significant warnings:
     Warning: package 'survival' was built under R version 3.3.0
Flavor: r-release-windows-ix86+x86_64