CRAN Package Check Results for Package mutossGUI

Last updated on 2014-04-21 12:43:21.

Flavor Version Tinstall Tcheck Ttotal Status Flags
r-devel-linux-x86_64-debian-clang 0.1-8 3.54 44.70 48.24 NOTE
r-devel-linux-x86_64-debian-gcc 0.1-8 3.68 45.31 48.99 NOTE
r-devel-linux-x86_64-fedora-clang 0.1-8 99.67 NOTE
r-devel-linux-x86_64-fedora-gcc 0.1-8 93.44 NOTE
r-devel-osx-x86_64-clang 0.1-8 96.68 NOTE
r-devel-osx-x86_64-gcc 0.1-8 ERROR
r-devel-windows-ix86+x86_64 0.1-8 12.00 68.00 80.00 NOTE
r-patched-linux-x86_64 0.1-8 3.63 43.86 47.49 NOTE
r-patched-solaris-sparc 0.1-8 561.50 NOTE
r-patched-solaris-x86 0.1-8 131.30 NOTE
r-release-linux-x86_64 0.1-8 3.62 44.30 47.92 NOTE
r-release-osx-x86_64-mavericks 0.1-8 ERROR
r-release-osx-x86_64-snowleopard 0.1-8 ERROR
r-release-windows-ix86+x86_64 0.1-8 16.00 67.00 83.00 NOTE
r-oldrel-windows-ix86+x86_64 0.1-8 15.00 67.00 82.00 NOTE

Check Details

Version: 0.1-8
Check: package dependencies
Result: NOTE
    Depends: includes the non-default packages:
     ‘rJava’ ‘JavaGD’ ‘CommonJavaJars’ ‘plotrix’ ‘mutoss’ ‘multcomp’
    Adding so many packages to the search path is excessive and importing
    selectively is preferable.
Flavors: r-devel-linux-x86_64-debian-clang, r-devel-linux-x86_64-debian-gcc, r-devel-linux-x86_64-fedora-clang, r-devel-linux-x86_64-fedora-gcc, r-devel-osx-x86_64-clang, r-devel-windows-ix86+x86_64, r-patched-linux-x86_64, r-patched-solaris-sparc, r-patched-solaris-x86, r-release-linux-x86_64, r-release-windows-ix86+x86_64

Version: 0.1-8
Check: dependencies in R code
Result: NOTE
    'library' or 'require' call to ‘multcomp’ which was already attached by Depends.
     Please remove these calls from your code.
    Packages in Depends field not imported from:
     ‘JavaGD’ ‘multcomp’ ‘plotrix’
     These packages need to be imported from (in the NAMESPACE file)
     for when this namespace is loaded but not attached.
    See the information on DESCRIPTION files in the chapter ‘Creating R
    packages’ of the ‘Writing R Extensions’ manual.
Flavors: r-devel-linux-x86_64-debian-clang, r-devel-linux-x86_64-debian-gcc, r-devel-linux-x86_64-fedora-clang, r-devel-linux-x86_64-fedora-gcc, r-devel-osx-x86_64-clang, r-devel-windows-ix86+x86_64, r-patched-linux-x86_64, r-patched-solaris-sparc, r-patched-solaris-x86, r-release-linux-x86_64, r-release-windows-ix86+x86_64, r-oldrel-windows-ix86+x86_64

Version: 0.1-8
Check: package dependencies
Result: ERROR
    Packages required but not available: ‘mutoss’ ‘multcomp’
    
    Depends: includes the non-default packages:
     ‘rJava’ ‘JavaGD’ ‘CommonJavaJars’ ‘plotrix’ ‘mutoss’ ‘multcomp’
    Adding so many packages to the search path is excessive and importing
    selectively is preferable.
    
    See the information on DESCRIPTION files in the chapter ‘Creating R
    packages’ of the ‘Writing R Extensions’ manual.
Flavors: r-devel-osx-x86_64-gcc, r-release-osx-x86_64-mavericks, r-release-osx-x86_64-snowleopard