CRAN Package Check Results for Package mutossGUI

Last updated on 2017-05-27 20:46:24.

Flavor Version Tinstall Tcheck Ttotal Status Flags
r-devel-linux-x86_64-debian-clang 0.1-10 5.36 57.11 62.47 OK
r-devel-linux-x86_64-debian-gcc 0.1-10 5.23 56.29 61.52 OK
r-devel-linux-x86_64-fedora-clang 0.1-10 131.90 NOTE
r-devel-linux-x86_64-fedora-gcc 0.1-10 126.47 NOTE
r-devel-windows-ix86+x86_64 0.1-10 11.00 91.00 102.00 NOTE
r-patched-linux-x86_64 0.1-10 5.67 56.81 62.48 OK
r-patched-solaris-sparc 0.1-10 701.60 NOTE
r-patched-solaris-x86 0.1-10 179.20 NOTE
r-release-linux-x86_64 0.1-10 5.56 56.35 61.91 OK
r-release-windows-ix86+x86_64 0.1-10 14.00 87.00 101.00 NOTE
r-release-osx-x86_64 0.1-10 ERROR
r-oldrel-windows-ix86+x86_64 0.1-10 19.00 80.00 99.00 NOTE
r-oldrel-osx-x86_64 0.1-10 OK

Check Details

Version: 0.1-10
Check: whether the namespace can be loaded with stated dependencies
Result: NOTE
    Warning in fun(libname, pkgname) :
     JRI.jar seems to be missing from the classpath.The graphical user interface will most likely not be available.Compile R with shared library enabled (--enable-R-shlib option)and reinstall rJava to use JRI functionality.
    
    A namespace must be able to be loaded with just the base namespace
    loaded: otherwise if the namespace gets loaded by a saved object, the
    session will be unable to start.
    
    Probably some imports need to be declared in the NAMESPACE file.
Flavors: r-devel-linux-x86_64-fedora-clang, r-devel-linux-x86_64-fedora-gcc, r-devel-windows-ix86+x86_64, r-patched-solaris-sparc, r-patched-solaris-x86, r-release-windows-ix86+x86_64, r-oldrel-windows-ix86+x86_64

Version: 0.1-10
Check: package dependencies
Result: ERROR
    Package required but not available: ‘mutoss’
    
    See section ‘The DESCRIPTION file’ in the ‘Writing R Extensions’
    manual.
Flavor: r-release-osx-x86_64