CRAN Package Check Results for Package mutossGUI

Last updated on 2016-10-01 22:47:28.

Flavor Version Tinstall Tcheck Ttotal Status Flags
r-devel-linux-x86_64-debian-clang 0.1-10 4.47 48.03 52.50 OK
r-devel-linux-x86_64-debian-gcc 0.1-10 4.16 47.04 51.19 OK
r-devel-linux-x86_64-fedora-clang 0.1-10 120.19 NOTE
r-devel-linux-x86_64-fedora-gcc 0.1-10 116.74 NOTE
r-devel-macos-x86_64-clang 0.1-10 78.31 OK
r-devel-windows-ix86+x86_64 0.1-10 19.00 105.00 124.00 NOTE
r-patched-linux-x86_64 0.1-10 4.53 46.79 51.31 OK
r-patched-solaris-sparc 0.1-10 592.30 NOTE
r-patched-solaris-x86 0.1-10 146.10 NOTE
r-release-linux-x86_64 0.1-10 4.33 47.00 51.32 OK
r-release-osx-x86_64-mavericks 0.1-10 OK
r-release-windows-ix86+x86_64 0.1-10 14.00 77.00 91.00 NOTE
r-oldrel-windows-ix86+x86_64 0.1-10 12.00 83.00 95.00 OK

Check Details

Version: 0.1-10
Check: whether the namespace can be loaded with stated dependencies
Result: NOTE
    Warning in fun(libname, pkgname) :
     JRI.jar seems to be missing from the classpath.The graphical user interface will most likely not be available.Compile R with shared library enabled (--enable-R-shlib option)and reinstall rJava to use JRI functionality.
    
    A namespace must be able to be loaded with just the base namespace
    loaded: otherwise if the namespace gets loaded by a saved object, the
    session will be unable to start.
    
    Probably some imports need to be declared in the NAMESPACE file.
Flavors: r-devel-linux-x86_64-fedora-clang, r-devel-linux-x86_64-fedora-gcc, r-devel-windows-ix86+x86_64, r-patched-solaris-sparc, r-patched-solaris-x86, r-release-windows-ix86+x86_64