CRAN Package Check Results for Package mutossGUI

Last updated on 2015-05-28 00:47:05.

Flavor Version Tinstall Tcheck Ttotal Status Flags
r-devel-linux-x86_64-debian-clang 0.1-9 2.87 33.32 36.19 NOTE
r-devel-linux-x86_64-debian-gcc 0.1-9 2.70 31.18 33.89 NOTE
r-devel-linux-x86_64-fedora-clang 0.1-9 80.16 NOTE
r-devel-linux-x86_64-fedora-gcc 0.1-9 74.14 NOTE
r-devel-osx-x86_64-clang 0.1-9 60.60 NOTE
r-devel-windows-ix86+x86_64 0.1-9 8.00 51.00 59.00 NOTE
r-patched-linux-x86_64 0.1-9 2.68 31.08 33.76 NOTE
r-patched-solaris-sparc 0.1-9 415.20 NOTE
r-patched-solaris-x86 0.1-9 105.50 NOTE
r-release-linux-x86_64 0.1-9 2.70 33.30 36.00 NOTE
r-release-osx-x86_64-mavericks 0.1-9 NOTE
r-release-osx-x86_64-snowleopard 0.1-9 ERROR
r-release-windows-ix86+x86_64 0.1-9 8.00 48.00 56.00 NOTE
r-oldrel-windows-ix86+x86_64 0.1-9 17.00 81.00 98.00 OK

Check Details

Version: 0.1-9
Check: DESCRIPTION meta-information
Result: NOTE
    Malformed Description field: should contain one or more complete sentences.
Flavors: r-devel-linux-x86_64-debian-clang, r-devel-linux-x86_64-debian-gcc, r-devel-linux-x86_64-fedora-clang, r-devel-linux-x86_64-fedora-gcc, r-devel-osx-x86_64-clang, r-devel-windows-ix86+x86_64, r-patched-linux-x86_64, r-patched-solaris-sparc, r-patched-solaris-x86, r-release-linux-x86_64, r-release-osx-x86_64-mavericks, r-release-windows-ix86+x86_64

Version: 0.1-9
Check: package dependencies
Result: ERROR
    Package required but not available: ‘mutoss’
    
    See section ‘The DESCRIPTION file’ in the ‘Writing R Extensions’
    manual.
Flavor: r-release-osx-x86_64-snowleopard