CRAN Package Check Results for Package mutossGUI

Last updated on 2017-02-26 10:48:09.

Flavor Version Tinstall Tcheck Ttotal Status Flags
r-devel-linux-x86_64-debian-clang 0.1-10 4.98 54.07 59.05 OK
r-devel-linux-x86_64-debian-gcc 0.1-10 5.92 54.35 60.27 OK
r-devel-linux-x86_64-fedora-clang 0.1-10 136.05 NOTE --no-stop-on-test-error
r-devel-linux-x86_64-fedora-gcc 0.1-10 125.70 NOTE --no-stop-on-test-error
r-devel-macos-x86_64-clang 0.1-10 94.28 OK --no-stop-on-test-error
r-devel-windows-ix86+x86_64 0.1-10 22.00 126.00 148.00 NOTE
r-patched-linux-x86_64 0.1-10 4.58 47.92 52.50 OK
r-patched-solaris-sparc 0.1-10 596.40 NOTE
r-patched-solaris-x86 0.1-10 144.70 NOTE
r-release-linux-x86_64 0.1-10 4.76 47.49 52.24 OK
r-release-osx-x86_64-mavericks 0.1-10 OK
r-release-windows-ix86+x86_64 0.1-10 17.00 111.00 128.00 NOTE
r-oldrel-windows-ix86+x86_64 0.1-10 17.00 108.00 125.00 OK

Check Details

Version: 0.1-10
Flags: --no-stop-on-test-error
Check: whether the namespace can be loaded with stated dependencies
Result: NOTE
    Warning in fun(libname, pkgname) :
     JRI.jar seems to be missing from the classpath.The graphical user interface will most likely not be available.Compile R with shared library enabled (--enable-R-shlib option)and reinstall rJava to use JRI functionality.
    
    A namespace must be able to be loaded with just the base namespace
    loaded: otherwise if the namespace gets loaded by a saved object, the
    session will be unable to start.
    
    Probably some imports need to be declared in the NAMESPACE file.
Flavors: r-devel-linux-x86_64-fedora-clang, r-devel-linux-x86_64-fedora-gcc

Version: 0.1-10
Check: whether the namespace can be loaded with stated dependencies
Result: NOTE
    Warning in fun(libname, pkgname) :
     JRI.jar seems to be missing from the classpath.The graphical user interface will most likely not be available.Compile R with shared library enabled (--enable-R-shlib option)and reinstall rJava to use JRI functionality.
    
    A namespace must be able to be loaded with just the base namespace
    loaded: otherwise if the namespace gets loaded by a saved object, the
    session will be unable to start.
    
    Probably some imports need to be declared in the NAMESPACE file.
Flavors: r-devel-windows-ix86+x86_64, r-patched-solaris-sparc, r-patched-solaris-x86, r-release-windows-ix86+x86_64