CRAN Package Check Results for Package mutossGUI

Last updated on 2016-07-30 04:49:11.

Flavor Version Tinstall Tcheck Ttotal Status Flags
r-devel-linux-x86_64-debian-clang 0.1-10 5.06 52.64 57.70 OK
r-devel-linux-x86_64-debian-gcc 0.1-10 4.79 51.27 56.06 OK
r-devel-linux-x86_64-fedora-clang 0.1-10 111.26 NOTE
r-devel-linux-x86_64-fedora-gcc 0.1-10 108.21 NOTE
r-devel-osx-x86_64-clang 0.1-10 85.83 OK
r-devel-windows-ix86+x86_64 0.1-10 14.00 86.00 100.00 NOTE
r-patched-linux-x86_64 0.1-10 5.94 57.89 63.83 OK
r-patched-solaris-sparc 0.1-10 592.30 NOTE
r-patched-solaris-x86 0.1-10 149.60 NOTE
r-release-linux-x86_64 0.1-10 5.48 58.12 63.60 OK
r-release-osx-x86_64-mavericks 0.1-10 OK
r-release-windows-ix86+x86_64 0.1-10 17.00 109.00 126.00 NOTE
r-oldrel-windows-ix86+x86_64 0.1-10 20.00 129.00 149.00 OK

Check Details

Version: 0.1-10
Check: whether the namespace can be loaded with stated dependencies
Result: NOTE
    Warning in fun(libname, pkgname) :
     JRI.jar seems to be missing from the classpath.The graphical user interface will most likely not be available.Compile R with shared library enabled (--enable-R-shlib option)and reinstall rJava to use JRI functionality.
    
    A namespace must be able to be loaded with just the base namespace
    loaded: otherwise if the namespace gets loaded by a saved object, the
    session will be unable to start.
    
    Probably some imports need to be declared in the NAMESPACE file.
Flavors: r-devel-linux-x86_64-fedora-clang, r-devel-linux-x86_64-fedora-gcc, r-devel-windows-ix86+x86_64, r-patched-solaris-sparc, r-patched-solaris-x86, r-release-windows-ix86+x86_64