CRAN Package Check Results for Package mutossGUI

Last updated on 2017-09-22 19:46:57.

Flavor Version Tinstall Tcheck Ttotal Status Flags
r-devel-linux-x86_64-debian-clang 0.1-10 5.20 54.65 59.85 OK
r-devel-linux-x86_64-debian-gcc 0.1-10 4.84 54.26 59.10 OK
r-devel-linux-x86_64-fedora-clang 0.1-10 130.81 NOTE
r-devel-linux-x86_64-fedora-gcc 0.1-10 127.55 NOTE
r-devel-windows-ix86+x86_64 0.1-10 12.00 86.00 98.00 NOTE
r-patched-linux-x86_64 0.1-10 5.09 55.36 60.44 OK
r-patched-solaris-x86 0.1-10 185.60 NOTE
r-release-linux-x86_64 0.1-10 5.14 54.76 59.90 OK
r-release-windows-ix86+x86_64 0.1-10 12.00 94.00 106.00 NOTE
r-release-osx-x86_64 0.1-10 ERROR
r-oldrel-windows-ix86+x86_64 0.1-10 11.00 80.00 91.00 NOTE
r-oldrel-osx-x86_64 0.1-10 OK

Check Details

Version: 0.1-10
Check: whether the namespace can be loaded with stated dependencies
Result: NOTE
    Warning in fun(libname, pkgname) :
     JRI.jar seems to be missing from the classpath.The graphical user interface will most likely not be available.Compile R with shared library enabled (--enable-R-shlib option)and reinstall rJava to use JRI functionality.
    
    A namespace must be able to be loaded with just the base namespace
    loaded: otherwise if the namespace gets loaded by a saved object, the
    session will be unable to start.
    
    Probably some imports need to be declared in the NAMESPACE file.
Flavors: r-devel-linux-x86_64-fedora-clang, r-devel-linux-x86_64-fedora-gcc, r-devel-windows-ix86+x86_64, r-patched-solaris-x86, r-release-windows-ix86+x86_64, r-oldrel-windows-ix86+x86_64

Version: 0.1-10
Check: package dependencies
Result: ERROR
    Package required but not available: ‘mutoss’
    
    See section ‘The DESCRIPTION file’ in the ‘Writing R Extensions’
    manual.
Flavor: r-release-osx-x86_64