CRAN Package Check Results for Package mutossGUI

Last updated on 2019-11-14 04:50:42 CET.

Flavor Version Tinstall Tcheck Ttotal Status Flags
r-devel-linux-x86_64-debian-clang 0.1-11 10.56 81.92 92.48 OK
r-devel-linux-x86_64-debian-gcc 0.1-11 7.47 63.59 71.06 OK
r-devel-linux-x86_64-fedora-clang 0.1-11 110.39 OK
r-devel-linux-x86_64-fedora-gcc 0.1-11 112.92 OK
r-devel-windows-ix86+x86_64 0.1-11 21.00 7.00 28.00 ERROR
r-patched-linux-x86_64 0.1-11 9.27 78.23 87.50 OK
r-patched-solaris-x86 0.1-11 175.40 OK
r-release-linux-x86_64 0.1-11 8.58 78.17 86.75 OK
r-release-windows-ix86+x86_64 0.1-11 22.00 136.00 158.00 OK
r-release-osx-x86_64 0.1-11 OK
r-oldrel-windows-ix86+x86_64 0.1-11 12.00 131.00 143.00 OK
r-oldrel-osx-x86_64 0.1-11 OK

Check Details

Version: 0.1-11
Check: whether package can be installed
Result: ERROR
    Installation failed.
Flavor: r-devel-windows-ix86+x86_64