CRAN Package Check Results for Package mutossGUI

Last updated on 2017-03-30 19:47:56.

Flavor Version Tinstall Tcheck Ttotal Status Flags
r-devel-linux-x86_64-debian-clang 0.1-10 5.19 55.63 60.82 OK
r-devel-linux-x86_64-debian-gcc 0.1-10 5.15 53.96 59.12 OK
r-devel-linux-x86_64-fedora-clang 0.1-10 129.55 NOTE --no-stop-on-test-error
r-devel-linux-x86_64-fedora-gcc 0.1-10 125.53 NOTE --no-stop-on-test-error
r-devel-macos-x86_64-clang 0.1-10 95.45 OK --no-stop-on-test-error
r-devel-windows-ix86+x86_64 0.1-10 13.00 144.00 157.00 NOTE
r-patched-linux-x86_64 0.1-10 5.14 55.18 60.32 OK
r-patched-solaris-sparc 0.1-10 701.60 NOTE
r-release-linux-x86_64 0.1-10 4.65 46.92 51.57 OK
r-release-osx-x86_64-mavericks 0.1-10 OK
r-release-windows-ix86+x86_64 0.1-10 28.00 95.00 123.00 NOTE
r-oldrel-windows-ix86+x86_64 0.1-10 19.00 113.00 132.00 OK

Check Details

Version: 0.1-10
Flags: --no-stop-on-test-error
Check: whether the namespace can be loaded with stated dependencies
Result: NOTE
    Warning in fun(libname, pkgname) :
     JRI.jar seems to be missing from the classpath.The graphical user interface will most likely not be available.Compile R with shared library enabled (--enable-R-shlib option)and reinstall rJava to use JRI functionality.
    
    A namespace must be able to be loaded with just the base namespace
    loaded: otherwise if the namespace gets loaded by a saved object, the
    session will be unable to start.
    
    Probably some imports need to be declared in the NAMESPACE file.
Flavors: r-devel-linux-x86_64-fedora-clang, r-devel-linux-x86_64-fedora-gcc

Version: 0.1-10
Check: whether the namespace can be loaded with stated dependencies
Result: NOTE
    Warning in fun(libname, pkgname) :
     JRI.jar seems to be missing from the classpath.The graphical user interface will most likely not be available.Compile R with shared library enabled (--enable-R-shlib option)and reinstall rJava to use JRI functionality.
    
    A namespace must be able to be loaded with just the base namespace
    loaded: otherwise if the namespace gets loaded by a saved object, the
    session will be unable to start.
    
    Probably some imports need to be declared in the NAMESPACE file.
Flavors: r-devel-windows-ix86+x86_64, r-patched-solaris-sparc, r-release-windows-ix86+x86_64