CRAN Package Check Results for Package mutossGUI

Last updated on 2016-02-14 10:46:50.

Flavor Version Tinstall Tcheck Ttotal Status Flags
r-devel-linux-x86_64-debian-gcc 0.1-10 3.02 32.50 35.52 OK
r-devel-linux-x86_64-fedora-clang 0.1-10 69.72 NOTE
r-devel-linux-x86_64-fedora-gcc 0.1-10 70.47 NOTE
r-devel-osx-x86_64-clang 0.1-10 70.56 OK
r-devel-windows-ix86+x86_64 0.1-10 15.00 56.00 71.00 NOTE
r-patched-linux-x86_64 0.1-10 3.17 36.43 39.60 OK
r-patched-solaris-sparc 0.1-10 395.70 OK
r-patched-solaris-x86 0.1-10 102.20 OK
r-release-linux-x86_64 0.1-10 3.11 36.81 39.92 OK
r-release-osx-x86_64-mavericks 0.1-10 OK
r-release-windows-ix86+x86_64 0.1-10 12.00 56.00 68.00 OK
r-oldrel-windows-ix86+x86_64 0.1-10 23.00 140.00 163.00 OK

Check Details

Version: 0.1-10
Check: whether the namespace can be loaded with stated dependencies
Result: NOTE
    Warning in fun(libname, pkgname) :
     JRI.jar seems to be missing from the classpath.The graphical user interface will most likely not be available.Compile R with shared library enabled (--enable-R-shlib option)and reinstall rJava to use JRI functionality.
    
    A namespace must be able to be loaded with just the base namespace
    loaded: otherwise if the namespace gets loaded by a saved object, the
    session will be unable to start.
    
    Probably some imports need to be declared in the NAMESPACE file.
Flavors: r-devel-linux-x86_64-fedora-clang, r-devel-linux-x86_64-fedora-gcc, r-devel-windows-ix86+x86_64