CRAN Package Check Results for Package mutossGUI

Last updated on 2017-07-23 14:47:08.

Flavor Version Tinstall Tcheck Ttotal Status Flags
r-devel-linux-x86_64-debian-clang 0.1-10 4.72 59.74 64.45 OK
r-devel-linux-x86_64-debian-gcc 0.1-10 5.09 59.05 64.14 OK
r-devel-linux-x86_64-fedora-clang 0.1-10 130.41 NOTE
r-devel-linux-x86_64-fedora-gcc 0.1-10 127.39 NOTE
r-devel-windows-ix86+x86_64 0.1-10 18.00 130.00 148.00 NOTE
r-patched-linux-x86_64 0.1-10 5.53 60.56 66.09 OK
r-patched-solaris-x86 0.1-10 181.10 NOTE
r-release-linux-x86_64 0.1-10 5.12 60.18 65.30 OK
r-release-windows-ix86+x86_64 0.1-10 15.00 129.00 144.00 NOTE
r-release-osx-x86_64 0.1-10 ERROR
r-oldrel-windows-ix86+x86_64 0.1-10 19.00 114.00 133.00 NOTE
r-oldrel-osx-x86_64 0.1-10 OK

Check Details

Version: 0.1-10
Check: whether the namespace can be loaded with stated dependencies
Result: NOTE
    Warning in fun(libname, pkgname) :
     JRI.jar seems to be missing from the classpath.The graphical user interface will most likely not be available.Compile R with shared library enabled (--enable-R-shlib option)and reinstall rJava to use JRI functionality.
    
    A namespace must be able to be loaded with just the base namespace
    loaded: otherwise if the namespace gets loaded by a saved object, the
    session will be unable to start.
    
    Probably some imports need to be declared in the NAMESPACE file.
Flavors: r-devel-linux-x86_64-fedora-clang, r-devel-linux-x86_64-fedora-gcc, r-devel-windows-ix86+x86_64, r-patched-solaris-x86, r-release-windows-ix86+x86_64, r-oldrel-windows-ix86+x86_64

Version: 0.1-10
Check: package dependencies
Result: ERROR
    Package required but not available: ‘mutoss’
    
    See section ‘The DESCRIPTION file’ in the ‘Writing R Extensions’
    manual.
Flavor: r-release-osx-x86_64