CRAN Package Check Results for Package mutossGUI

Last updated on 2017-11-17 17:50:47.

Flavor Version Tinstall Tcheck Ttotal Status Flags
r-devel-linux-x86_64-debian-clang 0.1-10 4.34 50.98 55.32 OK
r-devel-linux-x86_64-debian-gcc 0.1-10 4.68 56.81 61.50 OK
r-devel-linux-x86_64-fedora-clang 0.1-10 118.64 NOTE
r-devel-linux-x86_64-fedora-gcc 0.1-10 118.06 NOTE
r-devel-windows-ix86+x86_64 0.1-10 20.00 118.00 138.00 NOTE
r-patched-linux-x86_64 0.1-10 4.55 51.74 56.29 OK
r-patched-solaris-x86 0.1-10 173.30 NOTE
r-release-linux-x86_64 0.1-10 4.70 51.99 56.69 OK
r-release-windows-ix86+x86_64 0.1-10 20.00 117.00 137.00 NOTE
r-release-osx-x86_64 0.1-10 ERROR
r-oldrel-windows-ix86+x86_64 0.1-10 10.00 75.00 85.00 NOTE
r-oldrel-osx-x86_64 0.1-10 OK

Check Details

Version: 0.1-10
Check: whether the namespace can be loaded with stated dependencies
Result: NOTE
    Warning in fun(libname, pkgname) :
     JRI.jar seems to be missing from the classpath.The graphical user interface will most likely not be available.Compile R with shared library enabled (--enable-R-shlib option)and reinstall rJava to use JRI functionality.
    
    A namespace must be able to be loaded with just the base namespace
    loaded: otherwise if the namespace gets loaded by a saved object, the
    session will be unable to start.
    
    Probably some imports need to be declared in the NAMESPACE file.
Flavors: r-devel-linux-x86_64-fedora-clang, r-devel-linux-x86_64-fedora-gcc, r-devel-windows-ix86+x86_64, r-patched-solaris-x86, r-release-windows-ix86+x86_64, r-oldrel-windows-ix86+x86_64

Version: 0.1-10
Check: package dependencies
Result: ERROR
    Package required but not available: ‘mutoss’
    
    See section ‘The DESCRIPTION file’ in the ‘Writing R Extensions’
    manual.
Flavor: r-release-osx-x86_64