CRAN Package Check Results for Package mutossGUI

Last updated on 2015-08-28 06:47:25.

Flavor Version Tinstall Tcheck Ttotal Status Flags
r-devel-linux-x86_64-debian-clang 0.1-10 2.58 30.65 33.24 OK
r-devel-linux-x86_64-debian-gcc 0.1-10 2.49 30.27 32.76 OK
r-devel-linux-x86_64-fedora-clang 0.1-10 73.83 NOTE
r-devel-linux-x86_64-fedora-gcc 0.1-10 71.41 NOTE
r-devel-osx-x86_64-clang 0.1-10 54.73 OK
r-devel-windows-ix86+x86_64 0.1-10 11.00 52.00 63.00 NOTE
r-patched-linux-x86_64 0.1-10 2.80 32.43 35.24 OK
r-patched-solaris-sparc 0.1-10 373.80 OK
r-patched-solaris-x86 0.1-10 115.70 OK
r-release-linux-x86_64 0.1-10 2.94 32.59 35.53 OK
r-release-osx-x86_64-mavericks 0.1-10 OK
r-release-windows-ix86+x86_64 0.1-10 12.00 52.00 64.00 OK
r-oldrel-windows-ix86+x86_64 0.1-10 22.00 116.00 138.00 OK

Check Details

Version: 0.1-10
Check: whether the namespace can be loaded with stated dependencies
Result: NOTE
    Warning in fun(libname, pkgname) :
     JRI.jar seems to be missing from the classpath.The graphical user interface will most likely not be available.Compile R with shared library enabled (--enable-R-shlib option)and reinstall rJava to use JRI functionality.
    
    A namespace must be able to be loaded with just the base namespace
    loaded: otherwise if the namespace gets loaded by a saved object, the
    session will be unable to start.
    
    Probably some imports need to be declared in the NAMESPACE file.
Flavors: r-devel-linux-x86_64-fedora-clang, r-devel-linux-x86_64-fedora-gcc, r-devel-windows-ix86+x86_64