CRAN Package Check Results for Package mutossGUI

Last updated on 2015-07-31 06:47:04.

Flavor Version Tinstall Tcheck Ttotal Status Flags
r-devel-linux-x86_64-debian-clang 0.1-9 2.94 32.14 35.07 NOTE
r-devel-linux-x86_64-debian-gcc 0.1-9 3.35 31.71 35.06 NOTE
r-devel-linux-x86_64-fedora-clang 0.1-9 80.22 NOTE
r-devel-linux-x86_64-fedora-gcc 0.1-9 73.88 NOTE
r-devel-osx-x86_64-clang 0.1-9 57.73 NOTE
r-devel-windows-ix86+x86_64 0.1-9 13.00 51.00 64.00 NOTE
r-patched-linux-x86_64 0.1-9 2.68 32.71 35.39 NOTE
r-patched-solaris-sparc 0.1-9 414.80 NOTE
r-patched-solaris-x86 0.1-9 107.50 NOTE
r-release-linux-x86_64 0.1-9 2.82 32.26 35.08 NOTE
r-release-osx-x86_64-mavericks 0.1-9 NOTE
r-release-windows-ix86+x86_64 0.1-9 13.00 51.00 64.00 NOTE
r-oldrel-windows-ix86+x86_64 0.1-9 18.00 84.00 102.00 OK

Check Details

Version: 0.1-9
Check: DESCRIPTION meta-information
Result: NOTE
    Malformed Description field: should contain one or more complete sentences.
Flavors: r-devel-linux-x86_64-debian-clang, r-devel-linux-x86_64-debian-gcc, r-devel-linux-x86_64-fedora-clang, r-devel-linux-x86_64-fedora-gcc, r-devel-osx-x86_64-clang, r-devel-windows-ix86+x86_64, r-patched-linux-x86_64, r-patched-solaris-sparc, r-patched-solaris-x86, r-release-linux-x86_64, r-release-osx-x86_64-mavericks, r-release-windows-ix86+x86_64