CRAN Package Check Results for Package mutossGUI

Last updated on 2017-01-20 13:47:09.

Flavor Version Tinstall Tcheck Ttotal Status Flags
r-devel-linux-x86_64-debian-clang 0.1-10 4.91 53.64 58.55 OK
r-devel-linux-x86_64-debian-gcc 0.1-10 5.36 53.40 58.76 OK
r-devel-linux-x86_64-fedora-clang 0.1-10 130.43 NOTE --no-stop-on-test-error
r-devel-linux-x86_64-fedora-gcc 0.1-10 127.22 NOTE --no-stop-on-test-error
r-devel-macos-x86_64-clang 0.1-10 93.66 OK --no-stop-on-test-error
r-devel-windows-ix86+x86_64 0.1-10 18.00 119.00 137.00 NOTE
r-patched-linux-x86_64 0.1-10 4.51 46.60 51.11 OK
r-patched-solaris-sparc 0.1-10 596.40 NOTE
r-patched-solaris-x86 0.1-10 153.30 NOTE
r-release-linux-x86_64 0.1-10 4.54 46.65 51.18 OK
r-release-osx-x86_64-mavericks 0.1-10 OK
r-release-windows-ix86+x86_64 0.1-10 13.00 105.00 118.00 NOTE
r-oldrel-windows-ix86+x86_64 0.1-10 15.00 126.00 141.00 OK

Check Details

Version: 0.1-10
Flags: --no-stop-on-test-error
Check: whether the namespace can be loaded with stated dependencies
Result: NOTE
    Warning in fun(libname, pkgname) :
     JRI.jar seems to be missing from the classpath.The graphical user interface will most likely not be available.Compile R with shared library enabled (--enable-R-shlib option)and reinstall rJava to use JRI functionality.
    
    A namespace must be able to be loaded with just the base namespace
    loaded: otherwise if the namespace gets loaded by a saved object, the
    session will be unable to start.
    
    Probably some imports need to be declared in the NAMESPACE file.
Flavors: r-devel-linux-x86_64-fedora-clang, r-devel-linux-x86_64-fedora-gcc

Version: 0.1-10
Check: whether the namespace can be loaded with stated dependencies
Result: NOTE
    Warning in fun(libname, pkgname) :
     JRI.jar seems to be missing from the classpath.The graphical user interface will most likely not be available.Compile R with shared library enabled (--enable-R-shlib option)and reinstall rJava to use JRI functionality.
    
    A namespace must be able to be loaded with just the base namespace
    loaded: otherwise if the namespace gets loaded by a saved object, the
    session will be unable to start.
    
    Probably some imports need to be declared in the NAMESPACE file.
Flavors: r-devel-windows-ix86+x86_64, r-patched-solaris-sparc, r-patched-solaris-x86, r-release-windows-ix86+x86_64