CRAN Package Check Results for Package mutossGUI

Last updated on 2015-03-31 23:49:37.

Flavor Version Tinstall Tcheck Ttotal Status Flags
r-devel-linux-x86_64-debian-clang 0.1-9 2.73 31.61 34.34 NOTE
r-devel-linux-x86_64-debian-gcc 0.1-9 2.76 31.57 34.33 NOTE
r-devel-linux-x86_64-fedora-clang 0.1-9 74.51 NOTE
r-devel-linux-x86_64-fedora-gcc 0.1-9 80.09 NOTE
r-devel-osx-x86_64-clang 0.1-9 67.21 NOTE
r-prerel-windows-ix86+x86_64 0.1-9 8.00 46.00 54.00 NOTE
r-prerel-linux-x86_64 0.1-9 2.68 31.10 33.78 NOTE
r-prerel-solaris-sparc 0.1-9 402.10 NOTE
r-prerel-solaris-x86 0.1-9 98.50 NOTE
r-release-linux-x86_64 0.1-9 4.49 47.76 52.25 OK
r-release-osx-x86_64-mavericks 0.1-9 OK
r-release-osx-x86_64-snowleopard 0.1-9 OK
r-release-windows-ix86+x86_64 0.1-9 14.00 82.00 96.00 OK
r-oldrel-windows-ix86+x86_64 0.1-9 16.00 81.00 97.00 OK

Check Details

Version: 0.1-9
Check: DESCRIPTION meta-information
Result: NOTE
    Malformed Description field: should contain one or more complete sentences.
Flavors: r-devel-linux-x86_64-debian-clang, r-devel-linux-x86_64-debian-gcc, r-devel-linux-x86_64-fedora-clang, r-devel-linux-x86_64-fedora-gcc, r-devel-osx-x86_64-clang, r-prerel-windows-ix86+x86_64, r-prerel-linux-x86_64, r-prerel-solaris-sparc, r-prerel-solaris-x86