CRAN Package Check Results for Package mutossGUI

Last updated on 2016-06-25 11:49:15.

Flavor Version Tinstall Tcheck Ttotal Status Flags
r-devel-linux-x86_64-debian-gcc 0.1-10 4.89 50.92 55.81 OK
r-devel-linux-x86_64-fedora-clang 0.1-10 110.28 NOTE
r-devel-linux-x86_64-fedora-gcc 0.1-10 104.13 NOTE
r-devel-osx-x86_64-clang 0.1-10 84.07 OK
r-devel-windows-ix86+x86_64 0.1-10 21.00 125.00 146.00 NOTE
r-patched-linux-x86_64 0.1-10 5.02 52.18 57.21 OK
r-patched-solaris-sparc 0.1-10 592.30 NOTE
r-patched-solaris-x86 0.1-10 150.80 NOTE
r-release-linux-x86_64 0.1-10 5.05 51.67 56.72 OK
r-release-osx-x86_64-mavericks 0.1-10 OK
r-release-windows-ix86+x86_64 0.1-10 18.00 82.00 100.00 NOTE
r-oldrel-windows-ix86+x86_64 0.1-10 21.00 128.00 149.00 OK

Check Details

Version: 0.1-10
Check: whether the namespace can be loaded with stated dependencies
Result: NOTE
    Warning in fun(libname, pkgname) :
     JRI.jar seems to be missing from the classpath.The graphical user interface will most likely not be available.Compile R with shared library enabled (--enable-R-shlib option)and reinstall rJava to use JRI functionality.
    
    A namespace must be able to be loaded with just the base namespace
    loaded: otherwise if the namespace gets loaded by a saved object, the
    session will be unable to start.
    
    Probably some imports need to be declared in the NAMESPACE file.
Flavors: r-devel-linux-x86_64-fedora-clang, r-devel-linux-x86_64-fedora-gcc, r-devel-windows-ix86+x86_64, r-patched-solaris-sparc, r-patched-solaris-x86, r-release-windows-ix86+x86_64