CRAN Package Check Results for Package mutossGUI

Last updated on 2016-08-24 10:49:35.

Flavor Version Tinstall Tcheck Ttotal Status Flags
r-devel-linux-x86_64-debian-clang 0.1-10 5.15 52.15 57.30 OK
r-devel-linux-x86_64-debian-gcc 0.1-10 4.88 52.08 56.96 OK
r-devel-linux-x86_64-fedora-clang 0.1-10 114.25 NOTE
r-devel-linux-x86_64-fedora-gcc 0.1-10 108.99 NOTE
r-devel-osx-x86_64-clang 0.1-10 86.71 OK
r-devel-windows-ix86+x86_64 0.1-10 17.00 111.00 128.00 NOTE
r-patched-linux-x86_64 0.1-10 4.66 50.02 54.68 OK
r-patched-solaris-sparc 0.1-10 592.30 NOTE
r-patched-solaris-x86 0.1-10 149.80 NOTE
r-release-linux-x86_64 0.1-10 4.73 50.86 55.59 OK
r-release-osx-x86_64-mavericks 0.1-10 OK
r-release-windows-ix86+x86_64 0.1-10 17.00 109.00 126.00 NOTE
r-oldrel-windows-ix86+x86_64 0.1-10 19.00 112.00 131.00 OK

Check Details

Version: 0.1-10
Check: whether the namespace can be loaded with stated dependencies
Result: NOTE
    Warning in fun(libname, pkgname) :
     JRI.jar seems to be missing from the classpath.The graphical user interface will most likely not be available.Compile R with shared library enabled (--enable-R-shlib option)and reinstall rJava to use JRI functionality.
    
    A namespace must be able to be loaded with just the base namespace
    loaded: otherwise if the namespace gets loaded by a saved object, the
    session will be unable to start.
    
    Probably some imports need to be declared in the NAMESPACE file.
Flavors: r-devel-linux-x86_64-fedora-clang, r-devel-linux-x86_64-fedora-gcc, r-devel-windows-ix86+x86_64, r-patched-solaris-sparc, r-patched-solaris-x86, r-release-windows-ix86+x86_64