CRAN Package Check Results for Package mutossGUI

Last updated on 2014-07-25 07:53:18.

Flavor Version Tinstall Tcheck Ttotal Status Flags
r-devel-linux-x86_64-debian-clang 0.1-8 3.38 41.64 45.02 NOTE
r-devel-linux-x86_64-debian-gcc 0.1-8 3.30 41.28 44.58 NOTE
r-devel-linux-x86_64-fedora-clang 0.1-8 99.83 NOTE
r-devel-linux-x86_64-fedora-gcc 0.1-8 93.67 NOTE
r-devel-osx-x86_64-clang 0.1-8 82.65 NOTE
r-devel-windows-ix86+x86_64 0.1-8 12.00 62.00 74.00 NOTE
r-patched-linux-x86_64 0.1-8 3.55 41.34 44.89 NOTE
r-patched-solaris-sparc 0.1-8 561.50 NOTE
r-patched-solaris-x86 0.1-8 128.00 NOTE
r-release-linux-ix86 0.1-8 4.19 52.09 56.28 NOTE
r-release-linux-x86_64 0.1-8 3.66 43.67 47.34 NOTE
r-release-osx-x86_64-mavericks 0.1-8 NOTE
r-release-osx-x86_64-snowleopard 0.1-8 NOTE
r-release-windows-ix86+x86_64 0.1-8 14.00 69.00 83.00 NOTE
r-oldrel-windows-ix86+x86_64 0.1-8 12.00 69.00 81.00 NOTE

Check Details

Version: 0.1-8
Check: package dependencies
Result: NOTE
    Depends: includes the non-default packages:
     ‘rJava’ ‘JavaGD’ ‘CommonJavaJars’ ‘plotrix’ ‘mutoss’ ‘multcomp’
    Adding so many packages to the search path is excessive and importing
    selectively is preferable.
Flavors: r-devel-linux-x86_64-debian-clang, r-devel-linux-x86_64-debian-gcc, r-devel-linux-x86_64-fedora-clang, r-devel-linux-x86_64-fedora-gcc, r-devel-osx-x86_64-clang, r-devel-windows-ix86+x86_64, r-patched-linux-x86_64, r-patched-solaris-sparc, r-patched-solaris-x86, r-release-linux-ix86, r-release-linux-x86_64, r-release-osx-x86_64-mavericks, r-release-osx-x86_64-snowleopard, r-release-windows-ix86+x86_64

Version: 0.1-8
Check: dependencies in R code
Result: NOTE
    'library' or 'require' call to ‘multcomp’ which was already attached by Depends.
     Please remove these calls from your code.
    Packages in Depends field not imported from:
     ‘JavaGD’ ‘multcomp’ ‘plotrix’
     These packages need to be imported from (in the NAMESPACE file)
     for when this namespace is loaded but not attached.
    See the information on DESCRIPTION files in the chapter ‘Creating R
    packages’ of the ‘Writing R Extensions’ manual.
Flavors: r-devel-linux-x86_64-debian-clang, r-devel-linux-x86_64-debian-gcc, r-devel-linux-x86_64-fedora-clang, r-devel-linux-x86_64-fedora-gcc, r-devel-osx-x86_64-clang, r-devel-windows-ix86+x86_64, r-patched-linux-x86_64, r-patched-solaris-sparc, r-patched-solaris-x86, r-release-linux-ix86, r-release-linux-x86_64, r-release-osx-x86_64-mavericks, r-release-osx-x86_64-snowleopard, r-release-windows-ix86+x86_64, r-oldrel-windows-ix86+x86_64