CRAN Package Check Results for Package mvProbit

Last updated on 2014-04-17 10:47:52.

Flavor Version Tinstall Tcheck Ttotal Status Flags
r-devel-linux-x86_64-debian-clang 0.1-0 1.10 215.07 216.17 NOTE
r-devel-linux-x86_64-debian-gcc 0.1-0 1.09 216.75 217.84 NOTE
r-devel-linux-x86_64-fedora-clang 0.1-0 404.08 NOTE
r-devel-linux-x86_64-fedora-gcc 0.1-0 393.02 NOTE
r-devel-macosx-x86_64-clang 0.1-0 280.73 NOTE
r-devel-macosx-x86_64-gcc 0.1-0 ERROR
r-devel-windows-ix86+x86_64 0.1-0 5.00 312.00 317.00 NOTE
r-patched-linux-x86_64 0.1-0 1.10 218.16 219.25 NOTE
r-patched-solaris-sparc 0.1-0 2189.00 NOTE
r-patched-solaris-x86 0.1-0 415.50 NOTE
r-release-linux-ix86 0.1-0 3.00 320.00 323.00 NOTE
r-release-linux-x86_64 0.1-0 1.06 201.53 202.58 NOTE
r-release-macosx-x86_64 0.1-0 NOTE
r-release-windows-ix86+x86_64 0.1-0 5.00 311.00 316.00 NOTE
r-oldrel-windows-ix86+x86_64 0.1-0 6.00 304.00 310.00 NOTE

Check Details

Version: 0.1-0
Check: dependencies in R code
Result: NOTE
    Packages in Depends field not imported from:
     ‘abind’ ‘maxLik’ ‘mvtnorm’
     These packages need to be imported from (in the NAMESPACE file)
     for when this namespace is loaded but not attached.
    See the information on DESCRIPTION files in the chapter ‘Creating R
    packages’ of the ‘Writing R Extensions’ manual.
Flavors: r-devel-linux-x86_64-debian-clang, r-devel-linux-x86_64-debian-gcc, r-devel-linux-x86_64-fedora-clang, r-devel-linux-x86_64-fedora-gcc, r-devel-macosx-x86_64-clang, r-devel-windows-ix86+x86_64, r-patched-linux-x86_64, r-patched-solaris-sparc, r-patched-solaris-x86, r-release-linux-ix86, r-release-linux-x86_64, r-release-windows-ix86+x86_64, r-oldrel-windows-ix86+x86_64

Version: 0.1-0
Check: package dependencies
Result: ERROR
    Packages required but not available: ‘maxLik’ ‘miscTools’
    
    See the information on DESCRIPTION files in the chapter ‘Creating R
    packages’ of the ‘Writing R Extensions’ manual.
Flavor: r-devel-macosx-x86_64-gcc

Version: 0.1-0
Check: dependencies in R code
Result: NOTE
    Packages in Depends field not imported from:
     'abind' 'maxLik' 'mvtnorm'
     These packages need to be imported from for the case when
     this namespace is loaded but not attached.
    See the information on DESCRIPTION files in the chapter 'Creating R
    packages' of the 'Writing R Extensions' manual.
Flavor: r-release-macosx-x86_64