CRAN Package Check Results for Package mvProbit

Last updated on 2014-07-25 12:47:35.

Flavor Version Tinstall Tcheck Ttotal Status Flags
r-devel-linux-x86_64-debian-clang 0.1-0 0.98 215.30 216.29 NOTE
r-devel-linux-x86_64-debian-gcc 0.1-0 1.29 216.14 217.43 NOTE
r-devel-linux-x86_64-fedora-clang 0.1-0 406.81 NOTE
r-devel-linux-x86_64-fedora-gcc 0.1-0 392.70 NOTE
r-devel-osx-x86_64-clang 0.1-0 272.32 NOTE
r-devel-windows-ix86+x86_64 0.1-0 5.00 317.00 322.00 NOTE
r-patched-linux-x86_64 0.1-0 0.98 215.93 216.91 NOTE
r-patched-solaris-sparc 0.1-0 2189.00 NOTE
r-patched-solaris-x86 0.1-0 415.10 NOTE
r-release-linux-ix86 0.1-0 1.52 287.21 288.74 NOTE
r-release-linux-x86_64 0.1-0 1.05 213.93 214.98 NOTE
r-release-osx-x86_64-mavericks 0.1-0 NOTE
r-release-osx-x86_64-snowleopard 0.1-0 NOTE
r-release-windows-ix86+x86_64 0.1-0 5.00 315.00 320.00 NOTE
r-oldrel-windows-ix86+x86_64 0.1-0 6.00 300.00 306.00 NOTE

Check Details

Version: 0.1-0
Check: dependencies in R code
Result: NOTE
    Packages in Depends field not imported from:
     ‘abind’ ‘maxLik’ ‘mvtnorm’
     These packages need to be imported from (in the NAMESPACE file)
     for when this namespace is loaded but not attached.
    See the information on DESCRIPTION files in the chapter ‘Creating R
    packages’ of the ‘Writing R Extensions’ manual.
Flavors: r-devel-linux-x86_64-debian-clang, r-devel-linux-x86_64-debian-gcc, r-devel-linux-x86_64-fedora-clang, r-devel-linux-x86_64-fedora-gcc, r-devel-osx-x86_64-clang, r-devel-windows-ix86+x86_64, r-patched-linux-x86_64, r-patched-solaris-sparc, r-patched-solaris-x86, r-release-linux-ix86, r-release-linux-x86_64, r-release-osx-x86_64-mavericks, r-release-windows-ix86+x86_64, r-oldrel-windows-ix86+x86_64

Version: 0.1-0
Check: dependencies in R code
Result: NOTE
    Packages in Depends field not imported from:
     'abind' 'maxLik' 'mvtnorm'
     These packages need to be imported from for the case when
     this namespace is loaded but not attached.
    See the information on DESCRIPTION files in the chapter 'Creating R
    packages' of the 'Writing R Extensions' manual.
Flavor: r-release-osx-x86_64-snowleopard