CRAN Package Check Results for Package mvProbit

Last updated on 2014-08-23 18:47:36.

Flavor Version Tinstall Tcheck Ttotal Status Flags
r-devel-linux-x86_64-debian-clang 0.1-0 0.98 212.00 212.97 NOTE
r-devel-linux-x86_64-debian-gcc 0.1-0 0.96 208.93 209.89 NOTE
r-devel-linux-x86_64-fedora-clang 0.1-0 384.59 NOTE
r-devel-linux-x86_64-fedora-gcc 0.1-0 376.57 NOTE
r-devel-osx-x86_64-clang 0.1-0 263.52 NOTE
r-devel-windows-ix86+x86_64 0.1-0 5.00 298.00 303.00 NOTE
r-patched-linux-x86_64 0.1-0 1.01 218.65 219.66 NOTE
r-patched-solaris-sparc 0.1-0 2223.60 NOTE
r-patched-solaris-x86 0.1-0 410.80 NOTE
r-release-linux-ix86 0.1-0 1.48 286.71 288.19 NOTE
r-release-linux-x86_64 0.1-0 1.06 215.76 216.82 NOTE
r-release-osx-x86_64-mavericks 0.1-0 NOTE
r-release-osx-x86_64-snowleopard 0.1-0 NOTE
r-release-windows-ix86+x86_64 0.1-0 5.00 308.00 313.00 NOTE
r-oldrel-windows-ix86+x86_64 0.1-0 5.00 289.00 294.00 NOTE

Check Details

Version: 0.1-0
Check: dependencies in R code
Result: NOTE
    Packages in Depends field not imported from:
     ‘abind’ ‘maxLik’ ‘mvtnorm’
     These packages need to be imported from (in the NAMESPACE file)
     for when this namespace is loaded but not attached.
    See the information on DESCRIPTION files in the chapter ‘Creating R
    packages’ of the ‘Writing R Extensions’ manual.
Flavors: r-devel-linux-x86_64-debian-clang, r-devel-linux-x86_64-debian-gcc, r-devel-linux-x86_64-fedora-clang, r-devel-linux-x86_64-fedora-gcc, r-devel-osx-x86_64-clang, r-devel-windows-ix86+x86_64, r-patched-linux-x86_64, r-patched-solaris-sparc, r-patched-solaris-x86, r-release-linux-ix86, r-release-linux-x86_64, r-release-osx-x86_64-mavericks, r-release-windows-ix86+x86_64, r-oldrel-windows-ix86+x86_64

Version: 0.1-0
Check: R code for possible problems
Result: NOTE
    logLik.mvProbit: no visible global function definition for ‘activePar’
    mvProbit: no visible global function definition for ‘maxLik’
    mvProbitMargEff: no visible global function definition for ‘abind’
    pmvnormWrap: no visible global function definition for ‘pmvnorm’
    print.summary.mvProbit: no visible global function definition for
     ‘maximType’
    print.summary.mvProbit: no visible global function definition for
     ‘nIter’
    print.summary.mvProbit: no visible global function definition for
     ‘returnCode’
    print.summary.mvProbit: no visible global function definition for
     ‘returnMessage’
    print.summary.mvProbit: no visible global function definition for
     ‘activePar’
Flavors: r-devel-linux-x86_64-debian-clang, r-devel-linux-x86_64-debian-gcc, r-devel-linux-x86_64-fedora-clang, r-devel-linux-x86_64-fedora-gcc, r-devel-osx-x86_64-clang

Version: 0.1-0
Check: dependencies in R code
Result: NOTE
    Packages in Depends field not imported from:
     'abind' 'maxLik' 'mvtnorm'
     These packages need to be imported from for the case when
     this namespace is loaded but not attached.
    See the information on DESCRIPTION files in the chapter 'Creating R
    packages' of the 'Writing R Extensions' manual.
Flavor: r-release-osx-x86_64-snowleopard