CRAN Package Check Results for Package mvProbit

Last updated on 2015-07-05 14:46:40.

Flavor Version Tinstall Tcheck Ttotal Status Flags
r-devel-linux-x86_64-debian-clang 0.1-0 1.54 212.67 214.21 NOTE
r-devel-linux-x86_64-debian-gcc 0.1-0 1.09 206.76 207.84 NOTE
r-devel-linux-x86_64-fedora-clang 0.1-0 391.00 NOTE
r-devel-linux-x86_64-fedora-gcc 0.1-0 369.63 NOTE
r-devel-osx-x86_64-clang 0.1-0 279.66 NOTE
r-devel-windows-ix86+x86_64 0.1-0 4.00 393.00 397.00 NOTE
r-patched-linux-x86_64 0.1-0 1.08 205.26 206.34 NOTE
r-patched-solaris-sparc 0.1-0 2134.50 NOTE
r-patched-solaris-x86 0.1-0 414.30 NOTE
r-release-linux-x86_64 0.1-0 1.08 225.66 226.74 NOTE
r-release-osx-x86_64-mavericks 0.1-0 NOTE
r-release-windows-ix86+x86_64 0.1-0 6.00 327.00 333.00 NOTE
r-oldrel-windows-ix86+x86_64 0.1-0 10.00 346.00 356.00 NOTE

Check Details

Version: 0.1-0
Check: DESCRIPTION meta-information
Result: NOTE
    Malformed Description field: should contain one or more complete sentences.
Flavors: r-devel-linux-x86_64-debian-clang, r-devel-linux-x86_64-debian-gcc, r-devel-linux-x86_64-fedora-clang, r-devel-linux-x86_64-fedora-gcc, r-devel-osx-x86_64-clang, r-devel-windows-ix86+x86_64, r-patched-linux-x86_64, r-patched-solaris-sparc, r-patched-solaris-x86, r-release-linux-x86_64, r-release-osx-x86_64-mavericks, r-release-windows-ix86+x86_64

Version: 0.1-0
Check: dependencies in R code
Result: NOTE
    Packages in Depends field not imported from:
     ‘abind’ ‘maxLik’ ‘mvtnorm’
     These packages need to be imported from (in the NAMESPACE file)
     for when this namespace is loaded but not attached.
Flavors: r-devel-linux-x86_64-debian-clang, r-devel-linux-x86_64-debian-gcc, r-devel-linux-x86_64-fedora-clang, r-devel-linux-x86_64-fedora-gcc, r-devel-osx-x86_64-clang, r-devel-windows-ix86+x86_64, r-patched-linux-x86_64, r-patched-solaris-sparc, r-patched-solaris-x86, r-release-linux-x86_64, r-release-osx-x86_64-mavericks, r-release-windows-ix86+x86_64, r-oldrel-windows-ix86+x86_64

Version: 0.1-0
Check: R code for possible problems
Result: NOTE
    logLik.mvProbit: no visible global function definition for ‘activePar’
    margEff.mvProbit: no visible global function definition for ‘coef’
    mvProbit: no visible binding for global variable ‘na.pass’
    mvProbit: no visible global function definition for ‘model.matrix’
    mvProbit: no visible global function definition for ‘model.response’
    mvProbit: no visible global function definition for ‘glm’
    mvProbit: Error while checking: invalid ‘envir’ argument
    mvProbitExp: no visible binding for global variable ‘na.pass’
    mvProbitExp: no visible global function definition for ‘model.matrix’
    mvProbitExp: no visible global function definition for ‘model.response’
    mvProbitExpInternal: no visible global function definition for ‘pnorm’
    mvProbitLogLik: no visible binding for global variable ‘na.pass’
    mvProbitLogLik: no visible global function definition for
     ‘model.matrix’
    mvProbitLogLik: no visible global function definition for
     ‘model.response’
    mvProbitMargEff: no visible binding for global variable ‘na.pass’
    mvProbitMargEff: no visible global function definition for
     ‘model.matrix’
    mvProbitMargEff: no visible global function definition for
     ‘model.response’
    mvProbitMargEff: no visible global function definition for ‘abind’
    pmvnormWrap: no visible global function definition for ‘pmvnorm’
    print.mvProbit: no visible global function definition for ‘coef’
    print.summary.mvProbit: no visible global function definition for
     ‘printCoefmat’
    print.summary.mvProbit: no visible global function definition for
     ‘coef’
    print.summary.mvProbit: no visible global function definition for
     ‘maximType’
    print.summary.mvProbit: no visible global function definition for
     ‘nIter’
    print.summary.mvProbit: no visible global function definition for
     ‘returnCode’
    print.summary.mvProbit: no visible global function definition for
     ‘returnMessage’
    print.summary.mvProbit: no visible global function definition for
     ‘activePar’
    print.summary.mvProbitMargEff: no visible global function definition
     for ‘printCoefmat’
    summary.mvProbitMargEff: no visible global function definition for
     ‘pnorm’
    Undefined global functions or variables:
     abind activePar coef glm maximType model.matrix model.response nIter
     na.pass pmvnorm pnorm printCoefmat returnCode returnMessage
Flavors: r-devel-linux-x86_64-debian-clang, r-devel-linux-x86_64-debian-gcc, r-devel-linux-x86_64-fedora-clang, r-devel-linux-x86_64-fedora-gcc

Version: 0.1-0
Check: R code for possible problems
Result: NOTE
    logLik.mvProbit: no visible global function definition for ‘activePar’
    mvProbit: no visible global function definition for ‘maxLik’
    mvProbitMargEff: no visible global function definition for ‘abind’
    pmvnormWrap: no visible global function definition for ‘pmvnorm’
    print.summary.mvProbit: no visible global function definition for
     ‘maximType’
    print.summary.mvProbit: no visible global function definition for
     ‘nIter’
    print.summary.mvProbit: no visible global function definition for
     ‘returnCode’
    print.summary.mvProbit: no visible global function definition for
     ‘returnMessage’
    print.summary.mvProbit: no visible global function definition for
     ‘activePar’
    Undefined global functions or variables:
     abind activePar maxLik maximType nIter pmvnorm returnCode
     returnMessage
Flavor: r-devel-osx-x86_64-clang

Version: 0.1-0
Check: R code for possible problems
Result: NOTE
    logLik.mvProbit: no visible global function definition for 'activePar'
    margEff.mvProbit: no visible global function definition for 'coef'
    mvProbit: no visible binding for global variable 'na.pass'
    mvProbit: no visible global function definition for 'model.matrix'
    mvProbit: no visible global function definition for 'model.response'
    mvProbit: no visible global function definition for 'glm'
    mvProbit: no visible global function definition for 'binomial'
    mvProbit: no visible global function definition for 'pnorm'
    mvProbit: no visible global function definition for 'cor'
    mvProbit: no visible global function definition for 'maxLik'
    mvProbitExp: no visible binding for global variable 'na.pass'
    mvProbitExp: no visible global function definition for 'model.matrix'
    mvProbitExp: no visible global function definition for 'model.response'
    mvProbitExpInternal: no visible global function definition for 'pnorm'
    mvProbitLogLik: no visible binding for global variable 'na.pass'
    mvProbitLogLik: no visible global function definition for
     'model.matrix'
    mvProbitLogLik: no visible global function definition for
     'model.response'
    mvProbitMargEff: no visible binding for global variable 'na.pass'
    mvProbitMargEff: no visible global function definition for
     'model.matrix'
    mvProbitMargEff: no visible global function definition for
     'model.response'
    mvProbitMargEff: no visible global function definition for 'abind'
    pmvnormWrap: no visible global function definition for 'pmvnorm'
    print.mvProbit: no visible global function definition for 'coef'
    print.summary.mvProbit: no visible global function definition for
     'printCoefmat'
    print.summary.mvProbit: no visible global function definition for
     'coef'
    print.summary.mvProbit: no visible global function definition for
     'maximType'
    print.summary.mvProbit: no visible global function definition for
     'nIter'
    print.summary.mvProbit: no visible global function definition for
     'returnCode'
    print.summary.mvProbit: no visible global function definition for
     'returnMessage'
    print.summary.mvProbit: no visible global function definition for
     'activePar'
    print.summary.mvProbitMargEff: no visible global function definition
     for 'printCoefmat'
    summary.mvProbitMargEff: no visible global function definition for
     'pnorm'
    Undefined global functions or variables:
     abind activePar binomial coef cor glm maxLik maximType model.matrix
     model.response nIter na.pass pmvnorm pnorm printCoefmat returnCode
     returnMessage
Flavor: r-devel-windows-ix86+x86_64

Version: 0.1-0
Check: R code for possible problems
Result: NOTE
    logLik.mvProbit: no visible global function definition for ‘activePar’
    mvProbit: no visible global function definition for ‘maxLik’
    mvProbitMargEff: no visible global function definition for ‘abind’
    pmvnormWrap: no visible global function definition for ‘pmvnorm’
    print.summary.mvProbit: no visible global function definition for
     ‘maximType’
    print.summary.mvProbit: no visible global function definition for
     ‘nIter’
    print.summary.mvProbit: no visible global function definition for
     ‘returnCode’
    print.summary.mvProbit: no visible global function definition for
     ‘returnMessage’
    print.summary.mvProbit: no visible global function definition for
     ‘activePar’
Flavors: r-patched-linux-x86_64, r-patched-solaris-sparc, r-patched-solaris-x86, r-release-linux-x86_64, r-release-osx-x86_64-mavericks, r-release-windows-ix86+x86_64, r-oldrel-windows-ix86+x86_64