CRAN Package Check Results for Package mvProbit

Last updated on 2015-03-31 03:48:35.

Flavor Version Tinstall Tcheck Ttotal Status Flags
r-devel-linux-x86_64-debian-clang 0.1-0 0.90 205.74 206.64 NOTE
r-devel-linux-x86_64-debian-gcc 0.1-0 0.82 200.79 201.61 NOTE
r-devel-linux-x86_64-fedora-clang 0.1-0 364.60 NOTE
r-devel-linux-x86_64-fedora-gcc 0.1-0 361.53 NOTE
r-devel-osx-x86_64-clang 0.1-0 291.88 NOTE
r-prerel-windows-ix86+x86_64 0.1-0 4.00 299.00 303.00 NOTE
r-prerel-linux-x86_64 0.1-0 0.88 204.54 205.42 NOTE
r-prerel-solaris-sparc 0.1-0 2188.40 NOTE
r-prerel-solaris-x86 0.1-0 397.40 NOTE
r-release-linux-x86_64 0.1-0 1.20 214.50 215.69 NOTE
r-release-osx-x86_64-mavericks 0.1-0 NOTE
r-release-osx-x86_64-snowleopard 0.1-0 NOTE
r-release-windows-ix86+x86_64 0.1-0 5.00 319.00 324.00 NOTE
r-oldrel-windows-ix86+x86_64 0.1-0 6.00 299.00 305.00 NOTE

Check Details

Version: 0.1-0
Check: DESCRIPTION meta-information
Result: NOTE
    Malformed Description field: should contain one or more complete sentences.
Flavors: r-devel-linux-x86_64-debian-clang, r-devel-linux-x86_64-debian-gcc, r-devel-linux-x86_64-fedora-clang, r-devel-linux-x86_64-fedora-gcc, r-devel-osx-x86_64-clang, r-prerel-windows-ix86+x86_64, r-prerel-linux-x86_64, r-prerel-solaris-sparc, r-prerel-solaris-x86

Version: 0.1-0
Check: dependencies in R code
Result: NOTE
    Packages in Depends field not imported from:
     ‘abind’ ‘maxLik’ ‘mvtnorm’
     These packages need to be imported from (in the NAMESPACE file)
     for when this namespace is loaded but not attached.
Flavors: r-devel-linux-x86_64-debian-clang, r-devel-linux-x86_64-debian-gcc, r-devel-linux-x86_64-fedora-clang, r-devel-linux-x86_64-fedora-gcc, r-devel-osx-x86_64-clang, r-prerel-windows-ix86+x86_64, r-prerel-linux-x86_64, r-prerel-solaris-sparc, r-prerel-solaris-x86, r-release-linux-x86_64, r-release-windows-ix86+x86_64

Version: 0.1-0
Check: R code for possible problems
Result: NOTE
    logLik.mvProbit: no visible global function definition for ‘activePar’
    mvProbit: no visible global function definition for ‘maxLik’
    mvProbitMargEff: no visible global function definition for ‘abind’
    pmvnormWrap: no visible global function definition for ‘pmvnorm’
    print.summary.mvProbit: no visible global function definition for
     ‘maximType’
    print.summary.mvProbit: no visible global function definition for
     ‘nIter’
    print.summary.mvProbit: no visible global function definition for
     ‘returnCode’
    print.summary.mvProbit: no visible global function definition for
     ‘returnMessage’
    print.summary.mvProbit: no visible global function definition for
     ‘activePar’
Flavors: r-devel-linux-x86_64-debian-clang, r-devel-linux-x86_64-debian-gcc, r-devel-linux-x86_64-fedora-clang, r-devel-linux-x86_64-fedora-gcc, r-devel-osx-x86_64-clang, r-prerel-windows-ix86+x86_64, r-prerel-linux-x86_64, r-prerel-solaris-sparc, r-prerel-solaris-x86, r-release-linux-x86_64, r-release-osx-x86_64-mavericks, r-release-windows-ix86+x86_64

Version: 0.1-0
Check: dependencies in R code
Result: NOTE
    Packages in Depends field not imported from:
     ‘abind’ ‘maxLik’ ‘mvtnorm’
     These packages need to be imported from (in the NAMESPACE file)
     for when this namespace is loaded but not attached.
    See the information on DESCRIPTION files in the chapter ‘Creating R
    packages’ of the ‘Writing R Extensions’ manual.
Flavors: r-release-osx-x86_64-mavericks, r-oldrel-windows-ix86+x86_64

Version: 0.1-0
Check: dependencies in R code
Result: NOTE
    Packages in Depends field not imported from:
     'abind' 'maxLik' 'mvtnorm'
     These packages need to be imported from for the case when
     this namespace is loaded but not attached.
    See the information on DESCRIPTION files in the chapter 'Creating R
    packages' of the 'Writing R Extensions' manual.
Flavor: r-release-osx-x86_64-snowleopard