CRAN Package Check Results for Package mvProbit

Last updated on 2014-09-22 19:48:32.

Flavor Version Tinstall Tcheck Ttotal Status Flags
r-devel-linux-x86_64-debian-clang 0.1-0 1.02 209.61 210.63 NOTE
r-devel-linux-x86_64-debian-gcc 0.1-0 0.96 207.13 208.10 NOTE
r-devel-linux-x86_64-fedora-clang 0.1-0 383.71 NOTE
r-devel-linux-x86_64-fedora-gcc 0.1-0 372.34 NOTE
r-devel-osx-x86_64-clang 0.1-0 264.64 NOTE
r-devel-windows-ix86+x86_64 0.1-0 4.00 299.00 303.00 NOTE
r-patched-linux-x86_64 0.1-0 1.02 218.34 219.35 NOTE
r-patched-solaris-sparc 0.1-0 2223.60 NOTE
r-patched-solaris-x86 0.1-0 419.70 NOTE
r-release-linux-ix86 0.1-0 1.50 287.28 288.78 NOTE
r-release-linux-x86_64 0.1-0 1.52 215.96 217.48 NOTE
r-release-osx-x86_64-mavericks 0.1-0 NOTE
r-release-osx-x86_64-snowleopard 0.1-0 NOTE
r-release-windows-ix86+x86_64 0.1-0 4.00 309.00 313.00 NOTE
r-oldrel-windows-ix86+x86_64 0.1-0 5.00 312.00 317.00 NOTE

Check Details

Version: 0.1-0
Check: dependencies in R code
Result: NOTE
    Packages in Depends field not imported from:
     ‘abind’ ‘maxLik’ ‘mvtnorm’
     These packages need to be imported from (in the NAMESPACE file)
     for when this namespace is loaded but not attached.
    See the information on DESCRIPTION files in the chapter ‘Creating R
    packages’ of the ‘Writing R Extensions’ manual.
Flavors: r-devel-linux-x86_64-debian-clang, r-devel-linux-x86_64-debian-gcc, r-devel-linux-x86_64-fedora-clang, r-devel-linux-x86_64-fedora-gcc, r-devel-osx-x86_64-clang, r-devel-windows-ix86+x86_64, r-patched-linux-x86_64, r-patched-solaris-sparc, r-patched-solaris-x86, r-release-linux-ix86, r-release-linux-x86_64, r-release-osx-x86_64-mavericks, r-release-windows-ix86+x86_64, r-oldrel-windows-ix86+x86_64

Version: 0.1-0
Check: R code for possible problems
Result: NOTE
    logLik.mvProbit: no visible global function definition for ‘activePar’
    mvProbit: no visible global function definition for ‘maxLik’
    mvProbitMargEff: no visible global function definition for ‘abind’
    pmvnormWrap: no visible global function definition for ‘pmvnorm’
    print.summary.mvProbit: no visible global function definition for
     ‘maximType’
    print.summary.mvProbit: no visible global function definition for
     ‘nIter’
    print.summary.mvProbit: no visible global function definition for
     ‘returnCode’
    print.summary.mvProbit: no visible global function definition for
     ‘returnMessage’
    print.summary.mvProbit: no visible global function definition for
     ‘activePar’
Flavors: r-devel-linux-x86_64-debian-clang, r-devel-linux-x86_64-debian-gcc, r-devel-linux-x86_64-fedora-clang, r-devel-linux-x86_64-fedora-gcc, r-devel-osx-x86_64-clang, r-devel-windows-ix86+x86_64

Version: 0.1-0
Check: dependencies in R code
Result: NOTE
    Packages in Depends field not imported from:
     'abind' 'maxLik' 'mvtnorm'
     These packages need to be imported from for the case when
     this namespace is loaded but not attached.
    See the information on DESCRIPTION files in the chapter 'Creating R
    packages' of the 'Writing R Extensions' manual.
Flavor: r-release-osx-x86_64-snowleopard