CRAN Package Check Results for Package mvProbit

Last updated on 2015-09-04 05:46:56.

Flavor Version Tinstall Tcheck Ttotal Status Flags
r-devel-linux-x86_64-debian-clang 0.1-0 1.02 209.25 210.26 NOTE
r-devel-linux-x86_64-debian-gcc 0.1-4 1.05 212.49 213.54 OK
r-devel-linux-x86_64-fedora-clang 0.1-4 314.45 OK
r-devel-linux-x86_64-fedora-gcc 0.1-4 345.25 OK
r-devel-osx-x86_64-clang 0.1-4 209.04 OK
r-devel-windows-ix86+x86_64 0.1-0 3.00 302.00 305.00 NOTE
r-patched-linux-x86_64 0.1-0 1.55 207.50 209.05 NOTE
r-patched-solaris-sparc 0.1-4 2089.70 OK
r-patched-solaris-x86 0.1-4 380.60 OK
r-release-linux-x86_64 0.1-0 1.10 211.49 212.60 NOTE
r-release-osx-x86_64-mavericks 0.1-0 NOTE
r-release-windows-ix86+x86_64 0.1-0 5.00 403.00 408.00 NOTE
r-oldrel-windows-ix86+x86_64 0.1-4 10.00 445.00 455.00 OK

Check Details

Version: 0.1-0
Check: DESCRIPTION meta-information
Result: NOTE
    Malformed Description field: should contain one or more complete sentences.
Flavors: r-devel-linux-x86_64-debian-clang, r-devel-windows-ix86+x86_64, r-patched-linux-x86_64, r-release-linux-x86_64, r-release-osx-x86_64-mavericks, r-release-windows-ix86+x86_64

Version: 0.1-0
Check: dependencies in R code
Result: NOTE
    Packages in Depends field not imported from:
     ‘abind’ ‘maxLik’ ‘mvtnorm’
     These packages need to be imported from (in the NAMESPACE file)
     for when this namespace is loaded but not attached.
Flavors: r-devel-linux-x86_64-debian-clang, r-devel-windows-ix86+x86_64, r-patched-linux-x86_64, r-release-linux-x86_64, r-release-osx-x86_64-mavericks, r-release-windows-ix86+x86_64

Version: 0.1-0
Check: R code for possible problems
Result: NOTE
    logLik.mvProbit: no visible global function definition for ‘activePar’
    margEff.mvProbit: no visible global function definition for ‘coef’
    mvProbit: no visible binding for global variable ‘na.pass’
    mvProbit: no visible global function definition for ‘model.matrix’
    mvProbit: no visible global function definition for ‘model.response’
    mvProbit: no visible global function definition for ‘glm’
    mvProbit: no visible global function definition for ‘binomial’
    mvProbit: no visible global function definition for ‘pnorm’
    mvProbit: no visible global function definition for ‘cor’
    mvProbit: no visible global function definition for ‘maxLik’
    mvProbitExp: no visible binding for global variable ‘na.pass’
    mvProbitExp: no visible global function definition for ‘model.matrix’
    mvProbitExp: no visible global function definition for ‘model.response’
    mvProbitExpInternal: no visible global function definition for ‘pnorm’
    mvProbitLogLik: no visible binding for global variable ‘na.pass’
    mvProbitLogLik: no visible global function definition for
     ‘model.matrix’
    mvProbitLogLik: no visible global function definition for
     ‘model.response’
    mvProbitMargEff: no visible binding for global variable ‘na.pass’
    mvProbitMargEff: no visible global function definition for
     ‘model.matrix’
    mvProbitMargEff: no visible global function definition for
     ‘model.response’
    mvProbitMargEff: no visible global function definition for ‘abind’
    pmvnormWrap: no visible global function definition for ‘pmvnorm’
    print.mvProbit: no visible global function definition for ‘coef’
    print.summary.mvProbit: no visible global function definition for
     ‘printCoefmat’
    print.summary.mvProbit: no visible global function definition for
     ‘coef’
    print.summary.mvProbit: no visible global function definition for
     ‘maximType’
    print.summary.mvProbit: no visible global function definition for
     ‘nIter’
    print.summary.mvProbit: no visible global function definition for
     ‘returnCode’
    print.summary.mvProbit: no visible global function definition for
     ‘returnMessage’
    print.summary.mvProbit: no visible global function definition for
     ‘activePar’
    print.summary.mvProbitMargEff: no visible global function definition
     for ‘printCoefmat’
    summary.mvProbitMargEff: no visible global function definition for
     ‘pnorm’
    Undefined global functions or variables:
     abind activePar binomial coef cor glm maxLik maximType model.matrix
     model.response nIter na.pass pmvnorm pnorm printCoefmat returnCode
     returnMessage
    Consider adding
     importFrom("stats", "binomial", "coef", "cor", "glm", "model.matrix",
     "model.response", "na.pass", "pnorm", "printCoefmat")
    to your NAMESPACE.
Flavors: r-devel-linux-x86_64-debian-clang, r-devel-windows-ix86+x86_64

Version: 0.1-0
Check: R code for possible problems
Result: NOTE
    logLik.mvProbit: no visible global function definition for ‘activePar’
    mvProbit: no visible global function definition for ‘maxLik’
    mvProbitMargEff: no visible global function definition for ‘abind’
    pmvnormWrap: no visible global function definition for ‘pmvnorm’
    print.summary.mvProbit: no visible global function definition for
     ‘maximType’
    print.summary.mvProbit: no visible global function definition for
     ‘nIter’
    print.summary.mvProbit: no visible global function definition for
     ‘returnCode’
    print.summary.mvProbit: no visible global function definition for
     ‘returnMessage’
    print.summary.mvProbit: no visible global function definition for
     ‘activePar’
Flavors: r-patched-linux-x86_64, r-release-linux-x86_64, r-release-osx-x86_64-mavericks, r-release-windows-ix86+x86_64