CRAN Package Check Results for Package mvProbit

Last updated on 2014-11-22 11:49:16.

Flavor Version Tinstall Tcheck Ttotal Status Flags
r-devel-linux-x86_64-debian-clang 0.1-0 0.99 212.34 213.33 NOTE
r-devel-linux-x86_64-debian-gcc 0.1-0 0.98 208.65 209.63 NOTE
r-devel-linux-x86_64-fedora-clang 0.1-0 380.15 NOTE
r-devel-linux-x86_64-fedora-gcc 0.1-0 365.03 NOTE
r-devel-osx-x86_64-clang 0.1-0 277.39 NOTE
r-devel-windows-ix86+x86_64 0.1-0 6.00 309.00 315.00 NOTE
r-patched-linux-x86_64 0.1-0 1.03 212.84 213.86 NOTE
r-patched-solaris-sparc 0.1-0 2228.00 NOTE
r-patched-solaris-x86 0.1-0 417.00 NOTE
r-release-linux-ix86 0.1-0 1.48 271.29 272.77 NOTE
r-release-linux-x86_64 0.1-0 1.04 215.76 216.80 NOTE
r-release-osx-x86_64-mavericks 0.1-0 NOTE
r-release-osx-x86_64-snowleopard 0.1-0 NOTE
r-release-windows-ix86+x86_64 0.1-0 6.00 311.00 317.00 NOTE
r-oldrel-windows-ix86+x86_64 0.1-0 6.00 297.00 303.00 NOTE

Check Details

Version: 0.1-0
Check: dependencies in R code
Result: NOTE
    Packages in Depends field not imported from:
     ‘abind’ ‘maxLik’ ‘mvtnorm’
     These packages need to be imported from (in the NAMESPACE file)
     for when this namespace is loaded but not attached.
    See the information on DESCRIPTION files in the chapter ‘Creating R
    packages’ of the ‘Writing R Extensions’ manual.
Flavors: r-devel-linux-x86_64-debian-clang, r-devel-linux-x86_64-debian-gcc, r-devel-linux-x86_64-fedora-clang, r-devel-linux-x86_64-fedora-gcc, r-devel-osx-x86_64-clang, r-devel-windows-ix86+x86_64, r-patched-linux-x86_64, r-patched-solaris-sparc, r-patched-solaris-x86, r-release-linux-ix86, r-release-linux-x86_64, r-release-osx-x86_64-mavericks, r-release-windows-ix86+x86_64, r-oldrel-windows-ix86+x86_64

Version: 0.1-0
Check: R code for possible problems
Result: NOTE
    logLik.mvProbit: no visible global function definition for ‘activePar’
    mvProbit: no visible global function definition for ‘maxLik’
    mvProbitMargEff: no visible global function definition for ‘abind’
    pmvnormWrap: no visible global function definition for ‘pmvnorm’
    print.summary.mvProbit: no visible global function definition for
     ‘maximType’
    print.summary.mvProbit: no visible global function definition for
     ‘nIter’
    print.summary.mvProbit: no visible global function definition for
     ‘returnCode’
    print.summary.mvProbit: no visible global function definition for
     ‘returnMessage’
    print.summary.mvProbit: no visible global function definition for
     ‘activePar’
Flavors: r-devel-linux-x86_64-debian-clang, r-devel-linux-x86_64-debian-gcc, r-devel-linux-x86_64-fedora-clang, r-devel-linux-x86_64-fedora-gcc, r-devel-osx-x86_64-clang, r-devel-windows-ix86+x86_64, r-patched-linux-x86_64, r-patched-solaris-sparc, r-patched-solaris-x86, r-release-linux-ix86, r-release-linux-x86_64, r-release-windows-ix86+x86_64

Version: 0.1-0
Check: dependencies in R code
Result: NOTE
    Packages in Depends field not imported from:
     'abind' 'maxLik' 'mvtnorm'
     These packages need to be imported from for the case when
     this namespace is loaded but not attached.
    See the information on DESCRIPTION files in the chapter 'Creating R
    packages' of the 'Writing R Extensions' manual.
Flavor: r-release-osx-x86_64-snowleopard