CRAN Package Check Results for Package mvabund

Last updated on 2017-07-24 05:50:22.

Flavor Version Tinstall Tcheck Ttotal Status Flags
r-devel-linux-x86_64-debian-clang 3.12.3 18.19 97.29 115.48 OK
r-devel-linux-x86_64-debian-gcc 3.12.3 20.12 94.85 114.97 OK
r-devel-linux-x86_64-fedora-clang 3.12.3 203.90 OK
r-devel-linux-x86_64-fedora-gcc 3.12.3 201.03 OK
r-devel-windows-ix86+x86_64 3.12.3 89.00 228.00 317.00 OK
r-patched-linux-x86_64 3.12.3 19.97 97.62 117.58 OK
r-patched-solaris-x86 3.12.3 264.00 OK
r-release-linux-x86_64 3.12.3 19.47 96.43 115.90 OK
r-release-windows-ix86+x86_64 3.12.3 62.00 259.00 321.00 OK
r-release-osx-x86_64 3.12.3 NOTE
r-oldrel-windows-ix86+x86_64 3.12.3 61.00 201.00 262.00 OK
r-oldrel-osx-x86_64 3.12.3 OK

Check Details

Version: 3.12.3
Check: installed package size
Result: NOTE
     installed size is 5.2Mb
     sub-directories of 1Mb or more:
     libs 4.6Mb
Flavor: r-release-osx-x86_64