CRAN Package Check Results for Package mvabund

Last updated on 2017-01-18 08:47:56.

Flavor Version Tinstall Tcheck Ttotal Status Flags
r-devel-linux-x86_64-debian-clang 3.11.9 3.81 2.97 6.78 ERROR
r-devel-linux-x86_64-debian-gcc 3.11.9 3.68 3.30 6.98 ERROR
r-devel-linux-x86_64-fedora-clang 3.11.9 30.71 ERROR --no-stop-on-test-error
r-devel-linux-x86_64-fedora-gcc 3.11.9 33.01 ERROR --no-stop-on-test-error
r-devel-macos-x86_64-clang 3.11.9 18.25 ERROR --no-stop-on-test-error
r-devel-windows-ix86+x86_64 3.11.9 11.00 4.00 15.00 ERROR
r-patched-linux-x86_64 3.11.9 2.82 2.74 5.56 ERROR
r-patched-solaris-sparc 3.11.9 1292.50 OK
r-patched-solaris-x86 3.11.9 239.20 OK
r-release-linux-x86_64 3.11.9 2.87 2.67 5.54 ERROR
r-release-osx-x86_64-mavericks 3.11.9 OK
r-release-windows-ix86+x86_64 3.11.9 7.00 5.00 12.00 ERROR
r-oldrel-windows-ix86+x86_64 3.11.9 10.00 2.00 12.00 OK

Check Details

Version: 3.11.9
Check: whether package can be installed
Result: ERROR
    Installation failed.
Flavors: r-devel-linux-x86_64-debian-clang, r-devel-linux-x86_64-debian-gcc, r-devel-windows-ix86+x86_64, r-patched-linux-x86_64, r-release-linux-x86_64, r-release-windows-ix86+x86_64

Version: 3.11.9
Flags: --no-stop-on-test-error
Check: whether package can be installed
Result: ERROR
    Installation failed.
Flavors: r-devel-linux-x86_64-fedora-clang, r-devel-linux-x86_64-fedora-gcc, r-devel-macos-x86_64-clang