CRAN Package Check Results for Package mvabund

Last updated on 2018-06-24 16:48:57 CEST.

Flavor Version Tinstall Tcheck Ttotal Status Flags
r-devel-linux-x86_64-debian-clang 3.13.1 38.27 131.18 169.45 OK
r-devel-linux-x86_64-debian-gcc 3.13.1 33.88 98.83 132.71 OK
r-devel-linux-x86_64-fedora-clang 3.13.1 208.66 OK
r-devel-linux-x86_64-fedora-gcc 3.13.1 200.67 OK
r-devel-windows-ix86+x86_64 3.13.1 93.00 201.00 294.00 OK
r-patched-linux-x86_64 3.13.1 40.45 128.06 168.51 OK
r-patched-solaris-x86 3.13.1 267.20 OK
r-release-linux-x86_64 3.13.1 41.81 127.76 169.57 OK
r-release-windows-ix86+x86_64 3.13.1 97.00 185.00 282.00 OK
r-release-osx-x86_64 3.13.1 NOTE
r-oldrel-windows-ix86+x86_64 3.13.1 87.00 282.00 369.00 OK
r-oldrel-osx-x86_64 3.13.1 NOTE

Check Details

Version: 3.13.1
Check: installed package size
Result: NOTE
     installed size is 5.9Mb
     sub-directories of 1Mb or more:
     libs 4.8Mb
Flavors: r-release-osx-x86_64, r-oldrel-osx-x86_64