CRAN Package Check Results for Package mvabund

Last updated on 2014-04-23 12:48:22.

Flavor Version Tinstall Tcheck Ttotal Status Flags
r-devel-linux-x86_64-debian-clang 3.8.4 18.98 66.36 85.34 OK
r-devel-linux-x86_64-debian-gcc 3.8.4 23.58 67.33 90.91 OK
r-devel-linux-x86_64-fedora-clang 3.8.4 168.59 OK
r-devel-linux-x86_64-fedora-gcc 3.8.4 166.35 OK
r-devel-osx-x86_64-clang 3.8.4 133.94 OK
r-devel-osx-x86_64-gcc 3.8.4 OK
r-devel-windows-ix86+x86_64 3.8.4 97.00 133.00 230.00 OK
r-patched-linux-x86_64 3.8.4 23.68 66.34 90.02 OK
r-patched-solaris-sparc 3.8.4 1007.60 OK
r-patched-solaris-x86 3.8.4 222.10 OK
r-release-linux-ix86 3.8.4 41.00 98.00 139.00 OK
r-release-linux-x86_64 3.8.4 23.78 67.76 91.54 OK
r-release-osx-x86_64-mavericks 3.8.4 ERROR
r-release-osx-x86_64-snowleopard 3.8.4 OK
r-release-windows-ix86+x86_64 3.8.4 97.00 130.00 227.00 OK
r-oldrel-windows-ix86+x86_64 3.8.4 102.00 141.00 243.00 OK

Check Details

Version: 3.8.4
Check: whether package can be installed
Result: ERROR
    Installation failed.
    See ‘/Builds/CRAN-QA-Simon/packages/mavericks-x86_64/results/3.1/mvabund.Rcheck/00install.out’ for details.
Flavor: r-release-osx-x86_64-mavericks