CRAN Package Check Results for Package mvabund

Last updated on 2017-04-23 17:49:48.

Flavor Version Tinstall Tcheck Ttotal Status Flags
r-devel-linux-x86_64-debian-clang 3.12 17.23 89.04 106.27 NOTE
r-devel-linux-x86_64-debian-gcc 3.12 19.09 86.42 105.50 NOTE
r-devel-linux-x86_64-fedora-clang 3.12 203.97 NOTE --no-stop-on-test-error
r-devel-linux-x86_64-fedora-gcc 3.12 200.23 NOTE --no-stop-on-test-error
r-devel-windows-ix86+x86_64 3.12 88.00 197.00 285.00 OK
r-patched-linux-x86_64 3.12 16.53 85.36 101.88 NOTE
r-patched-solaris-sparc 3.12 1371.70 OK
r-patched-solaris-x86 3.12 268.60 OK
r-release-linux-x86_64 3.12 17.06 84.58 101.64 NOTE
r-release-windows-ix86+x86_64 3.12 60.00 196.00 256.00 OK
r-release-osx-x86_64 3.12 ERROR
r-oldrel-windows-ix86+x86_64 3.12 63.00 208.00 271.00 OK
r-oldrel-osx-x86_64 3.12 OK

Check Details

Version: 3.12
Check: compiled code
Result: NOTE
    File ‘mvabund/libs/mvabund.so’:
     Found no calls to: ‘R_registerRoutines’, ‘R_useDynamicSymbols’
    
    It is good practice to register native routines and to disable symbol
    search.
    
    See ‘Writing portable packages’ in the ‘Writing R Extensions’ manual.
Flavors: r-devel-linux-x86_64-debian-clang, r-devel-linux-x86_64-debian-gcc, r-patched-linux-x86_64, r-release-linux-x86_64

Version: 3.12
Flags: --no-stop-on-test-error
Check: compiled code
Result: NOTE
    File ‘mvabund/libs/mvabund.so’:
     Found no calls to: ‘R_registerRoutines’, ‘R_useDynamicSymbols’
    
    It is good practice to register native routines and to disable symbol
    search.
    
    See ‘Writing portable packages’ in the ‘Writing R Extensions’ manual.
Flavors: r-devel-linux-x86_64-fedora-clang, r-devel-linux-x86_64-fedora-gcc

Version: 3.12
Check: package dependencies
Result: ERROR
    Package required but not available: ‘RcppGSL’
    
    See section ‘The DESCRIPTION file’ in the ‘Writing R Extensions’
    manual.
Flavor: r-release-osx-x86_64