CRAN Package Check Results for Package mvabund

Last updated on 2017-09-19 19:46:33.

Flavor Version Tinstall Tcheck Ttotal Status Flags
r-devel-linux-x86_64-debian-clang 3.12.3 18.00 89.60 107.60 OK
r-devel-linux-x86_64-debian-gcc 3.12.3 19.75 89.05 108.80 OK
r-devel-linux-x86_64-fedora-clang 3.12.3 198.71 OK
r-devel-linux-x86_64-fedora-gcc 3.12.3 194.49 OK
r-devel-windows-ix86+x86_64 3.12.3 58.00 268.00 326.00 OK
r-patched-linux-x86_64 3.12.3 19.73 88.02 107.75 OK
r-patched-solaris-x86 3.12.3 263.40 OK
r-release-linux-x86_64 3.12.3 19.53 89.48 109.01 OK
r-release-windows-ix86+x86_64 3.12.3 59.00 213.00 272.00 OK
r-release-osx-x86_64 3.12.3 NOTE
r-oldrel-windows-ix86+x86_64 3.12.3 57.00 179.00 236.00 OK
r-oldrel-osx-x86_64 3.12.3 OK

Check Details

Version: 3.12.3
Check: installed package size
Result: NOTE
     installed size is 5.2Mb
     sub-directories of 1Mb or more:
     libs 4.6Mb
Flavor: r-release-osx-x86_64