CRAN Package Check Results for Package mvabund

Last updated on 2014-12-19 12:48:22.

Flavor Version Tinstall Tcheck Ttotal Status Flags
r-devel-linux-x86_64-debian-clang 3.9.3 19.49 73.14 92.62 OK
r-devel-linux-x86_64-debian-gcc 3.9.3 25.24 69.32 94.56 OK
r-devel-linux-x86_64-fedora-clang 3.9.3 187.29 OK
r-devel-linux-x86_64-fedora-gcc 3.9.3 161.49 OK
r-devel-osx-x86_64-clang 3.9.3 147.93 OK
r-devel-windows-ix86+x86_64 3.9.3 74.00 170.00 244.00 OK
r-patched-linux-x86_64 3.9.3 25.61 73.04 98.65 OK
r-patched-solaris-sparc 3.9.3 1233.40 OK
r-patched-solaris-x86 3.9.3 248.90 OK
r-release-linux-ix86 3.9.3 33.15 83.94 117.09 OK
r-release-linux-x86_64 3.9.3 25.70 73.86 99.56 OK
r-release-osx-x86_64-mavericks 3.9.3 ERROR
r-release-osx-x86_64-snowleopard 3.9.3 OK
r-release-windows-ix86+x86_64 3.9.3 74.00 169.00 243.00 OK
r-oldrel-windows-ix86+x86_64 3.9.3 76.00 185.00 261.00 OK

Check Details

Version: 3.9.3
Check: whether package can be installed
Result: ERROR
    Installation failed.
Flavor: r-release-osx-x86_64-mavericks