CRAN Package Check Results for Package mvabund

Last updated on 2014-10-20 09:56:05.

Flavor Version Tinstall Tcheck Ttotal Status Flags
r-devel-linux-x86_64-debian-clang 3.9.1 19.49 69.12 88.61 OK
r-devel-linux-x86_64-debian-gcc 3.9.1 25.59 66.86 92.45 OK
r-devel-linux-x86_64-fedora-clang 3.9.1 176.27 OK
r-devel-linux-x86_64-fedora-gcc 3.9.1 167.06 OK
r-devel-osx-x86_64-clang 3.9.1 142.25 OK
r-devel-windows-ix86+x86_64 3.9.1 102.00 129.00 231.00 OK
r-patched-linux-x86_64 3.9.1 25.52 68.89 94.41 OK
r-patched-solaris-sparc 3.9.1 1122.80 OK
r-patched-solaris-x86 3.9.1 230.50 OK
r-release-linux-ix86 3.9.1 34.72 82.34 117.06 OK
r-release-linux-x86_64 3.9.1 25.54 68.17 93.70 OK
r-release-osx-x86_64-mavericks 3.9.1 ERROR
r-release-osx-x86_64-snowleopard 3.9.1 OK
r-release-windows-ix86+x86_64 3.9.1 101.00 137.00 238.00 OK
r-oldrel-windows-ix86+x86_64 3.9.1 104.00 144.00 248.00 OK

Check Details

Version: 3.9.1
Check: whether package can be installed
Result: ERROR
    Installation failed.
Flavor: r-release-osx-x86_64-mavericks