CRAN Package Check Results for Package mvabund

Last updated on 2014-09-20 08:51:48.

Flavor Version Tinstall Tcheck Ttotal Status Flags
r-devel-linux-x86_64-debian-clang 3.9.1 19.62 67.04 86.67 OK
r-devel-linux-x86_64-debian-gcc 3.9.1 27.61 65.38 92.99 OK
r-devel-linux-x86_64-fedora-clang 3.9.1 172.99 OK
r-devel-linux-x86_64-fedora-gcc 3.9.1 163.64 OK
r-devel-osx-x86_64-clang 3.9.1 137.26 OK
r-devel-windows-ix86+x86_64 3.9.1 92.00 136.00 228.00 OK
r-patched-linux-x86_64 3.9.1 25.42 67.93 93.34 OK
r-patched-solaris-sparc 3.9.1 1122.80 OK
r-patched-solaris-x86 3.9.1 231.20 OK
r-release-linux-ix86 3.9.1 34.52 82.58 117.09 OK
r-release-linux-x86_64 3.9.1 25.63 68.51 94.14 OK
r-release-osx-x86_64-mavericks 3.9.1 ERROR
r-release-osx-x86_64-snowleopard 3.9.1 OK
r-release-windows-ix86+x86_64 3.9.1 105.00 137.00 242.00 OK
r-oldrel-windows-ix86+x86_64 3.9.1 101.00 138.00 239.00 OK

Check Details

Version: 3.9.1
Check: whether package can be installed
Result: ERROR
    Installation failed.
Flavor: r-release-osx-x86_64-mavericks