CRAN Package Check Results for Package mvabund

Last updated on 2018-04-25 01:47:01 CEST.

Flavor Version Tinstall Tcheck Ttotal Status Flags
r-devel-linux-x86_64-debian-clang 3.13.1 39.72 128.59 168.31 OK
r-devel-linux-x86_64-debian-gcc 3.13.1 34.71 99.51 134.22 OK
r-devel-linux-x86_64-fedora-clang 3.13.1 208.86 OK
r-devel-linux-x86_64-fedora-gcc 3.13.1 202.28 OK
r-devel-windows-ix86+x86_64 3.13.1 96.00 195.00 291.00 OK
r-patched-linux-x86_64 3.13.1 42.19 126.97 169.16 OK
r-patched-solaris-x86 3.13.1 273.30 OK
r-release-linux-x86_64 3.13.1 42.57 126.57 169.14 OK
r-release-windows-ix86+x86_64 3.13.1 96.00 195.00 291.00 OK
r-release-osx-x86_64 3.13.1 NOTE
r-oldrel-windows-ix86+x86_64 3.13.1 68.00 278.00 346.00 OK
r-oldrel-osx-x86_64 3.13.1 NOTE

Check Details

Version: 3.13.1
Check: installed package size
Result: NOTE
     installed size is 5.8Mb
     sub-directories of 1Mb or more:
     libs 4.8Mb
Flavors: r-release-osx-x86_64, r-oldrel-osx-x86_64