CRAN Package Check Results for Package mvabund

Last updated on 2017-11-22 05:49:10 CET.

Flavor Version Tinstall Tcheck Ttotal Status Flags
r-devel-linux-x86_64-debian-clang 3.12.3 17.35 87.66 105.01 OK
r-devel-linux-x86_64-debian-gcc 3.12.3 22.23 174.10 196.33 OK
r-devel-linux-x86_64-fedora-clang 3.12.3 189.59 OK
r-devel-linux-x86_64-fedora-gcc 3.12.3 254.93 OK
r-devel-windows-ix86+x86_64 3.12.3 64.00 212.00 276.00 OK
r-patched-linux-x86_64 3.12.3 19.19 88.67 107.86 OK
r-patched-solaris-x86 3.12.3 257.80 OK
r-release-linux-x86_64 3.12.3 19.55 89.83 109.38 OK
r-release-windows-ix86+x86_64 3.12.3 62.00 201.00 263.00 OK
r-release-osx-x86_64 3.12.3 NOTE
r-oldrel-windows-ix86+x86_64 3.12.3 64.00 231.00 295.00 OK
r-oldrel-osx-x86_64 3.12.3 OK

Check Details

Version: 3.12.3
Check: installed package size
Result: NOTE
     installed size is 5.2Mb
     sub-directories of 1Mb or more:
     libs 4.6Mb
Flavor: r-release-osx-x86_64