CRAN Package Check Results for Package mvabund

Last updated on 2017-05-25 07:48:39.

Flavor Version Tinstall Tcheck Ttotal Status Flags
r-devel-linux-x86_64-debian-clang 3.12.3 18.00 89.84 107.83 OK
r-devel-linux-x86_64-debian-gcc 3.12.3 19.23 86.47 105.70 OK
r-devel-linux-x86_64-fedora-clang 3.12.3 204.51 OK --no-stop-on-test-error
r-devel-linux-x86_64-fedora-gcc 3.12.3 202.50 OK --no-stop-on-test-error
r-devel-windows-ix86+x86_64 3.12.3 66.00 265.00 331.00 OK
r-patched-linux-x86_64 3.12.3 17.73 85.57 103.30 OK
r-patched-solaris-sparc 3.12.3 1385.30 OK
r-patched-solaris-x86 3.12.3 244.50 OK --no-stop-on-test-error
r-release-linux-x86_64 3.12.3 17.50 85.81 103.31 OK
r-release-windows-ix86+x86_64 3.12.3 77.00 192.00 269.00 OK
r-release-osx-x86_64 3.12.3 NOTE
r-oldrel-windows-ix86+x86_64 3.12.3 74.00 234.00 308.00 OK
r-oldrel-osx-x86_64 3.12.3 OK

Check Details

Version: 3.12.3
Check: installed package size
Result: NOTE
     installed size is 5.2Mb
     sub-directories of 1Mb or more:
     libs 4.6Mb
Flavor: r-release-osx-x86_64