CRAN Package Check Results for Package mvabund

Last updated on 2018-02-24 08:49:10 CET.

Flavor Version Tinstall Tcheck Ttotal Status Flags
r-devel-linux-x86_64-debian-clang 3.13.1 36.30 127.27 163.57 OK
r-devel-linux-x86_64-debian-gcc 3.13.1 32.24 97.77 130.01 OK
r-devel-linux-x86_64-fedora-clang 3.13.1 209.96 OK
r-devel-linux-x86_64-fedora-gcc 3.13.1 201.63 OK
r-devel-windows-ix86+x86_64 3.13.1 95.00 240.00 335.00 OK
r-patched-linux-x86_64 3.13.1 26.77 146.91 173.68 OK
r-patched-solaris-x86 3.13.1 263.70 OK
r-release-linux-x86_64 3.13.1 26.91 147.95 174.86 OK
r-release-windows-ix86+x86_64 3.13.1 63.00 272.00 335.00 OK
r-release-osx-x86_64 3.13.1 NOTE
r-oldrel-windows-ix86+x86_64 3.13.1 62.00 251.00 313.00 OK
r-oldrel-osx-x86_64 3.12.3 OK

Check Details

Version: 3.13.1
Check: installed package size
Result: NOTE
     installed size is 5.3Mb
     sub-directories of 1Mb or more:
     libs 4.8Mb
Flavor: r-release-osx-x86_64