CRAN Package Check Results for Package mvabund

Last updated on 2017-03-27 06:48:22.

Flavor Version Tinstall Tcheck Ttotal Status Flags
r-devel-linux-x86_64-debian-clang 3.12 17.31 88.61 105.92 NOTE
r-devel-linux-x86_64-debian-gcc 3.12 19.39 84.99 104.37 NOTE
r-devel-linux-x86_64-fedora-clang 3.12 200.89 NOTE --no-stop-on-test-error
r-devel-linux-x86_64-fedora-gcc 3.12 198.67 NOTE --no-stop-on-test-error
r-devel-macos-x86_64-clang 3.12 142.79 NOTE --no-stop-on-test-error
r-devel-windows-ix86+x86_64 3.12 63.00 264.00 327.00 OK
r-patched-linux-x86_64 3.12 16.83 84.87 101.69 NOTE
r-patched-solaris-sparc 3.12 1371.70 OK
r-patched-solaris-x86 3.12 267.60 OK
r-release-linux-x86_64 3.12 15.83 79.75 95.58 OK
r-release-osx-x86_64-mavericks 3.12 OK
r-release-windows-ix86+x86_64 3.12 80.00 185.00 265.00 OK
r-oldrel-windows-ix86+x86_64 3.12 59.00 186.00 245.00 OK

Check Details

Version: 3.12
Check: compiled code
Result: NOTE
    File ‘mvabund/libs/mvabund.so’:
     Found no calls to: ‘R_registerRoutines’, ‘R_useDynamicSymbols’
    
    It is good practice to register native routines and to disable symbol
    search.
    
    See ‘Writing portable packages’ in the ‘Writing R Extensions’ manual.
Flavors: r-devel-linux-x86_64-debian-clang, r-devel-linux-x86_64-debian-gcc, r-patched-linux-x86_64

Version: 3.12
Flags: --no-stop-on-test-error
Check: compiled code
Result: NOTE
    File ‘mvabund/libs/mvabund.so’:
     Found no calls to: ‘R_registerRoutines’, ‘R_useDynamicSymbols’
    
    It is good practice to register native routines and to disable symbol
    search.
    
    See ‘Writing portable packages’ in the ‘Writing R Extensions’ manual.
Flavors: r-devel-linux-x86_64-fedora-clang, r-devel-linux-x86_64-fedora-gcc, r-devel-macos-x86_64-clang