CRAN Package Check Results for Package mvabund

Last updated on 2014-11-01 05:48:57.

Flavor Version Tinstall Tcheck Ttotal Status Flags
r-devel-linux-x86_64-debian-clang 3.9.1 20.58 67.80 88.38 OK
r-devel-linux-x86_64-debian-gcc 3.9.1 25.36 66.17 91.53 OK
r-devel-linux-x86_64-fedora-clang 3.9.1 173.85 OK
r-devel-linux-x86_64-fedora-gcc 3.9.1 167.03 OK
r-devel-osx-x86_64-clang 3.9.1 138.62 OK
r-devel-windows-ix86+x86_64 3.9.1 97.00 132.00 229.00 OK
r-patched-linux-x86_64 3.9.1 25.33 69.13 94.46 OK
r-patched-solaris-sparc 3.9.1 1122.80 OK
r-patched-solaris-x86 3.9.1 230.30 OK
r-release-linux-ix86 3.9.1 34.72 82.34 117.06 OK
r-release-linux-x86_64 3.9.1 25.54 68.17 93.70 OK
r-release-osx-x86_64-mavericks 3.9.1 ERROR
r-release-osx-x86_64-snowleopard 3.9.1 OK
r-release-windows-ix86+x86_64 3.9.1 96.00 135.00 231.00 OK
r-oldrel-windows-ix86+x86_64 3.9.1 105.00 147.00 252.00 OK

Check Details

Version: 3.9.1
Check: whether package can be installed
Result: ERROR
    Installation failed.
Flavor: r-release-osx-x86_64-mavericks