CRAN Package Check Results for Package mvabund

Last updated on 2014-07-25 01:48:48.

Flavor Version Tinstall Tcheck Ttotal Status Flags
r-devel-linux-x86_64-debian-clang 3.9.1 18.78 67.36 86.15 OK
r-devel-linux-x86_64-debian-gcc 3.9.1 25.35 67.24 92.59 OK
r-devel-linux-x86_64-fedora-clang 3.9.1 175.58 OK
r-devel-linux-x86_64-fedora-gcc 3.9.1 173.15 OK
r-devel-osx-x86_64-clang 3.9.1 138.16 OK
r-devel-windows-ix86+x86_64 3.9.1 99.00 130.00 229.00 OK
r-patched-linux-x86_64 3.9.1 25.51 67.07 92.58 OK
r-patched-solaris-sparc 3.9.1 1035.90 OK
r-patched-solaris-x86 3.9.1 226.00 OK
r-release-linux-ix86 3.9.1 34.32 82.34 116.66 OK
r-release-linux-x86_64 3.9.1 25.27 67.37 92.64 OK
r-release-osx-x86_64-mavericks 3.9.1 ERROR
r-release-osx-x86_64-snowleopard 3.9.1 OK
r-release-windows-ix86+x86_64 3.9.1 94.00 132.00 226.00 OK
r-oldrel-windows-ix86+x86_64 3.9.1 100.00 138.00 238.00 OK

Check Details

Version: 3.9.1
Check: whether package can be installed
Result: ERROR
    Installation failed.
    See ‘/Builds/CRAN-QA-Simon/packages/mavericks-x86_64/results/3.1/mvabund.Rcheck/00install.out’ for details.
Flavor: r-release-osx-x86_64-mavericks