CRAN Package Check Results for Package mvabund

Last updated on 2014-08-28 10:47:04.

Flavor Version Tinstall Tcheck Ttotal Status Flags
r-devel-linux-x86_64-debian-clang 3.9.1 18.52 69.22 87.74 OK
r-devel-linux-x86_64-debian-gcc 3.9.1 25.22 67.15 92.37 OK
r-devel-linux-x86_64-fedora-clang 3.9.1 171.71 OK
r-devel-linux-x86_64-fedora-gcc 3.9.1 168.70 OK
r-devel-osx-x86_64-clang 3.9.1 134.00 OK
r-devel-windows-ix86+x86_64 3.9.1 105.00 140.00 245.00 OK
r-patched-linux-x86_64 3.9.1 25.26 66.83 92.09 OK
r-patched-solaris-sparc 3.9.1 1122.80 OK
r-patched-solaris-x86 3.9.1 229.20 OK
r-release-linux-ix86 3.9.1 34.46 84.31 118.77 OK
r-release-linux-x86_64 3.9.1 25.42 67.47 92.89 OK
r-release-osx-x86_64-mavericks 3.9.1 ERROR
r-release-osx-x86_64-snowleopard 3.9.1 OK
r-release-windows-ix86+x86_64 3.9.1 94.00 132.00 226.00 OK
r-oldrel-windows-ix86+x86_64 3.9.1 102.00 140.00 242.00 OK

Check Details

Version: 3.9.1
Check: whether package can be installed
Result: ERROR
    Installation failed.
Flavor: r-release-osx-x86_64-mavericks