CRAN Package Check Results for Package mvc

Last updated on 2014-04-16 15:49:31.

Flavor Version Tinstall Tcheck Ttotal Status Flags
r-devel-linux-x86_64-debian-clang 1.3 0.83 12.56 13.39 OK
r-devel-linux-x86_64-debian-gcc 1.3 0.78 12.71 13.50 OK
r-devel-linux-x86_64-fedora-clang 1.3 27.49 OK
r-devel-linux-x86_64-fedora-gcc 1.3 25.10 OK
r-devel-macosx-x86_64-clang 1.3 30.34 OK
r-devel-macosx-x86_64-gcc 1.3 ERROR
r-devel-windows-ix86+x86_64 1.3 3.00 21.00 24.00 OK
r-patched-linux-x86_64 1.3 0.79 12.62 13.41 OK
r-patched-solaris-sparc 1.3 151.50 OK
r-patched-solaris-x86 1.3 37.50 OK
r-release-linux-ix86 1.3 2.00 27.00 29.00 OK
r-release-linux-x86_64 1.3 0.79 120.98 121.77 OK
r-release-macosx-x86_64 1.3 OK
r-release-windows-ix86+x86_64 1.3 3.00 22.00 25.00 OK
r-oldrel-windows-ix86+x86_64 1.3 3.00 22.00 25.00 OK

Check Details

Version: 1.3
Check: package dependencies
Result: ERROR
    Package required but not available: ‘rattle’
    
    See the information on DESCRIPTION files in the chapter ‘Creating R
    packages’ of the ‘Writing R Extensions’ manual.
Flavor: r-devel-macosx-x86_64-gcc