CRAN Package Check Results for Package mvc

Last updated on 2016-12-05 12:51:40.

Flavor Version Tinstall Tcheck Ttotal Status Flags
r-devel-linux-x86_64-debian-clang 1.3 1.12 18.63 19.75 NOTE
r-devel-linux-x86_64-debian-gcc 1.3 1.09 18.60 19.69 NOTE
r-devel-linux-x86_64-fedora-clang 1.3 37.85 NOTE --no-stop-on-test-error
r-devel-linux-x86_64-fedora-gcc 1.3 36.13 NOTE --no-stop-on-test-error
r-devel-macos-x86_64-clang 1.3 30.92 NOTE
r-devel-windows-ix86+x86_64 1.3 5.00 57.00 62.00 NOTE
r-patched-linux-x86_64 1.3 1.02 16.83 17.85 NOTE
r-patched-solaris-sparc 1.3 196.50 NOTE
r-patched-solaris-x86 1.3 60.90 NOTE
r-release-linux-x86_64 1.3 1.14 16.82 17.97 NOTE
r-release-osx-x86_64-mavericks 1.3 WARN
r-release-windows-ix86+x86_64 1.3 6.00 49.00 55.00 NOTE
r-oldrel-windows-ix86+x86_64 1.3 5.00 49.00 54.00 OK

Check Details

Version: 1.3
Check: R code for possible problems
Result: NOTE
    conceptIndicesSkm: no visible global function definition for
     ‘txtProgressBar’
    conceptIndicesSkm: no visible global function definition for
     ‘setTxtProgressBar’
    conceptVectorsSkm: no visible global function definition for
     ‘txtProgressBar’
    conceptVectorsSkm: no visible global function definition for
     ‘setTxtProgressBar’
    mvcmb: no visible global function definition for ‘runif’
    mvcmb: no visible global function definition for ‘str’
    mvcsph: no visible global function definition for ‘pdf’
    mvcsph: no visible global function definition for ‘heatmap’
    mvcsph: no visible global function definition for ‘dev.off’
    mvcsph: no visible global function definition for ‘hclust’
    mvcsph: no visible global function definition for ‘dist’
    mvcsph: no visible global function definition for ‘str’
    Undefined global functions or variables:
     dev.off dist hclust heatmap pdf runif setTxtProgressBar str
     txtProgressBar
    Consider adding
     importFrom("grDevices", "dev.off", "pdf")
     importFrom("stats", "dist", "hclust", "heatmap", "runif")
     importFrom("utils", "setTxtProgressBar", "str", "txtProgressBar")
    to your NAMESPACE file.
Flavors: r-devel-linux-x86_64-debian-clang, r-devel-linux-x86_64-debian-gcc, r-devel-macos-x86_64-clang, r-devel-windows-ix86+x86_64, r-patched-linux-x86_64, r-patched-solaris-sparc, r-patched-solaris-x86, r-release-linux-x86_64, r-release-windows-ix86+x86_64

Version: 1.3
Flags: --no-stop-on-test-error
Check: R code for possible problems
Result: NOTE
    conceptIndicesSkm: no visible global function definition for
     ‘txtProgressBar’
    conceptIndicesSkm: no visible global function definition for
     ‘setTxtProgressBar’
    conceptVectorsSkm: no visible global function definition for
     ‘txtProgressBar’
    conceptVectorsSkm: no visible global function definition for
     ‘setTxtProgressBar’
    mvcmb: no visible global function definition for ‘runif’
    mvcmb: no visible global function definition for ‘str’
    mvcsph: no visible global function definition for ‘pdf’
    mvcsph: no visible global function definition for ‘heatmap’
    mvcsph: no visible global function definition for ‘dev.off’
    mvcsph: no visible global function definition for ‘hclust’
    mvcsph: no visible global function definition for ‘dist’
    mvcsph: no visible global function definition for ‘str’
    Undefined global functions or variables:
     dev.off dist hclust heatmap pdf runif setTxtProgressBar str
     txtProgressBar
    Consider adding
     importFrom("grDevices", "dev.off", "pdf")
     importFrom("stats", "dist", "hclust", "heatmap", "runif")
     importFrom("utils", "setTxtProgressBar", "str", "txtProgressBar")
    to your NAMESPACE file.
Flavors: r-devel-linux-x86_64-fedora-clang, r-devel-linux-x86_64-fedora-gcc

Version: 1.3
Check: dependencies in R code
Result: NOTE
    Invalid MIT-MAGIC-COOKIE-1 key
Flavor: r-release-osx-x86_64-mavericks

Version: 1.3
Check: S3 generic/method consistency
Result: WARN
    Invalid MIT-MAGIC-COOKIE-1 key
    See section ‘Generic functions and methods’ in the ‘Writing R
    Extensions’ manual.
Flavor: r-release-osx-x86_64-mavericks

Version: 1.3
Check: replacement functions
Result: WARN
    Invalid MIT-MAGIC-COOKIE-1 key
    The argument of a replacement function which corresponds to the right
    hand side must be named ‘value’.
Flavor: r-release-osx-x86_64-mavericks

Version: 1.3
Check: foreign function calls
Result: NOTE
    Invalid MIT-MAGIC-COOKIE-1 key
    See chapter ‘System and foreign language interfaces’ in the ‘Writing R
    Extensions’ manual.
Flavor: r-release-osx-x86_64-mavericks

Version: 1.3
Check: R code for possible problems
Result: NOTE
    Invalid MIT-MAGIC-COOKIE-1 keyconceptIndicesSkm: no visible global function definition for
     ‘txtProgressBar’
    conceptIndicesSkm: no visible global function definition for
     ‘setTxtProgressBar’
    conceptVectorsSkm: no visible global function definition for
     ‘txtProgressBar’
    conceptVectorsSkm: no visible global function definition for
     ‘setTxtProgressBar’
    mvcmb: no visible global function definition for ‘runif’
    mvcmb: no visible global function definition for ‘str’
    mvcsph: no visible global function definition for ‘pdf’
    mvcsph: no visible global function definition for ‘heatmap’
    mvcsph: no visible global function definition for ‘dev.off’
    mvcsph: no visible global function definition for ‘hclust’
    mvcsph: no visible global function definition for ‘dist’
    mvcsph: no visible global function definition for ‘str’
    Undefined global functions or variables:
     dev.off dist hclust heatmap pdf runif setTxtProgressBar str
     txtProgressBar
    Consider adding
     importFrom("grDevices", "dev.off", "pdf")
     importFrom("stats", "dist", "hclust", "heatmap", "runif")
     importFrom("utils", "setTxtProgressBar", "str", "txtProgressBar")
    to your NAMESPACE file.
Flavor: r-release-osx-x86_64-mavericks

Version: 1.3
Check: for missing documentation entries
Result: WARN
    Invalid MIT-MAGIC-COOKIE-1 key
    All user-level objects in a package should have documentation entries.
    See chapter ‘Writing R documentation files’ in the ‘Writing R
    Extensions’ manual.
Flavor: r-release-osx-x86_64-mavericks

Version: 1.3
Check: for code/documentation mismatches
Result: WARN
    Invalid MIT-MAGIC-COOKIE-1 key
    Invalid MIT-MAGIC-COOKIE-1 key
    Invalid MIT-MAGIC-COOKIE-1 key
Flavor: r-release-osx-x86_64-mavericks

Version: 1.3
Check: Rd \usage sections
Result: NOTE
    Invalid MIT-MAGIC-COOKIE-1 key
    The \usage entries for S3 methods should use the \method markup and not
    their full name.
    See chapter ‘Writing R documentation files’ in the ‘Writing R
    Extensions’ manual.
Flavor: r-release-osx-x86_64-mavericks