CRAN Package Check Results for Package mvc

Last updated on 2020-06-03 21:47:53 CEST.

Flavor Version Tinstall Tcheck Ttotal Status Flags
r-devel-linux-x86_64-debian-clang 1.3 3.88 33.27 37.15 NOTE
r-devel-linux-x86_64-debian-gcc 1.3 3.01 25.99 29.00 NOTE
r-devel-linux-x86_64-fedora-clang 1.3 53.59 NOTE
r-devel-linux-x86_64-fedora-gcc 1.3 43.50 NOTE
r-devel-windows-ix86+x86_64 1.3 15.00 44.00 59.00 NOTE
r-patched-linux-x86_64 1.3 3.86 32.87 36.73 NOTE
r-patched-solaris-x86 1.3 62.40 NOTE
r-release-linux-x86_64 1.3 3.47 32.71 36.18 NOTE
r-release-osx-x86_64 1.3 NOTE
r-release-windows-ix86+x86_64 1.3 9.00 58.00 67.00 NOTE
r-oldrel-osx-x86_64 1.3 NOTE
r-oldrel-windows-ix86+x86_64 1.3 10.00 42.00 52.00 NOTE

Check Details

Version: 1.3
Check: R code for possible problems
Result: NOTE
    conceptIndicesSkm: no visible global function definition for
     'txtProgressBar'
    conceptIndicesSkm: no visible global function definition for
     'setTxtProgressBar'
    conceptVectorsSkm: no visible global function definition for
     'txtProgressBar'
    conceptVectorsSkm: no visible global function definition for
     'setTxtProgressBar'
    mvcmb: no visible global function definition for 'runif'
    mvcmb: no visible global function definition for 'str'
    mvcsph: no visible global function definition for 'pdf'
    mvcsph: no visible global function definition for 'heatmap'
    mvcsph: no visible global function definition for 'dev.off'
    mvcsph: no visible global function definition for 'hclust'
    mvcsph: no visible global function definition for 'dist'
    mvcsph: no visible global function definition for 'str'
    Undefined global functions or variables:
     dev.off dist hclust heatmap pdf runif setTxtProgressBar str
     txtProgressBar
    Consider adding
     importFrom("grDevices", "dev.off", "pdf")
     importFrom("stats", "dist", "hclust", "heatmap", "runif")
     importFrom("utils", "setTxtProgressBar", "str", "txtProgressBar")
    to your NAMESPACE file.
Flavors: r-devel-linux-x86_64-debian-clang, r-devel-linux-x86_64-debian-gcc, r-devel-linux-x86_64-fedora-clang, r-devel-linux-x86_64-fedora-gcc, r-devel-windows-ix86+x86_64, r-patched-linux-x86_64, r-patched-solaris-x86, r-release-linux-x86_64, r-release-osx-x86_64, r-release-windows-ix86+x86_64, r-oldrel-osx-x86_64, r-oldrel-windows-ix86+x86_64