CRAN Package Check Results for Package mvc

Last updated on 2017-08-20 15:48:49.

Flavor Version Tinstall Tcheck Ttotal Status Flags
r-devel-linux-x86_64-debian-clang 1.3 1.04 19.49 20.54 NOTE
r-devel-linux-x86_64-debian-gcc 1.3 1.01 18.73 19.74 NOTE
r-devel-linux-x86_64-fedora-clang 1.3 34.82 NOTE
r-devel-linux-x86_64-fedora-gcc 1.3 34.18 NOTE
r-devel-windows-ix86+x86_64 1.3 3.00 36.00 39.00 NOTE
r-patched-linux-x86_64 1.3 1.03 18.71 19.73 NOTE
r-patched-solaris-x86 1.3 59.80 NOTE
r-release-linux-x86_64 1.3 1.13 18.81 19.94 NOTE
r-release-windows-ix86+x86_64 1.3 5.00 36.00 41.00 NOTE
r-release-osx-x86_64 1.3 ERROR
r-oldrel-windows-ix86+x86_64 1.3 4.00 39.00 43.00 NOTE
r-oldrel-osx-x86_64 1.3 WARN

Check Details

Version: 1.3
Check: R code for possible problems
Result: NOTE
    conceptIndicesSkm: no visible global function definition for
     ‘txtProgressBar’
    conceptIndicesSkm: no visible global function definition for
     ‘setTxtProgressBar’
    conceptVectorsSkm: no visible global function definition for
     ‘txtProgressBar’
    conceptVectorsSkm: no visible global function definition for
     ‘setTxtProgressBar’
    mvcmb: no visible global function definition for ‘runif’
    mvcmb: no visible global function definition for ‘str’
    mvcsph: no visible global function definition for ‘pdf’
    mvcsph: no visible global function definition for ‘heatmap’
    mvcsph: no visible global function definition for ‘dev.off’
    mvcsph: no visible global function definition for ‘hclust’
    mvcsph: no visible global function definition for ‘dist’
    mvcsph: no visible global function definition for ‘str’
    Undefined global functions or variables:
     dev.off dist hclust heatmap pdf runif setTxtProgressBar str
     txtProgressBar
    Consider adding
     importFrom("grDevices", "dev.off", "pdf")
     importFrom("stats", "dist", "hclust", "heatmap", "runif")
     importFrom("utils", "setTxtProgressBar", "str", "txtProgressBar")
    to your NAMESPACE file.
Flavors: r-devel-linux-x86_64-debian-clang, r-devel-linux-x86_64-debian-gcc, r-devel-linux-x86_64-fedora-clang, r-devel-linux-x86_64-fedora-gcc, r-devel-windows-ix86+x86_64, r-patched-linux-x86_64, r-patched-solaris-x86, r-release-linux-x86_64, r-release-windows-ix86+x86_64, r-oldrel-windows-ix86+x86_64

Version: 1.3
Check: package dependencies
Result: ERROR
    Package required but not available: ‘rattle’
    
    See section ‘The DESCRIPTION file’ in the ‘Writing R Extensions’
    manual.
Flavor: r-release-osx-x86_64

Version: 1.3
Check: dependencies in R code
Result: NOTE
    Invalid MIT-MAGIC-COOKIE-1 key
Flavor: r-oldrel-osx-x86_64

Version: 1.3
Check: S3 generic/method consistency
Result: WARN
    Invalid MIT-MAGIC-COOKIE-1 key
    See section ‘Generic functions and methods’ in the ‘Writing R
    Extensions’ manual.
Flavor: r-oldrel-osx-x86_64

Version: 1.3
Check: replacement functions
Result: WARN
    Invalid MIT-MAGIC-COOKIE-1 key
    The argument of a replacement function which corresponds to the right
    hand side must be named ‘value’.
Flavor: r-oldrel-osx-x86_64

Version: 1.3
Check: foreign function calls
Result: NOTE
    Invalid MIT-MAGIC-COOKIE-1 key
    See chapter ‘System and foreign language interfaces’ in the ‘Writing R
    Extensions’ manual.
Flavor: r-oldrel-osx-x86_64

Version: 1.3
Check: R code for possible problems
Result: NOTE
    Invalid MIT-MAGIC-COOKIE-1 keyconceptIndicesSkm: no visible global function definition for
     ‘txtProgressBar’
    conceptIndicesSkm: no visible global function definition for
     ‘setTxtProgressBar’
    conceptVectorsSkm: no visible global function definition for
     ‘txtProgressBar’
    conceptVectorsSkm: no visible global function definition for
     ‘setTxtProgressBar’
    mvcmb: no visible global function definition for ‘runif’
    mvcmb: no visible global function definition for ‘str’
    mvcsph: no visible global function definition for ‘pdf’
    mvcsph: no visible global function definition for ‘heatmap’
    mvcsph: no visible global function definition for ‘dev.off’
    mvcsph: no visible global function definition for ‘hclust’
    mvcsph: no visible global function definition for ‘dist’
    mvcsph: no visible global function definition for ‘str’
    Undefined global functions or variables:
     dev.off dist hclust heatmap pdf runif setTxtProgressBar str
     txtProgressBar
    Consider adding
     importFrom("grDevices", "dev.off", "pdf")
     importFrom("stats", "dist", "hclust", "heatmap", "runif")
     importFrom("utils", "setTxtProgressBar", "str", "txtProgressBar")
    to your NAMESPACE file.
Flavor: r-oldrel-osx-x86_64

Version: 1.3
Check: for missing documentation entries
Result: WARN
    Invalid MIT-MAGIC-COOKIE-1 key
    All user-level objects in a package should have documentation entries.
    See chapter ‘Writing R documentation files’ in the ‘Writing R
    Extensions’ manual.
Flavor: r-oldrel-osx-x86_64

Version: 1.3
Check: for code/documentation mismatches
Result: WARN
    Invalid MIT-MAGIC-COOKIE-1 key
    Invalid MIT-MAGIC-COOKIE-1 key
    Invalid MIT-MAGIC-COOKIE-1 key
Flavor: r-oldrel-osx-x86_64

Version: 1.3
Check: Rd \usage sections
Result: NOTE
    Invalid MIT-MAGIC-COOKIE-1 key
    The \usage entries for S3 methods should use the \method markup and not
    their full name.
    See chapter ‘Writing R documentation files’ in the ‘Writing R
    Extensions’ manual.
Flavor: r-oldrel-osx-x86_64