CRAN Package Check Results for Package mvc

Last updated on 2018-06-21 21:50:01 CEST.

Flavor Version Tinstall Tcheck Ttotal Status Flags
r-devel-linux-x86_64-debian-clang 1.3 2.45 27.83 30.28 NOTE
r-devel-linux-x86_64-debian-gcc 1.3 1.55 23.24 24.79 NOTE
r-devel-linux-x86_64-fedora-clang 1.3 36.90 NOTE
r-devel-linux-x86_64-fedora-gcc 1.3 34.71 NOTE
r-devel-windows-ix86+x86_64 1.3 8.00 43.00 51.00 NOTE
r-patched-linux-x86_64 1.3 1.96 27.72 29.68 NOTE
r-patched-solaris-x86 1.3 67.20 NOTE
r-release-linux-x86_64 1.3 2.19 27.68 29.87 NOTE
r-release-windows-ix86+x86_64 1.3 5.00 38.00 43.00 NOTE
r-release-osx-x86_64 1.3 ERROR
r-oldrel-windows-ix86+x86_64 1.3 4.00 40.00 44.00 NOTE
r-oldrel-osx-x86_64 1.3 ERROR

Check Details

Version: 1.3
Check: R code for possible problems
Result: NOTE
    conceptIndicesSkm: no visible global function definition for
     ‘txtProgressBar’
    conceptIndicesSkm: no visible global function definition for
     ‘setTxtProgressBar’
    conceptVectorsSkm: no visible global function definition for
     ‘txtProgressBar’
    conceptVectorsSkm: no visible global function definition for
     ‘setTxtProgressBar’
    mvcmb: no visible global function definition for ‘runif’
    mvcmb: no visible global function definition for ‘str’
    mvcsph: no visible global function definition for ‘pdf’
    mvcsph: no visible global function definition for ‘heatmap’
    mvcsph: no visible global function definition for ‘dev.off’
    mvcsph: no visible global function definition for ‘hclust’
    mvcsph: no visible global function definition for ‘dist’
    mvcsph: no visible global function definition for ‘str’
    Undefined global functions or variables:
     dev.off dist hclust heatmap pdf runif setTxtProgressBar str
     txtProgressBar
    Consider adding
     importFrom("grDevices", "dev.off", "pdf")
     importFrom("stats", "dist", "hclust", "heatmap", "runif")
     importFrom("utils", "setTxtProgressBar", "str", "txtProgressBar")
    to your NAMESPACE file.
Flavors: r-devel-linux-x86_64-debian-clang, r-devel-linux-x86_64-debian-gcc, r-devel-linux-x86_64-fedora-clang, r-devel-linux-x86_64-fedora-gcc, r-devel-windows-ix86+x86_64, r-patched-linux-x86_64, r-patched-solaris-x86, r-release-linux-x86_64, r-release-windows-ix86+x86_64, r-oldrel-windows-ix86+x86_64

Version: 1.3
Check: package dependencies
Result: ERROR
    Package required but not available: ‘rattle’
    
    See section ‘The DESCRIPTION file’ in the ‘Writing R Extensions’
    manual.
Flavors: r-release-osx-x86_64, r-oldrel-osx-x86_64