CRAN Package Check Results for Package mvc

Last updated on 2016-02-11 09:50:27.

Flavor Version Tinstall Tcheck Ttotal Status Flags
r-devel-linux-x86_64-debian-gcc 1.3 1.12 15.82 16.94 NOTE
r-devel-linux-x86_64-fedora-clang 1.3 33.58 NOTE
r-devel-linux-x86_64-fedora-gcc 1.3 34.32 NOTE
r-devel-osx-x86_64-clang 1.3 33.89 NOTE
r-devel-windows-ix86+x86_64 1.3 5.00 42.00 47.00 NOTE
r-patched-linux-x86_64 1.3 1.38 19.26 20.64 OK
r-patched-solaris-sparc 1.3 221.90 OK
r-patched-solaris-x86 1.3 59.40 OK
r-release-linux-x86_64 1.3 1.29 19.57 20.85 OK
r-release-osx-x86_64-mavericks 1.3 OK
r-release-windows-ix86+x86_64 1.3 6.00 34.00 40.00 OK
r-oldrel-windows-ix86+x86_64 1.3 9.00 38.00 47.00 OK

Check Details

Version: 1.3
Check: R code for possible problems
Result: NOTE
    conceptIndicesSkm: no visible global function definition for
     ‘txtProgressBar’
    conceptIndicesSkm: no visible global function definition for
     ‘setTxtProgressBar’
    conceptVectorsSkm: no visible global function definition for
     ‘txtProgressBar’
    conceptVectorsSkm: no visible global function definition for
     ‘setTxtProgressBar’
    mvcmb: no visible global function definition for ‘runif’
    mvcmb: no visible global function definition for ‘str’
    mvcsph: no visible global function definition for ‘pdf’
    mvcsph: no visible global function definition for ‘heatmap’
    mvcsph: no visible global function definition for ‘dev.off’
    mvcsph: no visible global function definition for ‘hclust’
    mvcsph: no visible global function definition for ‘dist’
    mvcsph: no visible global function definition for ‘str’
    Undefined global functions or variables:
     dev.off dist hclust heatmap pdf runif setTxtProgressBar str
     txtProgressBar
    Consider adding
     importFrom("grDevices", "dev.off", "pdf")
     importFrom("stats", "dist", "hclust", "heatmap", "runif")
     importFrom("utils", "setTxtProgressBar", "str", "txtProgressBar")
    to your NAMESPACE file.
Flavors: r-devel-linux-x86_64-debian-gcc, r-devel-linux-x86_64-fedora-clang, r-devel-linux-x86_64-fedora-gcc, r-devel-osx-x86_64-clang, r-devel-windows-ix86+x86_64