CRAN Package Check Results for Package mvc

Last updated on 2019-11-21 06:48:01 CET.

Flavor Version Tinstall Tcheck Ttotal Status Flags
r-devel-linux-x86_64-debian-clang 1.3 3.05 25.59 28.64 NOTE
r-devel-linux-x86_64-debian-gcc 1.3 2.65 21.30 23.95 NOTE
r-devel-linux-x86_64-fedora-clang 1.3 34.31 NOTE
r-devel-linux-x86_64-fedora-gcc 1.3 34.31 NOTE
r-devel-windows-ix86+x86_64 1.3 14.00 58.00 72.00 NOTE
r-devel-windows-ix86+x86_64-gcc8 1.3 8.00 35.00 43.00 NOTE
r-patched-linux-x86_64 1.3 2.65 24.95 27.60 NOTE
r-patched-solaris-x86 1.3 61.60 NOTE
r-release-linux-x86_64 1.3 2.59 25.22 27.81 NOTE
r-release-windows-ix86+x86_64 1.3 9.00 54.00 63.00 NOTE
r-release-osx-x86_64 1.3 NOTE
r-oldrel-windows-ix86+x86_64 1.3 3.00 69.00 72.00 NOTE
r-oldrel-osx-x86_64 1.3 NOTE

Check Details

Version: 1.3
Check: R code for possible problems
Result: NOTE
    conceptIndicesSkm: no visible global function definition for
     'txtProgressBar'
    conceptIndicesSkm: no visible global function definition for
     'setTxtProgressBar'
    conceptVectorsSkm: no visible global function definition for
     'txtProgressBar'
    conceptVectorsSkm: no visible global function definition for
     'setTxtProgressBar'
    mvcmb: no visible global function definition for 'runif'
    mvcmb: no visible global function definition for 'str'
    mvcsph: no visible global function definition for 'pdf'
    mvcsph: no visible global function definition for 'heatmap'
    mvcsph: no visible global function definition for 'dev.off'
    mvcsph: no visible global function definition for 'hclust'
    mvcsph: no visible global function definition for 'dist'
    mvcsph: no visible global function definition for 'str'
    Undefined global functions or variables:
     dev.off dist hclust heatmap pdf runif setTxtProgressBar str
     txtProgressBar
    Consider adding
     importFrom("grDevices", "dev.off", "pdf")
     importFrom("stats", "dist", "hclust", "heatmap", "runif")
     importFrom("utils", "setTxtProgressBar", "str", "txtProgressBar")
    to your NAMESPACE file.
Flavors: r-devel-linux-x86_64-debian-clang, r-devel-linux-x86_64-debian-gcc, r-devel-linux-x86_64-fedora-clang, r-devel-linux-x86_64-fedora-gcc, r-devel-windows-ix86+x86_64, r-devel-windows-ix86+x86_64-gcc8, r-patched-linux-x86_64, r-patched-solaris-x86, r-release-linux-x86_64, r-release-windows-ix86+x86_64, r-release-osx-x86_64, r-oldrel-windows-ix86+x86_64, r-oldrel-osx-x86_64