CRAN Package Check Results for Package mvc

Last updated on 2015-08-02 05:47:52.

Flavor Version Tinstall Tcheck Ttotal Status Flags
r-devel-linux-x86_64-debian-clang 1.3 1.28 18.89 20.17 NOTE
r-devel-linux-x86_64-debian-gcc 1.3 1.31 18.45 19.76 NOTE
r-devel-linux-x86_64-fedora-clang 1.3 39.47 NOTE
r-devel-linux-x86_64-fedora-gcc 1.3 37.40 NOTE
r-devel-osx-x86_64-clang 1.3 34.59 OK
r-devel-windows-ix86+x86_64 1.3 5.00 33.00 38.00 NOTE
r-patched-linux-x86_64 1.3 1.32 17.75 19.07 OK
r-patched-solaris-sparc 1.3 234.90 OK
r-patched-solaris-x86 1.3 69.60 OK
r-release-linux-x86_64 1.3 1.30 17.99 19.29 OK
r-release-osx-x86_64-mavericks 1.3 OK
r-release-windows-ix86+x86_64 1.3 7.00 30.00 37.00 OK
r-oldrel-windows-ix86+x86_64 1.3 9.00 35.00 44.00 OK

Check Details

Version: 1.3
Check: R code for possible problems
Result: NOTE
    conceptIndicesSkm: no visible global function definition for
     ‘txtProgressBar’
    conceptIndicesSkm: no visible global function definition for
     ‘setTxtProgressBar’
    conceptVectorsSkm: no visible global function definition for
     ‘txtProgressBar’
    conceptVectorsSkm: no visible global function definition for
     ‘setTxtProgressBar’
    mvcmb: no visible global function definition for ‘runif’
    mvcmb: no visible global function definition for ‘str’
    mvcsph: no visible global function definition for ‘pdf’
    mvcsph: no visible global function definition for ‘heatmap’
    mvcsph: no visible global function definition for ‘dev.off’
    mvcsph: no visible global function definition for ‘hclust’
    mvcsph: no visible global function definition for ‘dist’
    mvcsph: no visible global function definition for ‘str’
    Undefined global functions or variables:
     dev.off dist hclust heatmap pdf runif setTxtProgressBar str
     txtProgressBar
    Consider adding
     importFrom("grDevices", "dev.off", "pdf")
     importFrom("stats", "dist", "hclust", "heatmap", "runif")
     importFrom("utils", "setTxtProgressBar", "str", "txtProgressBar")
    to your NAMESPACE.
Flavors: r-devel-linux-x86_64-debian-clang, r-devel-linux-x86_64-debian-gcc, r-devel-linux-x86_64-fedora-clang, r-devel-linux-x86_64-fedora-gcc, r-devel-windows-ix86+x86_64