CRAN Package Check Results for Package mvc

Last updated on 2015-04-21 12:48:48.

Flavor Version Tinstall Tcheck Ttotal Status Flags
r-devel-linux-x86_64-debian-clang 1.3 0.69 12.12 12.81 OK
r-devel-linux-x86_64-debian-gcc 1.3 0.68 11.20 11.88 OK
r-devel-linux-x86_64-fedora-clang 1.3 24.48 OK
r-devel-linux-x86_64-fedora-gcc 1.3 21.86 OK
r-devel-osx-x86_64-clang 1.3 26.29 OK
r-devel-windows-ix86+x86_64 1.3 5.00 25.00 30.00 OK
r-patched-linux-x86_64 1.3 0.68 11.25 11.93 OK
r-patched-solaris-sparc 1.3 156.30 OK
r-patched-solaris-x86 1.3 31.90 OK
r-release-linux-x86_64 1.3 0.67 12.10 12.78 OK
r-release-osx-x86_64-mavericks 1.3 OK
r-release-osx-x86_64-snowleopard 1.3 ERROR
r-release-windows-ix86+x86_64 1.3 2.00 16.00 18.00 OK
r-oldrel-windows-ix86+x86_64 1.3 2.00 21.00 23.00 OK

Check Details

Version: 1.3
Check: package dependencies
Result: ERROR
    Package required but not available: ‘rattle’
    
    See section ‘The DESCRIPTION file’ in the ‘Writing R Extensions’
    manual.
Flavor: r-release-osx-x86_64-snowleopard