CRAN Package Check Results for Package mvc

Last updated on 2015-07-06 14:48:44.

Flavor Version Tinstall Tcheck Ttotal Status Flags
r-devel-linux-x86_64-debian-clang 1.3 0.70 11.32 12.02 NOTE
r-devel-linux-x86_64-debian-gcc 1.3 0.64 11.08 11.72 NOTE
r-devel-linux-x86_64-fedora-clang 1.3 22.92 NOTE
r-devel-linux-x86_64-fedora-gcc 1.3 21.04 NOTE
r-devel-osx-x86_64-clang 1.3 22.63 OK
r-devel-windows-ix86+x86_64 1.3 5.00 20.00 25.00 NOTE
r-patched-linux-x86_64 1.3 0.67 12.17 12.84 OK
r-patched-solaris-sparc 1.3 152.30 OK
r-patched-solaris-x86 1.3 34.60 OK
r-release-linux-x86_64 1.3 0.73 11.89 12.62 OK
r-release-osx-x86_64-mavericks 1.3 OK
r-release-windows-ix86+x86_64 1.3 5.00 20.00 25.00 OK
r-oldrel-windows-ix86+x86_64 1.3 5.00 21.00 26.00 OK

Check Details

Version: 1.3
Check: R code for possible problems
Result: NOTE
    conceptIndicesSkm: no visible global function definition for
     ‘txtProgressBar’
    conceptIndicesSkm: no visible global function definition for
     ‘setTxtProgressBar’
    conceptVectorsSkm: no visible global function definition for
     ‘txtProgressBar’
    conceptVectorsSkm: no visible global function definition for
     ‘setTxtProgressBar’
    mvcmb: no visible global function definition for ‘runif’
    mvcmb: no visible global function definition for ‘str’
    mvcsph: no visible global function definition for ‘pdf’
    mvcsph: no visible global function definition for ‘heatmap’
    mvcsph: no visible global function definition for ‘dev.off’
    mvcsph: no visible global function definition for ‘hclust’
    mvcsph: no visible global function definition for ‘dist’
    mvcsph: no visible global function definition for ‘str’
    Undefined global functions or variables:
     dev.off dist hclust heatmap pdf runif setTxtProgressBar str
     txtProgressBar
Flavors: r-devel-linux-x86_64-debian-clang, r-devel-linux-x86_64-debian-gcc, r-devel-linux-x86_64-fedora-clang, r-devel-linux-x86_64-fedora-gcc, r-devel-windows-ix86+x86_64