CRAN Package Check Results for Package mvc

Last updated on 2015-05-27 19:47:14.

Flavor Version Tinstall Tcheck Ttotal Status Flags
r-devel-linux-x86_64-debian-clang 1.3 0.69 11.90 12.59 OK
r-devel-linux-x86_64-debian-gcc 1.3 0.68 11.65 12.33 OK
r-devel-linux-x86_64-fedora-clang 1.3 24.93 OK
r-devel-linux-x86_64-fedora-gcc 1.3 23.21 OK
r-devel-osx-x86_64-clang 1.3 26.07 OK
r-devel-windows-ix86+x86_64 1.3 4.00 19.00 23.00 OK
r-patched-linux-x86_64 1.3 0.69 11.79 12.48 OK
r-patched-solaris-sparc 1.3 152.30 OK
r-patched-solaris-x86 1.3 34.80 OK
r-release-linux-x86_64 1.3 0.82 12.00 12.82 OK
r-release-osx-x86_64-mavericks 1.3 OK
r-release-osx-x86_64-snowleopard 1.3 ERROR
r-release-windows-ix86+x86_64 1.3 3.00 20.00 23.00 OK
r-oldrel-windows-ix86+x86_64 1.3 4.00 24.00 28.00 OK

Check Details

Version: 1.3
Check: package dependencies
Result: ERROR
    Package required but not available: ‘rattle’
    
    See section ‘The DESCRIPTION file’ in the ‘Writing R Extensions’
    manual.
Flavor: r-release-osx-x86_64-snowleopard