CRAN Package Check Results for Package mvc

Last updated on 2015-09-05 17:48:05.

Flavor Version Tinstall Tcheck Ttotal Status Flags
r-devel-linux-x86_64-debian-clang 1.3 1.19 16.71 17.90 NOTE
r-devel-linux-x86_64-debian-gcc 1.3 1.24 16.94 18.19 NOTE
r-devel-linux-x86_64-fedora-clang 1.3 35.85 NOTE
r-devel-linux-x86_64-fedora-gcc 1.3 34.92 NOTE
r-devel-osx-x86_64-clang 1.3 31.43 OK
r-devel-windows-ix86+x86_64 1.3 8.00 30.00 38.00 NOTE
r-patched-linux-x86_64 1.3 1.52 18.24 19.76 OK
r-patched-solaris-sparc 1.3 234.90 OK
r-patched-solaris-x86 1.3 72.80 OK
r-release-linux-x86_64 1.3 1.30 18.87 20.17 OK
r-release-osx-x86_64-mavericks 1.3 OK
r-release-windows-ix86+x86_64 1.3 7.00 31.00 38.00 OK
r-oldrel-windows-ix86+x86_64 1.3 9.00 35.00 44.00 OK

Check Details

Version: 1.3
Check: R code for possible problems
Result: NOTE
    conceptIndicesSkm: no visible global function definition for
     ‘txtProgressBar’
    conceptIndicesSkm: no visible global function definition for
     ‘setTxtProgressBar’
    conceptVectorsSkm: no visible global function definition for
     ‘txtProgressBar’
    conceptVectorsSkm: no visible global function definition for
     ‘setTxtProgressBar’
    mvcmb: no visible global function definition for ‘runif’
    mvcmb: no visible global function definition for ‘str’
    mvcsph: no visible global function definition for ‘pdf’
    mvcsph: no visible global function definition for ‘heatmap’
    mvcsph: no visible global function definition for ‘dev.off’
    mvcsph: no visible global function definition for ‘hclust’
    mvcsph: no visible global function definition for ‘dist’
    mvcsph: no visible global function definition for ‘str’
    Undefined global functions or variables:
     dev.off dist hclust heatmap pdf runif setTxtProgressBar str
     txtProgressBar
    Consider adding
     importFrom("grDevices", "dev.off", "pdf")
     importFrom("stats", "dist", "hclust", "heatmap", "runif")
     importFrom("utils", "setTxtProgressBar", "str", "txtProgressBar")
    to your NAMESPACE.
Flavors: r-devel-linux-x86_64-debian-clang, r-devel-linux-x86_64-debian-gcc, r-devel-linux-x86_64-fedora-clang, r-devel-linux-x86_64-fedora-gcc, r-devel-windows-ix86+x86_64