CRAN Package Check Results for Package mvcwt

Last updated on 2016-06-26 00:47:12.

Flavor Version Tinstall Tcheck Ttotal Status Flags
r-devel-linux-x86_64-debian-gcc 1.3 0.95 10.45 11.39 NOTE
r-devel-linux-x86_64-fedora-clang 1.3 16.85 NOTE
r-devel-linux-x86_64-fedora-gcc 1.3 15.55 NOTE
r-devel-osx-x86_64-clang 1.3 15.67 NOTE
r-devel-windows-ix86+x86_64 1.3 3.00 32.00 35.00 NOTE
r-patched-linux-x86_64 1.3 0.76 10.38 11.15 NOTE
r-patched-solaris-sparc 1.3 107.70 NOTE
r-patched-solaris-x86 1.3 28.50 NOTE
r-release-linux-x86_64 1.3 0.57 10.04 10.61 NOTE
r-release-osx-x86_64-mavericks 1.3 NOTE
r-release-windows-ix86+x86_64 1.3 5.00 25.00 30.00 NOTE
r-oldrel-windows-ix86+x86_64 1.3 4.00 29.00 33.00 OK

Check Details

Version: 1.3
Check: S3 generic/method consistency
Result: NOTE
    Found the following apparent S3 methods exported but not registered:
     contour.mvcwt image.mvcwt plot.mvcwt
    See section ‘Registering S3 methods’ in the ‘Writing R Extensions’
    manual.
Flavors: r-devel-linux-x86_64-debian-gcc, r-devel-linux-x86_64-fedora-clang, r-devel-linux-x86_64-fedora-gcc, r-devel-osx-x86_64-clang, r-patched-linux-x86_64, r-patched-solaris-sparc, r-patched-solaris-x86, r-release-linux-x86_64

Version: 1.3
Check: R code for possible problems
Result: NOTE
    contour.mvcwt: no visible global function definition for ‘par’
    get.min.scale: no visible global function definition for ‘median’
    image.mvcwt: no visible global function definition for ‘par’
    plot.mvcwt: no visible global function definition for ‘par’
    print.mvcwt: no visible global function definition for ‘str’
    Undefined global functions or variables:
     median par str
    Consider adding
     importFrom("graphics", "par")
     importFrom("stats", "median")
     importFrom("utils", "str")
    to your NAMESPACE file.
Flavors: r-devel-linux-x86_64-debian-gcc, r-devel-linux-x86_64-fedora-clang, r-devel-linux-x86_64-fedora-gcc, r-devel-osx-x86_64-clang, r-devel-windows-ix86+x86_64, r-patched-linux-x86_64, r-patched-solaris-sparc, r-patched-solaris-x86, r-release-linux-x86_64, r-release-osx-x86_64-mavericks, r-release-windows-ix86+x86_64