CRAN Package Check Results for Package mvcwt

Last updated on 2015-08-28 12:48:01.

Flavor Version Tinstall Tcheck Ttotal Status Flags
r-devel-linux-x86_64-debian-clang 1.3 0.64 8.90 9.54 NOTE
r-devel-linux-x86_64-debian-gcc 1.3 0.55 8.85 9.40 NOTE
r-devel-linux-x86_64-fedora-clang 1.3 18.23 NOTE
r-devel-linux-x86_64-fedora-gcc 1.3 16.92 NOTE
r-devel-osx-x86_64-clang 1.3 18.68 NOTE
r-devel-windows-ix86+x86_64 1.3 5.00 21.00 26.00 NOTE
r-patched-linux-x86_64 1.3 0.60 9.58 10.18 NOTE
r-patched-solaris-sparc 1.3 125.10 NOTE
r-patched-solaris-x86 1.3 30.00 NOTE
r-release-linux-x86_64 1.3 0.59 9.41 10.00 NOTE
r-release-osx-x86_64-mavericks 1.3 OK
r-release-windows-ix86+x86_64 1.3 3.00 19.00 22.00 OK
r-oldrel-windows-ix86+x86_64 1.3 6.00 25.00 31.00 OK

Check Details

Version: 1.3
Check: S3 generic/method consistency
Result: NOTE
    Found the following apparent S3 methods exported but not registered:
     contour.mvcwt image.mvcwt plot.mvcwt
    See section ‘Registering S3 methods’ in the ‘Writing R Extensions’
    manual.
Flavors: r-devel-linux-x86_64-debian-clang, r-devel-linux-x86_64-debian-gcc, r-devel-linux-x86_64-fedora-clang, r-devel-linux-x86_64-fedora-gcc, r-devel-osx-x86_64-clang, r-patched-linux-x86_64, r-patched-solaris-sparc, r-patched-solaris-x86, r-release-linux-x86_64

Version: 1.3
Check: R code for possible problems
Result: NOTE
    contour.mvcwt: no visible global function definition for ‘par’
    get.min.scale: no visible global function definition for ‘median’
    image.mvcwt: no visible global function definition for ‘par’
    plot.mvcwt: no visible global function definition for ‘par’
    print.mvcwt: no visible global function definition for ‘str’
    Undefined global functions or variables:
     median par str
    Consider adding
     importFrom("graphics", "par")
     importFrom("stats", "median")
     importFrom("utils", "str")
    to your NAMESPACE.
Flavors: r-devel-linux-x86_64-debian-clang, r-devel-linux-x86_64-debian-gcc, r-devel-linux-x86_64-fedora-clang, r-devel-linux-x86_64-fedora-gcc, r-devel-windows-ix86+x86_64