CRAN Package Check Results for Package mvcwt

Last updated on 2015-04-26 16:47:08.

Flavor Version Tinstall Tcheck Ttotal Status Flags
r-devel-linux-x86_64-debian-clang 1.3 0.59 9.32 9.91 NOTE
r-devel-linux-x86_64-debian-gcc 1.3 0.59 9.27 9.86 NOTE
r-devel-linux-x86_64-fedora-clang 1.3 19.63 NOTE
r-devel-linux-x86_64-fedora-gcc 1.3 18.37 NOTE
r-devel-osx-x86_64-clang 1.3 22.72 NOTE
r-devel-windows-ix86+x86_64 1.3 2.00 16.00 18.00 OK
r-patched-linux-x86_64 1.3 0.60 9.16 9.76 NOTE
r-patched-solaris-sparc 1.3 127.80 OK
r-patched-solaris-x86 1.3 27.90 NOTE
r-release-linux-x86_64 1.3 0.58 10.09 10.67 NOTE
r-release-osx-x86_64-mavericks 1.3 OK
r-release-osx-x86_64-snowleopard 1.3 OK
r-release-windows-ix86+x86_64 1.3 2.00 19.00 21.00 OK
r-oldrel-windows-ix86+x86_64 1.3 2.00 25.00 27.00 OK

Check Details

Version: 1.3
Check: S3 generic/method consistency
Result: NOTE
    Found the following apparent S3 methods exported but not registered:
     contour.mvcwt image.mvcwt plot.mvcwt
    See section ‘Registering S3 methods’ in the ‘Writing R Extensions’
    manual.
Flavors: r-devel-linux-x86_64-fedora-clang, r-devel-linux-x86_64-fedora-gcc, r-devel-osx-x86_64-clang, r-patched-solaris-x86