CRAN Package Check Results for Package mvcwt

Last updated on 2015-07-27 23:48:05.

Flavor Version Tinstall Tcheck Ttotal Status Flags
r-devel-linux-x86_64-debian-clang 1.3 0.66 9.14 9.80 NOTE
r-devel-linux-x86_64-debian-gcc 1.3 0.56 9.40 9.96 NOTE
r-devel-linux-x86_64-fedora-clang 1.3 19.67 NOTE
r-devel-linux-x86_64-fedora-gcc 1.3 18.27 NOTE
r-devel-osx-x86_64-clang 1.3 17.74 NOTE
r-devel-windows-ix86+x86_64 1.3 2.00 30.00 32.00 NOTE
r-patched-linux-x86_64 1.3 0.58 8.92 9.50 NOTE
r-patched-solaris-sparc 1.3 125.10 NOTE
r-patched-solaris-x86 1.3 30.00 NOTE
r-release-linux-x86_64 1.3 0.58 9.15 9.73 NOTE
r-release-osx-x86_64-mavericks 1.3 OK
r-release-windows-ix86+x86_64 1.3 4.00 26.00 30.00 OK
r-oldrel-windows-ix86+x86_64 1.3 5.00 23.00 28.00 OK

Check Details

Version: 1.3
Check: S3 generic/method consistency
Result: NOTE
    Found the following apparent S3 methods exported but not registered:
     contour.mvcwt image.mvcwt plot.mvcwt
    See section ‘Registering S3 methods’ in the ‘Writing R Extensions’
    manual.
Flavors: r-devel-linux-x86_64-debian-clang, r-devel-linux-x86_64-debian-gcc, r-devel-linux-x86_64-fedora-clang, r-devel-linux-x86_64-fedora-gcc, r-devel-osx-x86_64-clang, r-patched-linux-x86_64, r-patched-solaris-sparc, r-patched-solaris-x86, r-release-linux-x86_64

Version: 1.3
Check: R code for possible problems
Result: NOTE
    contour.mvcwt: no visible global function definition for ‘par’
    get.min.scale: no visible global function definition for ‘median’
    image.mvcwt: no visible global function definition for ‘par’
    plot.mvcwt: no visible global function definition for ‘par’
    print.mvcwt: no visible global function definition for ‘str’
    Undefined global functions or variables:
     median par str
    Consider adding
     importFrom("graphics", "par")
     importFrom("stats", "median")
     importFrom("utils", "str")
    to your NAMESPACE.
Flavors: r-devel-linux-x86_64-debian-clang, r-devel-linux-x86_64-debian-gcc, r-devel-linux-x86_64-fedora-clang, r-devel-linux-x86_64-fedora-gcc, r-devel-windows-ix86+x86_64