CRAN Package Check Results for Package mvcwt

Last updated on 2015-02-01 20:48:40.

Flavor Version Tinstall Tcheck Ttotal Status Flags
r-devel-linux-x86_64-debian-clang 1.3 0.61 9.53 10.14 NOTE
r-devel-linux-x86_64-debian-gcc 1.3 0.64 8.94 9.58 NOTE
r-devel-linux-x86_64-fedora-clang 1.3 18.82 NOTE
r-devel-linux-x86_64-fedora-gcc 1.3 19.09 NOTE
r-devel-osx-x86_64-clang 1.3 28.53 NOTE
r-devel-windows-ix86+x86_64 1.3 4.00 18.00 22.00 OK
r-patched-linux-x86_64 1.3 0.74 11.17 11.92 OK
r-patched-solaris-sparc 1.3 134.10 OK
r-patched-solaris-x86 1.3 33.60 OK
r-release-linux-ix86 1.3 1.04 17.39 18.43 OK
r-release-linux-x86_64 1.3 0.74 11.31 12.06 OK
r-release-osx-x86_64-mavericks 1.3 OK
r-release-osx-x86_64-snowleopard 1.3 OK
r-release-windows-ix86+x86_64 1.3 4.00 23.00 27.00 OK
r-oldrel-windows-ix86+x86_64 1.3 3.00 24.00 27.00 OK

Check Details

Version: 1.3
Check: S3 generic/method consistency
Result: NOTE
    Found the following apparent S3 methods exported but not registered:
     contour.mvcwt image.mvcwt plot.mvcwt
    See section ‘Registering S3 methods’ in the ‘Writing R Extensions’
    manual.
Flavors: r-devel-linux-x86_64-debian-clang, r-devel-linux-x86_64-debian-gcc, r-devel-linux-x86_64-fedora-clang, r-devel-linux-x86_64-fedora-gcc, r-devel-osx-x86_64-clang