CRAN Package Check Results for Package mvcwt

Last updated on 2014-04-24 11:48:50.

Flavor Version Tinstall Tcheck Ttotal Status Flags
r-devel-linux-x86_64-debian-clang 1.2 0.71 11.48 12.19 NOTE
r-devel-linux-x86_64-debian-gcc 1.2 0.71 11.48 12.19 NOTE
r-devel-linux-x86_64-fedora-clang 1.2 23.39 NOTE
r-devel-linux-x86_64-fedora-gcc 1.2 22.13 NOTE
r-devel-osx-x86_64-clang 1.2 29.14 NOTE
r-devel-osx-x86_64-gcc 1.2 NOTE
r-devel-windows-ix86+x86_64 1.2 3.00 20.00 23.00 NOTE
r-patched-linux-x86_64 1.2 0.74 11.51 12.25 NOTE
r-patched-solaris-sparc 1.2 136.20 NOTE
r-patched-solaris-x86 1.2 35.00 NOTE
r-release-linux-ix86 1.2 1.00 25.00 26.00 NOTE
r-release-linux-x86_64 1.2 0.70 11.59 12.28 NOTE
r-release-osx-x86_64-mavericks 1.2 NOTE
r-release-osx-x86_64-snowleopard 1.2 OK
r-release-windows-ix86+x86_64 1.2 3.00 19.00 22.00 NOTE
r-oldrel-windows-ix86+x86_64 1.2 3.00 20.00 23.00 NOTE

Check Details

Version: 1.2
Check: dependencies in R code
Result: NOTE
    Packages in Depends field not imported from:
     ‘RColorBrewer’ ‘foreach’
     These packages need to be imported from (in the NAMESPACE file)
     for when this namespace is loaded but not attached.
    See the information on DESCRIPTION files in the chapter ‘Creating R
    packages’ of the ‘Writing R Extensions’ manual.
Flavors: r-devel-linux-x86_64-debian-clang, r-devel-linux-x86_64-debian-gcc, r-devel-linux-x86_64-fedora-clang, r-devel-linux-x86_64-fedora-gcc, r-devel-osx-x86_64-clang, r-devel-osx-x86_64-gcc, r-devel-windows-ix86+x86_64, r-patched-linux-x86_64, r-patched-solaris-sparc, r-patched-solaris-x86, r-release-linux-ix86, r-release-linux-x86_64, r-release-osx-x86_64-mavericks, r-release-windows-ix86+x86_64, r-oldrel-windows-ix86+x86_64