CRAN Package Check Results for Package mvcwt

Last updated on 2017-10-20 00:52:47.

Flavor Version Tinstall Tcheck Ttotal Status Flags
r-devel-linux-x86_64-debian-clang 1.3 0.60 11.67 12.27 NOTE
r-devel-linux-x86_64-debian-gcc 1.3 0.76 12.53 13.28 NOTE
r-devel-linux-x86_64-fedora-clang 1.3 20.36 NOTE
r-devel-linux-x86_64-fedora-gcc 1.3 19.77 NOTE
r-devel-windows-ix86+x86_64 1.3 3.00 28.00 31.00 NOTE
r-patched-linux-x86_64 1.3 0.64 11.87 12.51 NOTE
r-patched-solaris-x86 1.3 31.20 NOTE
r-release-linux-x86_64 1.3 0.69 11.89 12.59 NOTE
r-release-windows-ix86+x86_64 1.3 3.00 25.00 28.00 NOTE
r-release-osx-x86_64 1.3 NOTE
r-oldrel-windows-ix86+x86_64 1.3 3.00 32.00 35.00 NOTE
r-oldrel-osx-x86_64 1.3 NOTE

Check Details

Version: 1.3
Check: S3 generic/method consistency
Result: NOTE
    Found the following apparent S3 methods exported but not registered:
     contour.mvcwt image.mvcwt plot.mvcwt
    See section ‘Registering S3 methods’ in the ‘Writing R Extensions’
    manual.
Flavors: r-devel-linux-x86_64-debian-clang, r-devel-linux-x86_64-debian-gcc, r-devel-linux-x86_64-fedora-clang, r-devel-linux-x86_64-fedora-gcc, r-patched-linux-x86_64, r-patched-solaris-x86, r-release-linux-x86_64

Version: 1.3
Check: R code for possible problems
Result: NOTE
    contour.mvcwt: no visible global function definition for ‘par’
    get.min.scale: no visible global function definition for ‘median’
    image.mvcwt: no visible global function definition for ‘par’
    plot.mvcwt: no visible global function definition for ‘par’
    print.mvcwt: no visible global function definition for ‘str’
    Undefined global functions or variables:
     median par str
    Consider adding
     importFrom("graphics", "par")
     importFrom("stats", "median")
     importFrom("utils", "str")
    to your NAMESPACE file.
Flavors: r-devel-linux-x86_64-debian-clang, r-devel-linux-x86_64-debian-gcc, r-devel-linux-x86_64-fedora-clang, r-devel-linux-x86_64-fedora-gcc, r-devel-windows-ix86+x86_64, r-patched-linux-x86_64, r-patched-solaris-x86, r-release-linux-x86_64, r-release-windows-ix86+x86_64, r-release-osx-x86_64, r-oldrel-windows-ix86+x86_64, r-oldrel-osx-x86_64