CRAN Package Check Results for Package mvcwt

Last updated on 2016-05-05 16:48:21.

Flavor Version Tinstall Tcheck Ttotal Status Flags
r-devel-linux-x86_64-debian-gcc 1.3 0.60 9.60 10.20 NOTE
r-devel-linux-x86_64-fedora-clang 1.3 17.25 NOTE
r-devel-linux-x86_64-fedora-gcc 1.3 15.57 NOTE
r-devel-osx-x86_64-clang 1.3 20.22 NOTE
r-devel-windows-ix86+x86_64 1.3 3.00 25.00 28.00 NOTE
r-patched-linux-x86_64 1.3 0.64 9.33 9.97 NOTE
r-patched-solaris-sparc 1.3 106.00 NOTE
r-patched-solaris-x86 1.3 28.00 NOTE
r-release-linux-x86_64 1.3 0.70 9.20 9.90 NOTE
r-release-osx-x86_64-mavericks 1.3 OK
r-release-windows-ix86+x86_64 1.3 3.00 25.00 28.00 NOTE
r-oldrel-windows-ix86+x86_64 1.3 4.00 24.00 28.00 OK

Check Details

Version: 1.3
Check: S3 generic/method consistency
Result: NOTE
    Found the following apparent S3 methods exported but not registered:
     contour.mvcwt image.mvcwt plot.mvcwt
    See section ‘Registering S3 methods’ in the ‘Writing R Extensions’
    manual.
Flavors: r-devel-linux-x86_64-debian-gcc, r-devel-linux-x86_64-fedora-clang, r-devel-linux-x86_64-fedora-gcc, r-devel-osx-x86_64-clang, r-patched-linux-x86_64, r-patched-solaris-sparc, r-patched-solaris-x86, r-release-linux-x86_64

Version: 1.3
Check: R code for possible problems
Result: NOTE
    contour.mvcwt: no visible global function definition for ‘par’
    get.min.scale: no visible global function definition for ‘median’
    image.mvcwt: no visible global function definition for ‘par’
    plot.mvcwt: no visible global function definition for ‘par’
    print.mvcwt: no visible global function definition for ‘str’
    Undefined global functions or variables:
     median par str
    Consider adding
     importFrom("graphics", "par")
     importFrom("stats", "median")
     importFrom("utils", "str")
    to your NAMESPACE file.
Flavors: r-devel-linux-x86_64-debian-gcc, r-devel-linux-x86_64-fedora-clang, r-devel-linux-x86_64-fedora-gcc, r-devel-osx-x86_64-clang, r-devel-windows-ix86+x86_64, r-patched-linux-x86_64, r-patched-solaris-sparc, r-patched-solaris-x86, r-release-linux-x86_64, r-release-windows-ix86+x86_64