CRAN Package Check Results for Package mvcwt

Last updated on 2015-03-31 03:48:35.

Flavor Version Tinstall Tcheck Ttotal Status Flags
r-devel-linux-x86_64-debian-clang 1.3 0.60 9.47 10.06 NOTE
r-devel-linux-x86_64-debian-gcc 1.3 0.58 9.12 9.70 NOTE
r-devel-linux-x86_64-fedora-clang 1.3 19.02 NOTE
r-devel-linux-x86_64-fedora-gcc 1.3 19.92 NOTE
r-devel-osx-x86_64-clang 1.3 26.26 NOTE
r-prerel-windows-ix86+x86_64 1.3 3.00 16.00 19.00 OK
r-prerel-linux-x86_64 1.3 2.59 9.22 11.81 NOTE
r-prerel-solaris-sparc 1.3 127.80 OK
r-prerel-solaris-x86 1.3 27.40 OK
r-release-linux-x86_64 1.3 0.76 11.70 12.46 OK
r-release-osx-x86_64-mavericks 1.3 OK
r-release-osx-x86_64-snowleopard 1.3 OK
r-release-windows-ix86+x86_64 1.3 3.00 20.00 23.00 OK
r-oldrel-windows-ix86+x86_64 1.3 3.00 35.00 38.00 OK

Check Details

Version: 1.3
Check: S3 generic/method consistency
Result: NOTE
    Found the following apparent S3 methods exported but not registered:
     contour.mvcwt image.mvcwt plot.mvcwt
    See section ‘Registering S3 methods’ in the ‘Writing R Extensions’
    manual.
Flavors: r-devel-linux-x86_64-debian-clang, r-devel-linux-x86_64-debian-gcc, r-devel-linux-x86_64-fedora-clang, r-devel-linux-x86_64-fedora-gcc, r-devel-osx-x86_64-clang, r-prerel-linux-x86_64