CRAN Package Check Results for Package mvcwt

Last updated on 2017-01-18 16:47:48.

Flavor Version Tinstall Tcheck Ttotal Status Flags
r-devel-linux-x86_64-debian-clang 1.3 0.62 11.49 12.11 NOTE
r-devel-linux-x86_64-debian-gcc 1.3 0.63 11.34 11.97 NOTE
r-devel-linux-x86_64-fedora-clang 1.3 19.36 NOTE --no-stop-on-test-error
r-devel-linux-x86_64-fedora-gcc 1.3 18.44 NOTE --no-stop-on-test-error
r-devel-macos-x86_64-clang 1.3 17.72 NOTE --no-stop-on-test-error
r-devel-windows-ix86+x86_64 1.3 6.00 25.00 31.00 NOTE
r-patched-linux-x86_64 1.3 0.58 9.55 10.13 NOTE
r-patched-solaris-sparc 1.3 110.50 NOTE
r-patched-solaris-x86 1.3 27.00 NOTE
r-release-linux-x86_64 1.3 0.60 9.64 10.24 NOTE
r-release-osx-x86_64-mavericks 1.3 NOTE
r-release-windows-ix86+x86_64 1.3 3.00 32.00 35.00 NOTE
r-oldrel-windows-ix86+x86_64 1.3 3.00 30.00 33.00 OK

Check Details

Version: 1.3
Check: S3 generic/method consistency
Result: NOTE
    Found the following apparent S3 methods exported but not registered:
     contour.mvcwt image.mvcwt plot.mvcwt
    See section ‘Registering S3 methods’ in the ‘Writing R Extensions’
    manual.
Flavors: r-devel-linux-x86_64-debian-clang, r-devel-linux-x86_64-debian-gcc, r-patched-linux-x86_64, r-patched-solaris-sparc, r-patched-solaris-x86, r-release-linux-x86_64

Version: 1.3
Check: R code for possible problems
Result: NOTE
    contour.mvcwt: no visible global function definition for ‘par’
    get.min.scale: no visible global function definition for ‘median’
    image.mvcwt: no visible global function definition for ‘par’
    plot.mvcwt: no visible global function definition for ‘par’
    print.mvcwt: no visible global function definition for ‘str’
    Undefined global functions or variables:
     median par str
    Consider adding
     importFrom("graphics", "par")
     importFrom("stats", "median")
     importFrom("utils", "str")
    to your NAMESPACE file.
Flavors: r-devel-linux-x86_64-debian-clang, r-devel-linux-x86_64-debian-gcc, r-devel-windows-ix86+x86_64, r-patched-linux-x86_64, r-patched-solaris-sparc, r-patched-solaris-x86, r-release-linux-x86_64, r-release-osx-x86_64-mavericks, r-release-windows-ix86+x86_64

Version: 1.3
Flags: --no-stop-on-test-error
Check: S3 generic/method consistency
Result: NOTE
    Found the following apparent S3 methods exported but not registered:
     contour.mvcwt image.mvcwt plot.mvcwt
    See section ‘Registering S3 methods’ in the ‘Writing R Extensions’
    manual.
Flavors: r-devel-linux-x86_64-fedora-clang, r-devel-linux-x86_64-fedora-gcc, r-devel-macos-x86_64-clang

Version: 1.3
Flags: --no-stop-on-test-error
Check: R code for possible problems
Result: NOTE
    contour.mvcwt: no visible global function definition for ‘par’
    get.min.scale: no visible global function definition for ‘median’
    image.mvcwt: no visible global function definition for ‘par’
    plot.mvcwt: no visible global function definition for ‘par’
    print.mvcwt: no visible global function definition for ‘str’
    Undefined global functions or variables:
     median par str
    Consider adding
     importFrom("graphics", "par")
     importFrom("stats", "median")
     importFrom("utils", "str")
    to your NAMESPACE file.
Flavors: r-devel-linux-x86_64-fedora-clang, r-devel-linux-x86_64-fedora-gcc, r-devel-macos-x86_64-clang