CRAN Package Check Results for Package mvcwt

Last updated on 2015-05-30 03:48:50.

Flavor Version Tinstall Tcheck Ttotal Status Flags
r-devel-linux-x86_64-debian-clang 1.3 0.69 9.28 9.97 NOTE
r-devel-linux-x86_64-debian-gcc 1.3 0.62 9.88 10.50 NOTE
r-devel-linux-x86_64-fedora-clang 1.3 19.93 NOTE
r-devel-linux-x86_64-fedora-gcc 1.3 19.27 NOTE
r-devel-osx-x86_64-clang 1.3 22.48 NOTE
r-devel-windows-ix86+x86_64 1.3 2.00 17.00 19.00 OK
r-patched-linux-x86_64 1.3 0.59 9.36 9.95 NOTE
r-patched-solaris-sparc 1.3 122.20 NOTE
r-patched-solaris-x86 1.3 29.30 NOTE
r-release-linux-x86_64 1.3 0.64 9.19 9.83 NOTE
r-release-osx-x86_64-mavericks 1.3 OK
r-release-osx-x86_64-snowleopard 1.3 OK
r-release-windows-ix86+x86_64 1.3 3.00 17.00 20.00 OK
r-oldrel-windows-ix86+x86_64 1.3 3.00 36.00 39.00 OK

Check Details

Version: 1.3
Check: S3 generic/method consistency
Result: NOTE
    Found the following apparent S3 methods exported but not registered:
     contour.mvcwt image.mvcwt plot.mvcwt
    See section ‘Registering S3 methods’ in the ‘Writing R Extensions’
    manual.
Flavors: r-devel-linux-x86_64-debian-clang, r-devel-linux-x86_64-debian-gcc, r-devel-linux-x86_64-fedora-clang, r-devel-linux-x86_64-fedora-gcc, r-devel-osx-x86_64-clang, r-patched-linux-x86_64, r-patched-solaris-sparc, r-patched-solaris-x86, r-release-linux-x86_64