CRAN Package Check Results for Package mvhist

Last updated on 2024-07-17 23:53:20 CEST.

Flavor Version Tinstall Tcheck Ttotal Status Flags
r-devel-linux-x86_64-debian-clang 1.1 5.42 44.03 49.45 OK
r-devel-linux-x86_64-debian-gcc 1.1 4.09 33.61 37.70 OK
r-devel-linux-x86_64-fedora-clang 1.1 58.79 OK
r-devel-linux-x86_64-fedora-gcc 1.1 56.27 OK
r-devel-windows-x86_64 1.1 5.00 53.00 58.00 NOTE
r-patched-linux-x86_64 1.1 9.41 40.94 50.35 OK
r-release-linux-x86_64 1.1 5.27 41.21 46.48 OK
r-release-macos-arm64 1.1 23.00 OK
r-release-macos-x86_64 1.1 32.00 OK
r-release-windows-x86_64 1.1 7.00 54.00 61.00 OK
r-oldrel-macos-arm64 1.1 115.00 OK
r-oldrel-macos-x86_64 1.1 51.00 OK
r-oldrel-windows-x86_64 1.1 7.00 60.00 67.00 OK

Check Details

Version: 1.1
Check: Rd cross-references
Result: NOTE Found the following Rd file(s) with Rd \link{} targets missing package anchors: mvhist.Rd: mvmesh, SolidRectangle, mvhist, V2Hrep mvhistMisc.Rd: V2Hrep Please provide package anchors for all Rd \link{} targets not in the package itself and the base packages. Flavor: r-devel-windows-x86_64