CRAN Package Check Results for Package mvinfluence

Last updated on 2015-07-06 06:46:50.

Flavor Version Tinstall Tcheck Ttotal Status Flags
r-devel-linux-x86_64-debian-clang 0.6 3.72 34.38 38.11 NOTE
r-devel-linux-x86_64-debian-gcc 0.6 3.62 33.45 37.07 NOTE
r-devel-linux-x86_64-fedora-clang 0.6 78.26 NOTE
r-devel-linux-x86_64-fedora-gcc 0.6 75.52 NOTE
r-devel-osx-x86_64-clang 0.6 64.92 NOTE
r-devel-windows-ix86+x86_64 0.6 11.00 53.00 64.00 NOTE
r-patched-linux-x86_64 0.6 3.83 34.02 37.86 NOTE
r-patched-solaris-sparc 0.6 467.60 NOTE
r-patched-solaris-x86 0.6 110.90 NOTE
r-release-linux-x86_64 0.6 3.69 33.73 37.42 NOTE
r-release-osx-x86_64-mavericks 0.6 NOTE
r-release-windows-ix86+x86_64 0.6 16.00 54.00 70.00 NOTE
r-oldrel-windows-ix86+x86_64 0.6 22.00 78.00 100.00 NOTE

Check Details

Version: 0.6
Check: dependencies in R code
Result: NOTE
    Packages in Depends field not imported from:
     ‘car’ ‘heplots’
     These packages need to be imported from (in the NAMESPACE file)
     for when this namespace is loaded but not attached.
    ':::' calls which should be '::':
     ‘car:::showLabels’ ‘heplots:::trans.colors’
     See the note in ?`:::` about the use of this operator.
Flavors: r-devel-linux-x86_64-debian-clang, r-devel-linux-x86_64-debian-gcc, r-devel-linux-x86_64-fedora-clang, r-devel-linux-x86_64-fedora-gcc, r-devel-osx-x86_64-clang, r-devel-windows-ix86+x86_64, r-patched-linux-x86_64, r-patched-solaris-sparc, r-patched-solaris-x86, r-release-linux-x86_64, r-release-osx-x86_64-mavericks, r-release-windows-ix86+x86_64, r-oldrel-windows-ix86+x86_64

Version: 0.6
Check: S3 generic/method consistency
Result: NOTE
    Found the following apparent S3 methods exported but not registered:
     as.data.frame.inflmlm cooks.distance.mlm hatvalues.mlm influence.mlm
     influencePlot.mlm lrPlot.lm print.inflmlm
    See section ‘Registering S3 methods’ in the ‘Writing R Extensions’
    manual.
Flavors: r-devel-linux-x86_64-debian-clang, r-devel-linux-x86_64-debian-gcc, r-devel-linux-x86_64-fedora-clang, r-devel-linux-x86_64-fedora-gcc, r-devel-osx-x86_64-clang, r-patched-linux-x86_64, r-patched-solaris-sparc, r-patched-solaris-x86, r-release-linux-x86_64

Version: 0.6
Check: R code for possible problems
Result: NOTE
    influencePlot.mlm: no visible global function definition for ‘palette’
    influencePlot.mlm: no visible global function definition for ‘coef’
    influencePlot.mlm: no visible global function definition for ‘plot’
    influencePlot.mlm: no visible global function definition for ‘points’
    influencePlot.mlm: no visible global function definition for ‘abline’
    influencePlot.mlm: no visible global function definition for ‘par’
    lrPlot.lm: no visible global function definition for ‘palette’
    lrPlot.lm: no visible global function definition for ‘hatvalues’
    lrPlot.lm: no visible global function definition for ‘rstudent’
    lrPlot.lm: no visible global function definition for ‘coef’
    lrPlot.lm: no visible global function definition for ‘cooks.distance’
    lrPlot.lm: no visible global function definition for ‘plot’
    lrPlot.lm: no visible global function definition for ‘points’
    lrPlot.lm: no visible global function definition for ‘par’
    lrPlot.lm: no visible global function definition for ‘abline’
    lrPlot.lm: no visible global function definition for ‘qf’
    lrPlot.lm: no visible global function definition for ‘text’
    mlm.influence: no visible global function definition for ‘model.matrix’
    mlm.influence: no visible global function definition for ‘model.frame’
    mlm.influence: no visible global function definition for
     ‘model.response’
    mlm.influence: no visible global function definition for ‘coef’
    mlm.influence: no visible global function definition for ‘residuals’
    mlm.influence: no visible global function definition for ‘combn’
    Undefined global functions or variables:
     abline coef combn cooks.distance hatvalues model.frame model.matrix
     model.response palette par plot points qf residuals rstudent text
Flavors: r-devel-linux-x86_64-debian-clang, r-devel-linux-x86_64-debian-gcc, r-devel-linux-x86_64-fedora-clang, r-devel-linux-x86_64-fedora-gcc, r-devel-windows-ix86+x86_64

Version: 0.6
Check: Rd line widths
Result: NOTE
    Rd file 'lrPlot.Rd':
     \usage lines wider than 90 characters:
     xlab = "log Leverage factor [log H/p*(1-H)]", ylab = "log (Studentized Residual^2)",
     id.method = "noteworthy", id.n = if (id.method[1] == "identify") Inf else 0, id.cex = 1, id.col = palette()[1],
    
    These lines will be truncated in the PDF manual.
Flavors: r-devel-linux-x86_64-debian-clang, r-devel-linux-x86_64-debian-gcc, r-devel-linux-x86_64-fedora-clang, r-devel-linux-x86_64-fedora-gcc, r-patched-linux-x86_64, r-release-linux-x86_64