CRAN Package Check Results for Package mvinfluence

Last updated on 2014-04-17 10:47:52.

Flavor Version Tinstall Tcheck Ttotal Status Flags
r-devel-linux-x86_64-debian-clang 0.6 0.85 14.53 15.38 NOTE
r-devel-linux-x86_64-debian-gcc 0.6 0.85 14.72 15.58 NOTE
r-devel-linux-x86_64-fedora-clang 0.6 30.88 NOTE
r-devel-linux-x86_64-fedora-gcc 0.6 28.46 NOTE
r-devel-macosx-x86_64-clang 0.6 32.37 NOTE
r-devel-macosx-x86_64-gcc 0.6 ERROR
r-devel-windows-ix86+x86_64 0.6 3.00 22.00 25.00 NOTE
r-patched-linux-x86_64 0.6 0.86 14.50 15.37 NOTE
r-patched-solaris-sparc 0.6 187.60 NOTE
r-patched-solaris-x86 0.6 41.60 NOTE
r-release-linux-ix86 0.6 2.00 29.00 31.00 NOTE
r-release-linux-x86_64 0.6 0.81 101.36 102.17 NOTE
r-release-macosx-x86_64 0.6 NOTE
r-release-windows-ix86+x86_64 0.6 3.00 23.00 26.00 NOTE
r-oldrel-windows-ix86+x86_64 0.6 3.00 26.00 29.00 NOTE

Check Details

Version: 0.6
Check: dependencies in R code
Result: NOTE
    Packages in Depends field not imported from:
     ‘car’ ‘heplots’
     These packages need to be imported from (in the NAMESPACE file)
     for when this namespace is loaded but not attached.
    ':::' calls which should be '::':
     ‘car:::showLabels’ ‘heplots:::trans.colors’
     See the note in ?`:::` about the use of this operator.
    See the information on DESCRIPTION files in the chapter ‘Creating R
    packages’ of the ‘Writing R Extensions’ manual.
Flavors: r-devel-linux-x86_64-debian-clang, r-devel-linux-x86_64-debian-gcc, r-devel-linux-x86_64-fedora-clang, r-devel-linux-x86_64-fedora-gcc, r-devel-macosx-x86_64-clang, r-devel-windows-ix86+x86_64, r-patched-linux-x86_64, r-patched-solaris-sparc, r-patched-solaris-x86, r-release-linux-ix86, r-release-linux-x86_64, r-release-windows-ix86+x86_64, r-oldrel-windows-ix86+x86_64

Version: 0.6
Check: Rd line widths
Result: NOTE
    Rd file 'lrPlot.Rd':
     \usage lines wider than 90 characters:
     xlab = "log Leverage factor [log H/p*(1-H)]", ylab = "log (Studentized Residual^2)",
     id.method = "noteworthy", id.n = if (id.method[1] == "identify") Inf else 0, id.cex = 1, id.col = palette()[1],
    
    These lines will be truncated in the PDF manual.
Flavors: r-devel-linux-x86_64-fedora-clang, r-devel-linux-x86_64-fedora-gcc

Version: 0.6
Check: package dependencies
Result: ERROR
    Packages required but not available: ‘car’ ‘heplots’
    
    See the information on DESCRIPTION files in the chapter ‘Creating R
    packages’ of the ‘Writing R Extensions’ manual.
Flavor: r-devel-macosx-x86_64-gcc

Version: 0.6
Check: dependencies in R code
Result: NOTE
    ':::' call which should be '::': 'car:::showLabels'
     See the note in ?`:::` about the use of this operator.
    See the information on DESCRIPTION files in the chapter 'Creating R
    packages' of the 'Writing R Extensions' manual.
Flavor: r-release-macosx-x86_64