CRAN Package Check Results for Package mvinfluence

Last updated on 2024-07-15 07:49:06 CEST.

Flavor Version Tinstall Tcheck Ttotal Status Flags
r-devel-linux-x86_64-debian-clang 0.9.0 7.57 68.77 76.34 OK
r-devel-linux-x86_64-debian-gcc 0.9.0 6.41 60.44 66.85 OK
r-devel-linux-x86_64-fedora-clang 0.9.0 106.40 OK
r-devel-linux-x86_64-fedora-gcc 0.9.0 113.05 OK
r-devel-windows-x86_64 0.9.0 9.00 77.00 86.00 NOTE
r-patched-linux-x86_64 0.9.0 15.39 72.50 87.89 OK
r-release-linux-x86_64 0.9.0 5.92 72.23 78.15 OK
r-release-macos-arm64 0.9.0 37.00 OK
r-release-macos-x86_64 0.9.0 53.00 OK
r-release-windows-x86_64 0.9.0 8.00 78.00 86.00 OK
r-oldrel-macos-arm64 0.9.0 37.00 OK
r-oldrel-macos-x86_64 0.9.0 67.00 OK
r-oldrel-windows-x86_64 0.9.0 10.00 85.00 95.00 OK

Check Details

Version: 0.9.0
Check: Rd cross-references
Result: NOTE Found the following Rd file(s) with Rd \link{} targets missing package anchors: influencePlot.mlm.Rd: showLabels Please provide package anchors for all Rd \link{} targets not in the package itself and the base packages. Flavor: r-devel-windows-x86_64