CRAN Package Check Results for Package mvinfluence

Last updated on 2014-09-19 19:48:14.

Flavor Version Tinstall Tcheck Ttotal Status Flags
r-devel-linux-x86_64-debian-clang 0.6 0.72 14.14 14.86 NOTE
r-devel-linux-x86_64-debian-gcc 0.6 0.73 14.11 14.84 NOTE
r-devel-linux-x86_64-fedora-clang 0.6 28.31 NOTE
r-devel-linux-x86_64-fedora-gcc 0.6 26.05 NOTE
r-devel-osx-x86_64-clang 0.6 30.86 NOTE
r-devel-windows-ix86+x86_64 0.6 3.00 23.00 26.00 NOTE
r-patched-linux-x86_64 0.6 0.76 14.55 15.31 NOTE
r-patched-solaris-sparc 0.6 170.70 NOTE
r-patched-solaris-x86 0.6 39.10 NOTE
r-release-linux-ix86 0.6 1.10 20.46 21.56 NOTE
r-release-linux-x86_64 0.6 0.78 14.36 15.14 NOTE
r-release-osx-x86_64-mavericks 0.6 NOTE
r-release-osx-x86_64-snowleopard 0.6 NOTE
r-release-windows-ix86+x86_64 0.6 3.00 23.00 26.00 NOTE
r-oldrel-windows-ix86+x86_64 0.6 4.00 24.00 28.00 NOTE

Check Details

Version: 0.6
Check: dependencies in R code
Result: NOTE
    Packages in Depends field not imported from:
     ‘car’ ‘heplots’
     These packages need to be imported from (in the NAMESPACE file)
     for when this namespace is loaded but not attached.
    ':::' calls which should be '::':
     ‘car:::showLabels’ ‘heplots:::trans.colors’
     See the note in ?`:::` about the use of this operator.
    See the information on DESCRIPTION files in the chapter ‘Creating R
    packages’ of the ‘Writing R Extensions’ manual.
Flavors: r-devel-linux-x86_64-debian-clang, r-devel-linux-x86_64-debian-gcc, r-devel-linux-x86_64-fedora-clang, r-devel-linux-x86_64-fedora-gcc, r-devel-osx-x86_64-clang, r-devel-windows-ix86+x86_64, r-patched-linux-x86_64, r-patched-solaris-sparc, r-patched-solaris-x86, r-release-linux-ix86, r-release-linux-x86_64, r-release-osx-x86_64-mavericks, r-release-windows-ix86+x86_64, r-oldrel-windows-ix86+x86_64

Version: 0.6
Check: Rd line widths
Result: NOTE
    Rd file 'lrPlot.Rd':
     \usage lines wider than 90 characters:
     xlab = "log Leverage factor [log H/p*(1-H)]", ylab = "log (Studentized Residual^2)",
     id.method = "noteworthy", id.n = if (id.method[1] == "identify") Inf else 0, id.cex = 1, id.col = palette()[1],
    
    These lines will be truncated in the PDF manual.
Flavors: r-devel-linux-x86_64-debian-clang, r-devel-linux-x86_64-debian-gcc, r-devel-linux-x86_64-fedora-clang, r-devel-linux-x86_64-fedora-gcc, r-patched-linux-x86_64, r-release-linux-x86_64

Version: 0.6
Check: dependencies in R code
Result: NOTE
    ':::' call which should be '::': 'car:::showLabels'
     See the note in ?`:::` about the use of this operator.
    See the information on DESCRIPTION files in the chapter 'Creating R
    packages' of the 'Writing R Extensions' manual.
Flavor: r-release-osx-x86_64-snowleopard