CRAN Package Check Results for Package mvmeta

Last updated on 2017-04-28 17:47:46.

Flavor Version Tinstall Tcheck Ttotal Status Flags
r-devel-linux-x86_64-debian-clang 0.4.7 0.96 27.54 28.50 NOTE
r-devel-linux-x86_64-debian-gcc 0.4.7 0.99 27.87 28.86 NOTE
r-devel-linux-x86_64-fedora-clang 0.4.7 51.27 NOTE --no-stop-on-test-error
r-devel-linux-x86_64-fedora-gcc 0.4.7 49.56 NOTE --no-stop-on-test-error
r-devel-windows-ix86+x86_64 0.4.7 3.00 70.00 73.00 NOTE
r-patched-linux-x86_64 0.4.7 1.00 26.89 27.88 NOTE
r-patched-solaris-sparc 0.4.7 329.50 NOTE
r-patched-solaris-x86 0.4.7 65.60 NOTE
r-release-linux-x86_64 0.4.7 1.00 26.86 27.86 NOTE
r-release-windows-ix86+x86_64 0.4.7 7.00 80.00 87.00 NOTE
r-release-osx-x86_64 0.4.7 NOTE
r-oldrel-windows-ix86+x86_64 0.4.7 6.00 51.00 57.00 NOTE
r-oldrel-osx-x86_64 0.4.7 NOTE

Check Details

Version: 0.4.7
Check: R code for possible problems
Result: NOTE
    mvmeta.control: no visible global function definition for ‘modifyList’
    Undefined global functions or variables:
     modifyList
    Consider adding
     importFrom("utils", "modifyList")
    to your NAMESPACE file.
Flavors: r-devel-linux-x86_64-debian-clang, r-devel-linux-x86_64-debian-gcc, r-devel-windows-ix86+x86_64, r-patched-linux-x86_64, r-patched-solaris-sparc, r-patched-solaris-x86, r-release-linux-x86_64, r-release-windows-ix86+x86_64, r-release-osx-x86_64, r-oldrel-windows-ix86+x86_64, r-oldrel-osx-x86_64

Version: 0.4.7
Flags: --no-stop-on-test-error
Check: R code for possible problems
Result: NOTE
    mvmeta.control: no visible global function definition for ‘modifyList’
    Undefined global functions or variables:
     modifyList
    Consider adding
     importFrom("utils", "modifyList")
    to your NAMESPACE file.
Flavors: r-devel-linux-x86_64-fedora-clang, r-devel-linux-x86_64-fedora-gcc