CRAN Package Check Results for Package mvmeta

Last updated on 2016-08-24 12:49:46.

Flavor Version Tinstall Tcheck Ttotal Status Flags
r-devel-linux-x86_64-debian-clang 0.4.7 0.91 24.73 25.64 NOTE
r-devel-linux-x86_64-debian-gcc 0.4.7 0.90 24.19 25.10 NOTE
r-devel-linux-x86_64-fedora-clang 0.4.7 46.66 NOTE
r-devel-linux-x86_64-fedora-gcc 0.4.7 44.50 NOTE
r-devel-osx-x86_64-clang 0.4.7 39.84 NOTE
r-devel-windows-ix86+x86_64 0.4.7 5.00 50.00 55.00 NOTE
r-patched-linux-x86_64 0.4.7 0.88 24.14 25.02 NOTE
r-patched-solaris-sparc 0.4.7 301.40 NOTE
r-patched-solaris-x86 0.4.7 60.20 NOTE
r-release-linux-x86_64 0.4.7 1.04 24.12 25.15 NOTE
r-release-osx-x86_64-mavericks 0.4.7 NOTE
r-release-windows-ix86+x86_64 0.4.7 5.00 62.00 67.00 NOTE
r-oldrel-windows-ix86+x86_64 0.4.7 5.00 60.00 65.00 OK

Check Details

Version: 0.4.7
Check: R code for possible problems
Result: NOTE
    mvmeta.control: no visible global function definition for ‘modifyList’
    Undefined global functions or variables:
     modifyList
    Consider adding
     importFrom("utils", "modifyList")
    to your NAMESPACE file.
Flavors: r-devel-linux-x86_64-debian-clang, r-devel-linux-x86_64-debian-gcc, r-devel-linux-x86_64-fedora-clang, r-devel-linux-x86_64-fedora-gcc, r-devel-osx-x86_64-clang, r-devel-windows-ix86+x86_64, r-patched-linux-x86_64, r-patched-solaris-sparc, r-patched-solaris-x86, r-release-linux-x86_64, r-release-osx-x86_64-mavericks, r-release-windows-ix86+x86_64