CRAN Package Check Results for Package mvmeta

Last updated on 2017-01-22 17:47:25.

Flavor Version Tinstall Tcheck Ttotal Status Flags
r-devel-linux-x86_64-debian-clang 0.4.7 0.99 27.35 28.34 NOTE
r-devel-linux-x86_64-debian-gcc 0.4.7 1.01 27.06 28.07 NOTE
r-devel-linux-x86_64-fedora-clang 0.4.7 50.97 NOTE --no-stop-on-test-error
r-devel-linux-x86_64-fedora-gcc 0.4.7 50.36 NOTE --no-stop-on-test-error
r-devel-macos-x86_64-clang 0.4.7 42.68 NOTE --no-stop-on-test-error
r-devel-windows-ix86+x86_64 0.4.7 4.00 55.00 59.00 NOTE
r-patched-linux-x86_64 0.4.7 0.99 24.36 25.34 NOTE
r-patched-solaris-sparc 0.4.7 302.60 NOTE
r-patched-solaris-x86 0.4.7 60.10 NOTE
r-release-linux-x86_64 0.4.7 0.96 24.33 25.28 NOTE
r-release-osx-x86_64-mavericks 0.4.7 NOTE
r-release-windows-ix86+x86_64 0.4.7 9.00 68.00 77.00 NOTE
r-oldrel-windows-ix86+x86_64 0.4.7 10.00 91.00 101.00 OK

Check Details

Version: 0.4.7
Check: R code for possible problems
Result: NOTE
    mvmeta.control: no visible global function definition for ‘modifyList’
    Undefined global functions or variables:
     modifyList
    Consider adding
     importFrom("utils", "modifyList")
    to your NAMESPACE file.
Flavors: r-devel-linux-x86_64-debian-clang, r-devel-linux-x86_64-debian-gcc, r-devel-windows-ix86+x86_64, r-patched-linux-x86_64, r-patched-solaris-sparc, r-patched-solaris-x86, r-release-linux-x86_64, r-release-osx-x86_64-mavericks, r-release-windows-ix86+x86_64

Version: 0.4.7
Flags: --no-stop-on-test-error
Check: R code for possible problems
Result: NOTE
    mvmeta.control: no visible global function definition for ‘modifyList’
    Undefined global functions or variables:
     modifyList
    Consider adding
     importFrom("utils", "modifyList")
    to your NAMESPACE file.
Flavors: r-devel-linux-x86_64-fedora-clang, r-devel-linux-x86_64-fedora-gcc, r-devel-macos-x86_64-clang