CRAN Package Check Results for Package mvmeta

Last updated on 2016-06-25 19:48:29.

Flavor Version Tinstall Tcheck Ttotal Status Flags
r-devel-linux-x86_64-debian-gcc 0.4.7 0.88 25.26 26.15 NOTE
r-devel-linux-x86_64-fedora-clang 0.4.7 46.93 NOTE
r-devel-linux-x86_64-fedora-gcc 0.4.7 42.31 NOTE
r-devel-osx-x86_64-clang 0.4.7 39.46 NOTE
r-devel-windows-ix86+x86_64 0.4.7 5.00 70.00 75.00 NOTE
r-patched-linux-x86_64 0.4.7 1.14 25.66 26.81 NOTE
r-patched-solaris-sparc 0.4.7 301.40 NOTE
r-patched-solaris-x86 0.4.7 62.10 NOTE
r-release-linux-x86_64 0.4.7 0.97 25.25 26.22 NOTE
r-release-osx-x86_64-mavericks 0.4.7 NOTE
r-release-windows-ix86+x86_64 0.4.7 5.00 66.00 71.00 NOTE
r-oldrel-windows-ix86+x86_64 0.4.7 5.00 66.00 71.00 OK

Check Details

Version: 0.4.7
Check: R code for possible problems
Result: NOTE
    mvmeta.control: no visible global function definition for ‘modifyList’
    Undefined global functions or variables:
     modifyList
    Consider adding
     importFrom("utils", "modifyList")
    to your NAMESPACE file.
Flavors: r-devel-linux-x86_64-debian-gcc, r-devel-linux-x86_64-fedora-clang, r-devel-linux-x86_64-fedora-gcc, r-devel-osx-x86_64-clang, r-devel-windows-ix86+x86_64, r-patched-linux-x86_64, r-patched-solaris-sparc, r-patched-solaris-x86, r-release-linux-x86_64, r-release-osx-x86_64-mavericks, r-release-windows-ix86+x86_64