CRAN Package Check Results for Package mvmeta

Last updated on 2016-09-30 06:47:37.

Flavor Version Tinstall Tcheck Ttotal Status Flags
r-devel-linux-x86_64-debian-clang 0.4.7 0.98 26.72 27.69 NOTE
r-devel-linux-x86_64-debian-gcc 0.4.7 0.94 25.60 26.54 NOTE
r-devel-linux-x86_64-fedora-clang 0.4.7 49.28 NOTE
r-devel-linux-x86_64-fedora-gcc 0.4.7 44.71 NOTE
r-devel-macos-x86_64-clang 0.4.7 38.67 NOTE
r-devel-windows-ix86+x86_64 0.4.7 3.00 61.00 64.00 NOTE
r-patched-linux-x86_64 0.4.7 0.89 24.26 25.15 NOTE
r-patched-solaris-sparc 0.4.7 301.40 NOTE
r-patched-solaris-x86 0.4.7 59.30 NOTE
r-release-linux-x86_64 0.4.7 0.96 24.78 25.74 NOTE
r-release-osx-x86_64-mavericks 0.4.7 NOTE
r-release-windows-ix86+x86_64 0.4.7 3.00 48.00 51.00 NOTE
r-oldrel-windows-ix86+x86_64 0.4.7 6.00 64.00 70.00 OK

Check Details

Version: 0.4.7
Check: R code for possible problems
Result: NOTE
    mvmeta.control: no visible global function definition for ‘modifyList’
    Undefined global functions or variables:
     modifyList
    Consider adding
     importFrom("utils", "modifyList")
    to your NAMESPACE file.
Flavors: r-devel-linux-x86_64-debian-clang, r-devel-linux-x86_64-debian-gcc, r-devel-linux-x86_64-fedora-clang, r-devel-linux-x86_64-fedora-gcc, r-devel-macos-x86_64-clang, r-devel-windows-ix86+x86_64, r-patched-linux-x86_64, r-patched-solaris-sparc, r-patched-solaris-x86, r-release-linux-x86_64, r-release-osx-x86_64-mavericks, r-release-windows-ix86+x86_64