CRAN Package Check Results for Package mvmeta

Last updated on 2015-06-30 14:47:58.

Flavor Version Tinstall Tcheck Ttotal Status Flags
r-devel-linux-x86_64-debian-clang 0.4.7 0.92 23.47 24.39 NOTE
r-devel-linux-x86_64-debian-gcc 0.4.7 1.26 22.83 24.09 NOTE
r-devel-linux-x86_64-fedora-clang 0.4.7 49.53 NOTE
r-devel-linux-x86_64-fedora-gcc 0.4.7 50.52 OK
r-devel-osx-x86_64-clang 0.4.7 46.80 OK
r-devel-windows-ix86+x86_64 0.4.7 6.00 40.00 46.00 NOTE
r-patched-linux-x86_64 0.4.7 1.02 23.71 24.73 OK
r-patched-solaris-sparc 0.4.7 287.40 OK
r-patched-solaris-x86 0.4.7 62.90 OK
r-release-linux-x86_64 0.4.7 0.94 23.49 24.43 OK
r-release-osx-x86_64-mavericks 0.4.7 OK
r-release-windows-ix86+x86_64 0.4.7 6.00 40.00 46.00 OK
r-oldrel-windows-ix86+x86_64 0.4.7 7.00 44.00 51.00 OK

Check Details

Version: 0.4.7
Check: R code for possible problems
Result: NOTE
    mvmeta.control: no visible global function definition for ‘modifyList’
Flavors: r-devel-linux-x86_64-debian-clang, r-devel-linux-x86_64-debian-gcc, r-devel-linux-x86_64-fedora-clang, r-devel-windows-ix86+x86_64