CRAN Package Check Results for Package mvmeta

Last updated on 2018-02-25 19:49:08 CET.

Flavor Version Tinstall Tcheck Ttotal Status Flags
r-devel-linux-x86_64-debian-clang 0.4.7 3.92 42.88 46.80 WARN
r-devel-linux-x86_64-debian-gcc 0.4.7 2.99 32.58 35.57 WARN
r-devel-linux-x86_64-fedora-clang 0.4.7 56.37 WARN
r-devel-linux-x86_64-fedora-gcc 0.4.7 54.47 WARN
r-devel-windows-ix86+x86_64 0.4.7 8.00 69.00 77.00 WARN
r-patched-linux-x86_64 0.4.7 1.17 44.27 45.44 NOTE
r-patched-solaris-x86 0.4.7 65.50 NOTE
r-release-linux-x86_64 0.4.7 1.36 43.88 45.24 NOTE
r-release-windows-ix86+x86_64 0.4.7 3.00 68.00 71.00 NOTE
r-release-osx-x86_64 0.4.7 NOTE
r-oldrel-windows-ix86+x86_64 0.4.7 3.00 68.00 71.00 NOTE
r-oldrel-osx-x86_64 0.4.7 NOTE

Check Details

Version: 0.4.7
Check: whether package can be installed
Result: WARN
    Found the following significant warnings:
     Note: next may be used in wrong context: no loop is visible
Flavors: r-devel-linux-x86_64-debian-clang, r-devel-linux-x86_64-debian-gcc, r-devel-linux-x86_64-fedora-clang, r-devel-linux-x86_64-fedora-gcc, r-devel-windows-ix86+x86_64

Version: 0.4.7
Check: R code for possible problems
Result: NOTE
    mvmeta.control: no visible global function definition for ‘modifyList’
    Undefined global functions or variables:
     modifyList
    Consider adding
     importFrom("utils", "modifyList")
    to your NAMESPACE file.
Flavors: r-devel-linux-x86_64-debian-clang, r-devel-linux-x86_64-debian-gcc, r-devel-linux-x86_64-fedora-clang, r-devel-linux-x86_64-fedora-gcc, r-devel-windows-ix86+x86_64, r-patched-linux-x86_64, r-patched-solaris-x86, r-release-linux-x86_64, r-release-windows-ix86+x86_64, r-release-osx-x86_64, r-oldrel-windows-ix86+x86_64, r-oldrel-osx-x86_64