CRAN Package Check Results for Package mvmeta

Last updated on 2015-07-28 19:48:02.

Flavor Version Tinstall Tcheck Ttotal Status Flags
r-devel-linux-x86_64-debian-clang 0.4.7 0.98 23.63 24.62 NOTE
r-devel-linux-x86_64-debian-gcc 0.4.7 0.92 23.62 24.54 NOTE
r-devel-linux-x86_64-fedora-clang 0.4.7 49.94 NOTE
r-devel-linux-x86_64-fedora-gcc 0.4.7 45.70 NOTE
r-devel-osx-x86_64-clang 0.4.7 39.39 OK
r-devel-windows-ix86+x86_64 0.4.7 4.00 37.00 41.00 NOTE
r-patched-linux-x86_64 0.4.7 0.91 23.70 24.61 OK
r-patched-solaris-sparc 0.4.7 316.50 OK
r-patched-solaris-x86 0.4.7 61.70 OK
r-release-linux-x86_64 0.4.7 1.38 23.54 24.92 OK
r-release-osx-x86_64-mavericks 0.4.7 OK
r-release-windows-ix86+x86_64 0.4.7 8.00 38.00 46.00 OK
r-oldrel-windows-ix86+x86_64 0.4.7 6.00 43.00 49.00 OK

Check Details

Version: 0.4.7
Check: R code for possible problems
Result: NOTE
    mvmeta.control: no visible global function definition for ‘modifyList’
    Undefined global functions or variables:
     modifyList
    Consider adding
     importFrom("utils", "modifyList")
    to your NAMESPACE.
Flavors: r-devel-linux-x86_64-debian-clang, r-devel-linux-x86_64-debian-gcc, r-devel-linux-x86_64-fedora-clang, r-devel-linux-x86_64-fedora-gcc, r-devel-windows-ix86+x86_64