CRAN Package Check Results for Package mvmeta

Last updated on 2017-08-19 12:51:48.

Flavor Version Tinstall Tcheck Ttotal Status Flags
r-devel-linux-x86_64-debian-clang 0.4.7 1.08 28.20 29.28 NOTE
r-devel-linux-x86_64-debian-gcc 0.4.7 1.10 26.74 27.83 NOTE
r-devel-linux-x86_64-fedora-clang 0.4.7 51.44 NOTE
r-devel-linux-x86_64-fedora-gcc 0.4.7 49.17 NOTE
r-devel-windows-ix86+x86_64 0.4.7 8.00 48.00 56.00 NOTE
r-patched-linux-x86_64 0.4.7 1.14 27.10 28.24 NOTE
r-patched-solaris-x86 0.4.7 65.30 NOTE
r-release-linux-x86_64 0.4.7 1.00 27.60 28.60 NOTE
r-release-windows-ix86+x86_64 0.4.7 5.00 54.00 59.00 NOTE
r-release-osx-x86_64 0.4.7 NOTE
r-oldrel-windows-ix86+x86_64 0.4.7 3.00 54.00 57.00 NOTE
r-oldrel-osx-x86_64 0.4.7 NOTE

Check Details

Version: 0.4.7
Check: R code for possible problems
Result: NOTE
    mvmeta.control: no visible global function definition for ‘modifyList’
    Undefined global functions or variables:
     modifyList
    Consider adding
     importFrom("utils", "modifyList")
    to your NAMESPACE file.
Flavors: r-devel-linux-x86_64-debian-clang, r-devel-linux-x86_64-debian-gcc, r-devel-linux-x86_64-fedora-clang, r-devel-linux-x86_64-fedora-gcc, r-devel-windows-ix86+x86_64, r-patched-linux-x86_64, r-patched-solaris-x86, r-release-linux-x86_64, r-release-windows-ix86+x86_64, r-release-osx-x86_64, r-oldrel-windows-ix86+x86_64, r-oldrel-osx-x86_64