CRAN Package Check Results for Package mvmeta

Last updated on 2024-03-04 12:52:21 CET.

Flavor Version Tinstall Tcheck Ttotal Status Flags
r-devel-linux-x86_64-debian-clang 1.0.3 3.43 59.92 63.35 OK
r-devel-linux-x86_64-debian-gcc 1.0.3 4.09 43.97 48.06 OK
r-devel-linux-x86_64-fedora-clang 1.0.3 77.05 NOTE
r-devel-linux-x86_64-fedora-gcc 1.0.3 74.12 OK
r-devel-windows-x86_64 1.0.3 5.00 74.00 79.00 OK
r-patched-linux-x86_64 1.0.3 5.42 58.86 64.28 OK
r-release-linux-x86_64 1.0.3 3.99 58.71 62.70 OK
r-release-macos-arm64 1.0.3 28.00 OK
r-release-macos-x86_64 1.0.3 42.00 OK
r-release-windows-x86_64 1.0.3 6.00 81.00 87.00 OK
r-oldrel-macos-arm64 1.0.3 27.00 OK
r-oldrel-windows-x86_64 1.0.3 6.00 82.00 88.00 OK

Check Details

Version: 1.0.3
Check: Rd cross-references
Result: NOTE Undeclared package ‘dosresmeta’ in Rd xrefs Flavor: r-devel-linux-x86_64-fedora-clang