CRAN Package Check Results for Package mvmeta

Last updated on 2015-09-02 23:47:01.

Flavor Version Tinstall Tcheck Ttotal Status Flags
r-devel-linux-x86_64-debian-clang 0.4.7 0.89 23.31 24.20 NOTE
r-devel-linux-x86_64-debian-gcc 0.4.7 2.88 22.82 25.70 NOTE
r-devel-linux-x86_64-fedora-clang 0.4.7 47.00 NOTE
r-devel-linux-x86_64-fedora-gcc 0.4.7 43.95 NOTE
r-devel-osx-x86_64-clang 0.4.7 43.14 OK
r-devel-windows-ix86+x86_64 0.4.7 7.00 47.00 54.00 NOTE
r-patched-linux-x86_64 0.4.7 0.95 24.97 25.92 OK
r-patched-solaris-sparc 0.4.7 316.50 OK
r-patched-solaris-x86 0.4.7 63.80 OK
r-release-linux-x86_64 0.4.7 1.09 23.98 25.08 OK
r-release-osx-x86_64-mavericks 0.4.7 OK
r-release-windows-ix86+x86_64 0.4.7 4.00 45.00 49.00 OK
r-oldrel-windows-ix86+x86_64 0.4.7 6.00 58.00 64.00 OK

Check Details

Version: 0.4.7
Check: R code for possible problems
Result: NOTE
    mvmeta.control: no visible global function definition for ‘modifyList’
    Undefined global functions or variables:
     modifyList
    Consider adding
     importFrom("utils", "modifyList")
    to your NAMESPACE.
Flavors: r-devel-linux-x86_64-debian-clang, r-devel-linux-x86_64-debian-gcc, r-devel-linux-x86_64-fedora-clang, r-devel-linux-x86_64-fedora-gcc, r-devel-windows-ix86+x86_64