CRAN Package Check Results for Package mvmeta

Last updated on 2016-12-04 08:47:03.

Flavor Version Tinstall Tcheck Ttotal Status Flags
r-devel-linux-x86_64-debian-clang 0.4.7 0.96 28.39 29.35 NOTE
r-devel-linux-x86_64-debian-gcc 0.4.7 1.08 26.74 27.82 NOTE
r-devel-linux-x86_64-fedora-clang 0.4.7 53.45 NOTE --no-stop-on-test-error
r-devel-linux-x86_64-fedora-gcc 0.4.7 50.86 NOTE
r-devel-macos-x86_64-clang 0.4.7 43.04 NOTE
r-devel-windows-ix86+x86_64 0.4.7 3.00 46.00 49.00 NOTE
r-patched-linux-x86_64 0.4.7 1.00 23.97 24.96 NOTE
r-patched-solaris-sparc 0.4.7 301.40 NOTE
r-patched-solaris-x86 0.4.7 60.20 NOTE
r-release-linux-x86_64 0.4.7 0.92 24.30 25.22 NOTE
r-release-osx-x86_64-mavericks 0.4.7 NOTE
r-release-windows-ix86+x86_64 0.4.7 5.00 50.00 55.00 NOTE
r-oldrel-windows-ix86+x86_64 0.4.7 5.00 47.00 52.00 OK

Check Details

Version: 0.4.7
Check: R code for possible problems
Result: NOTE
    mvmeta.control: no visible global function definition for ‘modifyList’
    Undefined global functions or variables:
     modifyList
    Consider adding
     importFrom("utils", "modifyList")
    to your NAMESPACE file.
Flavors: r-devel-linux-x86_64-debian-clang, r-devel-linux-x86_64-debian-gcc, r-devel-linux-x86_64-fedora-gcc, r-devel-macos-x86_64-clang, r-devel-windows-ix86+x86_64, r-patched-linux-x86_64, r-patched-solaris-sparc, r-patched-solaris-x86, r-release-linux-x86_64, r-release-osx-x86_64-mavericks, r-release-windows-ix86+x86_64

Version: 0.4.7
Flags: --no-stop-on-test-error
Check: R code for possible problems
Result: NOTE
    mvmeta.control: no visible global function definition for ‘modifyList’
    Undefined global functions or variables:
     modifyList
    Consider adding
     importFrom("utils", "modifyList")
    to your NAMESPACE file.
Flavor: r-devel-linux-x86_64-fedora-clang