CRAN Package Check Results for Package mvmeta

Last updated on 2017-10-18 03:48:23.

Flavor Version Tinstall Tcheck Ttotal Status Flags
r-devel-linux-x86_64-debian-clang 0.4.7 0.96 29.02 29.98 NOTE
r-devel-linux-x86_64-debian-gcc 0.4.7 1.31 29.47 30.78 NOTE
r-devel-linux-x86_64-fedora-clang 0.4.7 53.74 NOTE
r-devel-linux-x86_64-fedora-gcc 0.4.7 52.62 NOTE
r-devel-windows-ix86+x86_64 0.4.7 5.00 50.00 55.00 NOTE
r-patched-linux-x86_64 0.4.7 0.99 27.44 28.43 NOTE
r-patched-solaris-x86 0.4.7 64.80 NOTE
r-release-linux-x86_64 0.4.7 0.96 27.62 28.58 NOTE
r-release-windows-ix86+x86_64 0.4.7 5.00 69.00 74.00 NOTE
r-release-osx-x86_64 0.4.7 NOTE
r-oldrel-windows-ix86+x86_64 0.4.7 5.00 67.00 72.00 NOTE
r-oldrel-osx-x86_64 0.4.7 NOTE

Check Details

Version: 0.4.7
Check: R code for possible problems
Result: NOTE
    mvmeta.control: no visible global function definition for ‘modifyList’
    Undefined global functions or variables:
     modifyList
    Consider adding
     importFrom("utils", "modifyList")
    to your NAMESPACE file.
Flavors: r-devel-linux-x86_64-debian-clang, r-devel-linux-x86_64-debian-gcc, r-devel-linux-x86_64-fedora-clang, r-devel-linux-x86_64-fedora-gcc, r-devel-windows-ix86+x86_64, r-patched-linux-x86_64, r-patched-solaris-x86, r-release-linux-x86_64, r-release-windows-ix86+x86_64, r-release-osx-x86_64, r-oldrel-windows-ix86+x86_64, r-oldrel-osx-x86_64