CRAN Package Check Results for Package mvmeta

Last updated on 2016-07-24 14:48:06.

Flavor Version Tinstall Tcheck Ttotal Status Flags
r-devel-linux-x86_64-debian-clang 0.4.7 1.00 29.64 30.64 NOTE
r-devel-linux-x86_64-debian-gcc 0.4.7 1.20 28.38 29.58 NOTE
r-devel-linux-x86_64-fedora-clang 0.4.7 46.45 NOTE
r-devel-linux-x86_64-fedora-gcc 0.4.7 43.54 NOTE
r-devel-osx-x86_64-clang 0.4.7 39.02 NOTE
r-devel-windows-ix86+x86_64 0.4.7 3.00 51.00 54.00 NOTE
r-patched-linux-x86_64 0.4.7 1.28 27.80 29.08 NOTE
r-patched-solaris-sparc 0.4.7 301.40 NOTE
r-patched-solaris-x86 0.4.7 60.30 NOTE
r-release-linux-x86_64 0.4.7 1.03 27.75 28.78 NOTE
r-release-osx-x86_64-mavericks 0.4.7 NOTE
r-release-windows-ix86+x86_64 0.4.7 4.00 51.00 55.00 NOTE
r-oldrel-windows-ix86+x86_64 0.4.7 6.00 52.00 58.00 OK

Check Details

Version: 0.4.7
Check: R code for possible problems
Result: NOTE
    mvmeta.control: no visible global function definition for ‘modifyList’
    Undefined global functions or variables:
     modifyList
    Consider adding
     importFrom("utils", "modifyList")
    to your NAMESPACE file.
Flavors: r-devel-linux-x86_64-debian-clang, r-devel-linux-x86_64-debian-gcc, r-devel-linux-x86_64-fedora-clang, r-devel-linux-x86_64-fedora-gcc, r-devel-osx-x86_64-clang, r-devel-windows-ix86+x86_64, r-patched-linux-x86_64, r-patched-solaris-sparc, r-patched-solaris-x86, r-release-linux-x86_64, r-release-osx-x86_64-mavericks, r-release-windows-ix86+x86_64