CRAN Package Check Results for Package mvmeta

Last updated on 2016-04-29 09:47:10.

Flavor Version Tinstall Tcheck Ttotal Status Flags
r-devel-linux-x86_64-debian-gcc 0.4.7 1.00 24.74 25.74 NOTE
r-devel-linux-x86_64-fedora-clang 0.4.7 46.03 NOTE
r-devel-linux-x86_64-fedora-gcc 0.4.7 42.92 NOTE
r-devel-osx-x86_64-clang 0.4.7 51.72 NOTE
r-devel-windows-ix86+x86_64 0.4.7 3.00 49.00 52.00 NOTE
r-patched-linux-x86_64 0.4.7 1.02 24.76 25.78 NOTE
r-patched-solaris-sparc 0.4.7 303.50 NOTE
r-patched-solaris-x86 0.4.7 61.80 NOTE
r-release-linux-x86_64 0.4.7 1.05 25.91 26.96 OK
r-release-osx-x86_64-mavericks 0.4.7 OK
r-release-windows-ix86+x86_64 0.4.7 4.00 43.00 47.00 OK
r-oldrel-windows-ix86+x86_64 0.4.7 6.00 63.00 69.00 OK

Check Details

Version: 0.4.7
Check: R code for possible problems
Result: NOTE
    mvmeta.control: no visible global function definition for ‘modifyList’
    Undefined global functions or variables:
     modifyList
    Consider adding
     importFrom("utils", "modifyList")
    to your NAMESPACE file.
Flavors: r-devel-linux-x86_64-debian-gcc, r-devel-linux-x86_64-fedora-clang, r-devel-linux-x86_64-fedora-gcc, r-devel-osx-x86_64-clang, r-devel-windows-ix86+x86_64, r-patched-linux-x86_64, r-patched-solaris-sparc, r-patched-solaris-x86