CRAN Package Check Results for Package mvmeta

Last updated on 2017-12-13 01:54:50 CET.

Flavor Version Tinstall Tcheck Ttotal Status Flags
r-devel-linux-x86_64-debian-clang 0.4.7 1.22 45.10 46.32 NOTE
r-devel-linux-x86_64-debian-gcc 0.4.7 1.11 34.24 35.35 NOTE
r-devel-linux-x86_64-fedora-clang 0.4.7 51.19 NOTE
r-devel-windows-ix86+x86_64 0.4.7 5.00 58.00 63.00 NOTE
r-patched-linux-x86_64 0.4.7 1.20 42.83 44.03 NOTE
r-patched-solaris-x86 0.4.7 65.30 NOTE
r-release-linux-x86_64 0.4.7 1.24 45.13 46.37 NOTE
r-release-windows-ix86+x86_64 0.4.7 4.00 57.00 61.00 NOTE
r-release-osx-x86_64 0.4.7 NOTE
r-oldrel-windows-ix86+x86_64 0.4.7 5.00 72.00 77.00 NOTE
r-oldrel-osx-x86_64 0.4.7 NOTE

Check Details

Version: 0.4.7
Check: R code for possible problems
Result: NOTE
    mvmeta.control: no visible global function definition for ‘modifyList’
    Undefined global functions or variables:
     modifyList
    Consider adding
     importFrom("utils", "modifyList")
    to your NAMESPACE file.
Flavors: r-devel-linux-x86_64-debian-clang, r-devel-linux-x86_64-debian-gcc, r-devel-linux-x86_64-fedora-clang, r-devel-windows-ix86+x86_64, r-patched-linux-x86_64, r-patched-solaris-x86, r-release-linux-x86_64, r-release-windows-ix86+x86_64, r-release-osx-x86_64, r-oldrel-windows-ix86+x86_64, r-oldrel-osx-x86_64