CRAN Package Check Results for Package mvmeta

Last updated on 2017-03-01 19:48:46.

Flavor Version Tinstall Tcheck Ttotal Status Flags
r-devel-linux-x86_64-debian-clang 0.4.7 1.07 28.04 29.10 NOTE
r-devel-linux-x86_64-debian-gcc 0.4.7 1.08 26.38 27.46 NOTE
r-devel-linux-x86_64-fedora-clang 0.4.7 52.84 NOTE --no-stop-on-test-error
r-devel-linux-x86_64-fedora-gcc 0.4.7 48.95 NOTE --no-stop-on-test-error
r-devel-macos-x86_64-clang 0.4.7 43.12 NOTE --no-stop-on-test-error
r-devel-windows-ix86+x86_64 0.4.7 3.00 72.00 75.00 NOTE
r-patched-linux-x86_64 0.4.7 1.03 24.34 25.37 NOTE
r-patched-solaris-sparc 0.4.7 302.60 NOTE
r-patched-solaris-x86 0.4.7 60.80 NOTE
r-release-linux-x86_64 0.4.7 0.90 24.90 25.81 NOTE
r-release-osx-x86_64-mavericks 0.4.7 NOTE
r-release-windows-ix86+x86_64 0.4.7 8.00 66.00 74.00 NOTE
r-oldrel-windows-ix86+x86_64 0.4.7 9.00 62.00 71.00 OK

Check Details

Version: 0.4.7
Check: R code for possible problems
Result: NOTE
    mvmeta.control: no visible global function definition for ‘modifyList’
    Undefined global functions or variables:
     modifyList
    Consider adding
     importFrom("utils", "modifyList")
    to your NAMESPACE file.
Flavors: r-devel-linux-x86_64-debian-clang, r-devel-linux-x86_64-debian-gcc, r-devel-windows-ix86+x86_64, r-patched-linux-x86_64, r-patched-solaris-sparc, r-patched-solaris-x86, r-release-linux-x86_64, r-release-osx-x86_64-mavericks, r-release-windows-ix86+x86_64

Version: 0.4.7
Flags: --no-stop-on-test-error
Check: R code for possible problems
Result: NOTE
    mvmeta.control: no visible global function definition for ‘modifyList’
    Undefined global functions or variables:
     modifyList
    Consider adding
     importFrom("utils", "modifyList")
    to your NAMESPACE file.
Flavors: r-devel-linux-x86_64-fedora-clang, r-devel-linux-x86_64-fedora-gcc, r-devel-macos-x86_64-clang