CRAN Package Check Results for Package mvna

Last updated on 2016-09-30 23:48:02.

Flavor Version Tinstall Tcheck Ttotal Status Flags
r-devel-linux-x86_64-debian-clang 1.2-3 1.11 14.62 15.73 NOTE
r-devel-linux-x86_64-debian-gcc 1.2-3 1.08 14.48 15.56 NOTE
r-devel-linux-x86_64-fedora-clang 1.2-3 26.58 NOTE
r-devel-linux-x86_64-fedora-gcc 1.2-3 23.51 NOTE
r-devel-macos-x86_64-clang 1.2-3 21.29 NOTE
r-devel-windows-ix86+x86_64 1.2-3 5.00 46.00 51.00 NOTE
r-patched-linux-x86_64 1.2-3 0.91 13.32 14.23 NOTE
r-patched-solaris-sparc 1.2-3 153.10 NOTE
r-patched-solaris-x86 1.2-3 35.70 NOTE
r-release-linux-x86_64 1.2-3 1.02 13.49 14.50 NOTE
r-release-osx-x86_64-mavericks 1.2-3 NOTE
r-release-windows-ix86+x86_64 1.2-3 5.00 61.00 66.00 NOTE
r-oldrel-windows-ix86+x86_64 1.2-3 10.00 39.00 49.00 NOTE

Check Details

Version: 1.2-3
Check: S3 generic/method consistency
Result: NOTE
    Found the following apparent S3 methods exported but not registered:
     summary.mvna
    See section ‘Registering S3 methods’ in the ‘Writing R Extensions’
    manual.
Flavors: r-devel-linux-x86_64-debian-clang, r-devel-linux-x86_64-debian-gcc, r-devel-linux-x86_64-fedora-clang, r-devel-linux-x86_64-fedora-gcc, r-devel-macos-x86_64-clang, r-patched-linux-x86_64, r-patched-solaris-sparc, r-patched-solaris-x86, r-release-linux-x86_64

Version: 1.2-3
Check: R code for possible problems
Result: NOTE
    lines.mvna: no visible global function definition for ‘lines’
    msmplot.mvna: no visible global function definition for ‘qnorm’
    msmplot.mvna: no visible global function definition for ‘par’
    msmplot.mvna: no visible global function definition for ‘ftM2graphNEL’
    msmplot.mvna: no visible global function definition for ‘plot’
    msmplot.mvna: no visible global function definition for ‘baseViewports’
    msmplot.mvna: no visible global function definition for ‘pushViewport’
    msmplot.mvna: no visible global function definition for ‘grid.locator’
    msmplot.mvna: no visible global function definition for ‘viewport’
    msmplot.mvna: no visible global function definition for ‘gridPLT’
    msmplot.mvna: no visible global function definition for ‘lines’
    msmplot.mvna: no visible global function definition for ‘popViewport’
    plot.mvna: no visible global function definition for ‘plot’
    plot.mvna: no visible global function definition for ‘lines’
    print.mvna: no visible global function definition for ‘quantile’
    print.summary.mvna: no visible global function definition for
     ‘quantile’
    summary.mvna : <anonymous>: no visible global function definition for
     ‘qnorm’
    Undefined global functions or variables:
     baseViewports ftM2graphNEL grid.locator gridPLT lines par plot
     popViewport pushViewport qnorm quantile viewport
    Consider adding
     importFrom("graphics", "lines", "par", "plot")
     importFrom("stats", "qnorm", "quantile")
    to your NAMESPACE file.
Flavors: r-devel-linux-x86_64-debian-clang, r-devel-linux-x86_64-debian-gcc, r-devel-linux-x86_64-fedora-clang, r-devel-linux-x86_64-fedora-gcc, r-devel-macos-x86_64-clang, r-devel-windows-ix86+x86_64, r-patched-linux-x86_64, r-patched-solaris-sparc, r-patched-solaris-x86, r-release-linux-x86_64, r-release-osx-x86_64-mavericks, r-release-windows-ix86+x86_64

Version: 1.2-3
Check: R code for possible problems
Result: NOTE
    msmplot.mvna: no visible global function definition for 'ftM2graphNEL'
    msmplot.mvna: no visible global function definition for 'baseViewports'
    msmplot.mvna: no visible global function definition for 'pushViewport'
    msmplot.mvna: no visible global function definition for 'grid.locator'
    msmplot.mvna: no visible global function definition for 'viewport'
    msmplot.mvna: no visible global function definition for 'gridPLT'
    msmplot.mvna: no visible global function definition for 'popViewport'
Flavor: r-oldrel-windows-ix86+x86_64