CRAN Package Check Results for Package mvna

Last updated on 2015-01-30 01:48:09.

Flavor Version Tinstall Tcheck Ttotal Status Flags
r-devel-linux-x86_64-debian-clang 1.2-3 1.00 13.29 14.29 NOTE
r-devel-linux-x86_64-debian-gcc 1.2-3 0.95 12.59 13.54 NOTE
r-devel-linux-x86_64-fedora-clang 1.2-3 29.32 NOTE
r-devel-linux-x86_64-fedora-gcc 1.2-3 28.04 NOTE
r-devel-osx-x86_64-clang 1.2-3 31.85 NOTE
r-devel-windows-ix86+x86_64 1.2-3 8.00 26.00 34.00 NOTE
r-patched-linux-x86_64 1.2-3 1.01 14.22 15.23 NOTE
r-patched-solaris-sparc 1.2-3 170.90 NOTE
r-patched-solaris-x86 1.2-3 43.40 NOTE
r-release-linux-ix86 1.2-3 1.42 20.73 22.15 NOTE
r-release-linux-x86_64 1.2-3 1.01 14.21 15.22 NOTE
r-release-osx-x86_64-mavericks 1.2-3 NOTE
r-release-osx-x86_64-snowleopard 1.2-3 NOTE
r-release-windows-ix86+x86_64 1.2-3 7.00 33.00 40.00 NOTE
r-oldrel-windows-ix86+x86_64 1.2-3 6.00 31.00 37.00 OK

Check Details

Version: 1.2-3
Check: S3 generic/method consistency
Result: NOTE
    Found the following apparent S3 methods exported but not registered:
     summary.mvna
    See section ‘Registering S3 methods’ in the ‘Writing R Extensions’
    manual.
Flavors: r-devel-linux-x86_64-debian-clang, r-devel-linux-x86_64-debian-gcc, r-devel-linux-x86_64-fedora-clang, r-devel-linux-x86_64-fedora-gcc, r-devel-osx-x86_64-clang

Version: 1.2-3
Check: R code for possible problems
Result: NOTE
    msmplot.mvna: no visible global function definition for ‘ftM2graphNEL’
    msmplot.mvna: no visible global function definition for ‘baseViewports’
    msmplot.mvna: no visible global function definition for ‘pushViewport’
    msmplot.mvna: no visible global function definition for ‘grid.locator’
    msmplot.mvna: no visible global function definition for ‘viewport’
    msmplot.mvna: no visible global function definition for ‘gridPLT’
    msmplot.mvna: no visible global function definition for ‘popViewport’
Flavors: r-devel-linux-x86_64-debian-clang, r-devel-linux-x86_64-debian-gcc, r-devel-linux-x86_64-fedora-clang, r-devel-linux-x86_64-fedora-gcc, r-devel-osx-x86_64-clang, r-devel-windows-ix86+x86_64, r-patched-linux-x86_64, r-patched-solaris-sparc, r-patched-solaris-x86, r-release-linux-ix86, r-release-linux-x86_64, r-release-osx-x86_64-mavericks, r-release-windows-ix86+x86_64

Version: 1.2-3
Check: package dependencies
Result: NOTE
    Package suggested but not available for checking: 'Rgraphviz'
Flavor: r-release-osx-x86_64-snowleopard

Version: 1.2-3
Check: R code for possible problems
Result: NOTE
    msmplot.mvna: no visible global function definition for 'ftM2graphNEL'
Flavor: r-release-osx-x86_64-snowleopard

Version: 1.2-3
Check: Rd cross-references
Result: NOTE
    Package unavailable to check Rd xrefs: 'Rgraphviz'
Flavor: r-release-osx-x86_64-snowleopard