CRAN Package Check Results for Package mvna

Last updated on 2016-12-05 02:47:05.

Flavor Version Tinstall Tcheck Ttotal Status Flags
r-devel-linux-x86_64-debian-clang 1.2-3 1.26 18.60 19.86 NOTE
r-devel-linux-x86_64-debian-gcc 1.2-3 1.15 18.01 19.16 NOTE
r-devel-linux-x86_64-fedora-clang 1.2-3 30.76 NOTE --no-stop-on-test-error
r-devel-linux-x86_64-fedora-gcc 1.2-3 29.03 NOTE --no-stop-on-test-error
r-devel-macos-x86_64-clang 1.2-3 25.42 NOTE
r-devel-windows-ix86+x86_64 1.2-3 5.00 61.00 66.00 NOTE
r-patched-linux-x86_64 1.2-3 0.96 13.07 14.02 NOTE
r-patched-solaris-sparc 1.2-3 153.10 NOTE
r-patched-solaris-x86 1.2-3 36.80 NOTE
r-release-linux-x86_64 1.2-3 0.93 13.16 14.09 NOTE
r-release-osx-x86_64-mavericks 1.2-3 NOTE
r-release-windows-ix86+x86_64 1.2-3 8.00 35.00 43.00 NOTE
r-oldrel-windows-ix86+x86_64 1.2-3 14.00 37.00 51.00 NOTE

Check Details

Version: 1.2-3
Check: S3 generic/method consistency
Result: NOTE
    Found the following apparent S3 methods exported but not registered:
     summary.mvna
    See section ‘Registering S3 methods’ in the ‘Writing R Extensions’
    manual.
Flavors: r-devel-linux-x86_64-debian-clang, r-devel-linux-x86_64-debian-gcc, r-devel-macos-x86_64-clang, r-patched-linux-x86_64, r-patched-solaris-sparc, r-patched-solaris-x86, r-release-linux-x86_64

Version: 1.2-3
Check: R code for possible problems
Result: NOTE
    lines.mvna: no visible global function definition for ‘lines’
    msmplot.mvna: no visible global function definition for ‘qnorm’
    msmplot.mvna: no visible global function definition for ‘par’
    msmplot.mvna: no visible global function definition for ‘ftM2graphNEL’
    msmplot.mvna: no visible global function definition for ‘plot’
    msmplot.mvna: no visible global function definition for ‘baseViewports’
    msmplot.mvna: no visible global function definition for ‘pushViewport’
    msmplot.mvna: no visible global function definition for ‘grid.locator’
    msmplot.mvna: no visible global function definition for ‘viewport’
    msmplot.mvna: no visible global function definition for ‘gridPLT’
    msmplot.mvna: no visible global function definition for ‘lines’
    msmplot.mvna: no visible global function definition for ‘popViewport’
    plot.mvna: no visible global function definition for ‘plot’
    plot.mvna: no visible global function definition for ‘lines’
    print.mvna: no visible global function definition for ‘quantile’
    print.summary.mvna: no visible global function definition for
     ‘quantile’
    summary.mvna : <anonymous>: no visible global function definition for
     ‘qnorm’
    Undefined global functions or variables:
     baseViewports ftM2graphNEL grid.locator gridPLT lines par plot
     popViewport pushViewport qnorm quantile viewport
    Consider adding
     importFrom("graphics", "lines", "par", "plot")
     importFrom("stats", "qnorm", "quantile")
    to your NAMESPACE file.
Flavors: r-devel-linux-x86_64-debian-clang, r-devel-linux-x86_64-debian-gcc, r-devel-macos-x86_64-clang, r-devel-windows-ix86+x86_64, r-patched-linux-x86_64, r-patched-solaris-sparc, r-patched-solaris-x86, r-release-linux-x86_64, r-release-osx-x86_64-mavericks, r-release-windows-ix86+x86_64

Version: 1.2-3
Flags: --no-stop-on-test-error
Check: S3 generic/method consistency
Result: NOTE
    Found the following apparent S3 methods exported but not registered:
     summary.mvna
    See section ‘Registering S3 methods’ in the ‘Writing R Extensions’
    manual.
Flavors: r-devel-linux-x86_64-fedora-clang, r-devel-linux-x86_64-fedora-gcc

Version: 1.2-3
Flags: --no-stop-on-test-error
Check: R code for possible problems
Result: NOTE
    lines.mvna: no visible global function definition for ‘lines’
    msmplot.mvna: no visible global function definition for ‘qnorm’
    msmplot.mvna: no visible global function definition for ‘par’
    msmplot.mvna: no visible global function definition for ‘ftM2graphNEL’
    msmplot.mvna: no visible global function definition for ‘plot’
    msmplot.mvna: no visible global function definition for ‘baseViewports’
    msmplot.mvna: no visible global function definition for ‘pushViewport’
    msmplot.mvna: no visible global function definition for ‘grid.locator’
    msmplot.mvna: no visible global function definition for ‘viewport’
    msmplot.mvna: no visible global function definition for ‘gridPLT’
    msmplot.mvna: no visible global function definition for ‘lines’
    msmplot.mvna: no visible global function definition for ‘popViewport’
    plot.mvna: no visible global function definition for ‘plot’
    plot.mvna: no visible global function definition for ‘lines’
    print.mvna: no visible global function definition for ‘quantile’
    print.summary.mvna: no visible global function definition for
     ‘quantile’
    summary.mvna : <anonymous>: no visible global function definition for
     ‘qnorm’
    Undefined global functions or variables:
     baseViewports ftM2graphNEL grid.locator gridPLT lines par plot
     popViewport pushViewport qnorm quantile viewport
    Consider adding
     importFrom("graphics", "lines", "par", "plot")
     importFrom("stats", "qnorm", "quantile")
    to your NAMESPACE file.
Flavors: r-devel-linux-x86_64-fedora-clang, r-devel-linux-x86_64-fedora-gcc

Version: 1.2-3
Check: R code for possible problems
Result: NOTE
    msmplot.mvna: no visible global function definition for 'ftM2graphNEL'
    msmplot.mvna: no visible global function definition for 'baseViewports'
    msmplot.mvna: no visible global function definition for 'pushViewport'
    msmplot.mvna: no visible global function definition for 'grid.locator'
    msmplot.mvna: no visible global function definition for 'viewport'
    msmplot.mvna: no visible global function definition for 'gridPLT'
    msmplot.mvna: no visible global function definition for 'popViewport'
Flavor: r-oldrel-windows-ix86+x86_64