CRAN Package Check Results for Package mvna

Last updated on 2017-02-24 17:48:40.

Flavor Version Tinstall Tcheck Ttotal Status Flags
r-devel-linux-x86_64-debian-clang 2.0 1.27 18.03 19.29 NOTE
r-devel-linux-x86_64-debian-gcc 2.0 1.85 17.81 19.65 NOTE
r-devel-linux-x86_64-fedora-clang 2.0 27.95 NOTE --no-stop-on-test-error
r-devel-linux-x86_64-fedora-gcc 2.0 26.16 NOTE --no-stop-on-test-error
r-devel-macos-x86_64-clang 2.0 24.40 NOTE --no-stop-on-test-error
r-devel-windows-ix86+x86_64 2.0 16.00 62.00 78.00 OK
r-patched-linux-x86_64 2.0 0.96 12.46 13.42 OK
r-patched-solaris-sparc 2.0 147.80 OK
r-patched-solaris-x86 2.0 35.40 OK
r-release-linux-x86_64 2.0 0.99 12.74 13.73 OK
r-release-osx-x86_64-mavericks 2.0 OK
r-release-windows-ix86+x86_64 2.0 15.00 50.00 65.00 OK
r-oldrel-windows-ix86+x86_64 2.0 16.00 81.00 97.00 OK

Check Details

Version: 2.0
Check: compiled code
Result: NOTE
    File ‘mvna/libs/mvna.so’:
     Found no calls to: ‘R_registerRoutines’, ‘R_useDynamicSymbols’
    
    It is good practice to register native routines and to disable symbol
    search.
    
    See ‘Writing portable packages’ in the ‘Writing R Extensions’ manual.
Flavors: r-devel-linux-x86_64-debian-clang, r-devel-linux-x86_64-debian-gcc

Version: 2.0
Flags: --no-stop-on-test-error
Check: compiled code
Result: NOTE
    File ‘mvna/libs/mvna.so’:
     Found no calls to: ‘R_registerRoutines’, ‘R_useDynamicSymbols’
    
    It is good practice to register native routines and to disable symbol
    search.
    
    See ‘Writing portable packages’ in the ‘Writing R Extensions’ manual.
Flavors: r-devel-linux-x86_64-fedora-clang, r-devel-linux-x86_64-fedora-gcc, r-devel-macos-x86_64-clang