CRAN Package Check Results for Package mvna

Last updated on 2014-12-19 01:48:24.

Flavor Version Tinstall Tcheck Ttotal Status Flags
r-devel-linux-x86_64-debian-clang 1.2-3 1.00 14.33 15.33 NOTE
r-devel-linux-x86_64-debian-gcc 1.2-3 0.96 13.78 14.74 NOTE
r-devel-linux-x86_64-fedora-clang 1.2-3 30.18 NOTE
r-devel-linux-x86_64-fedora-gcc 1.2-3 28.21 NOTE
r-devel-osx-x86_64-clang 1.2-3 31.53 NOTE
r-devel-windows-ix86+x86_64 1.2-3 6.00 30.00 36.00 NOTE
r-patched-linux-x86_64 1.2-3 1.05 14.59 15.64 NOTE
r-patched-solaris-sparc 1.2-3 237.00 NOTE
r-patched-solaris-x86 1.2-3 42.60 NOTE
r-release-linux-ix86 1.2-3 1.42 20.16 21.58 NOTE
r-release-linux-x86_64 1.2-3 1.00 13.85 14.85 NOTE
r-release-osx-x86_64-mavericks 1.2-3 NOTE
r-release-osx-x86_64-snowleopard 1.2-3 NOTE
r-release-windows-ix86+x86_64 1.2-3 6.00 31.00 37.00 NOTE
r-oldrel-windows-ix86+x86_64 1.2-3 5.00 33.00 38.00 OK

Check Details

Version: 1.2-3
Check: R code for possible problems
Result: NOTE
    msmplot.mvna: no visible global function definition for ‘ftM2graphNEL’
    msmplot.mvna: no visible global function definition for ‘baseViewports’
    msmplot.mvna: no visible global function definition for ‘pushViewport’
    msmplot.mvna: no visible global function definition for ‘grid.locator’
    msmplot.mvna: no visible global function definition for ‘viewport’
    msmplot.mvna: no visible global function definition for ‘gridPLT’
    msmplot.mvna: no visible global function definition for ‘popViewport’
Flavors: r-devel-linux-x86_64-debian-clang, r-devel-linux-x86_64-debian-gcc, r-devel-linux-x86_64-fedora-clang, r-devel-linux-x86_64-fedora-gcc, r-devel-osx-x86_64-clang, r-devel-windows-ix86+x86_64, r-patched-linux-x86_64, r-patched-solaris-sparc, r-patched-solaris-x86, r-release-linux-ix86, r-release-linux-x86_64, r-release-windows-ix86+x86_64

Version: 1.2-3
Check: package dependencies
Result: NOTE
    Package suggested but not available for checking: ‘Rgraphviz’
Flavors: r-release-osx-x86_64-mavericks, r-release-osx-x86_64-snowleopard

Version: 1.2-3
Check: R code for possible problems
Result: NOTE
    msmplot.mvna: no visible global function definition for ‘ftM2graphNEL’
    msmplot.mvna: no visible global function definition for ‘pushViewport’
    msmplot.mvna: no visible global function definition for ‘grid.locator’
    msmplot.mvna: no visible global function definition for ‘viewport’
    msmplot.mvna: no visible global function definition for ‘popViewport’
Flavor: r-release-osx-x86_64-mavericks

Version: 1.2-3
Check: Rd cross-references
Result: NOTE
    Package unavailable to check Rd xrefs: ‘Rgraphviz’
Flavors: r-release-osx-x86_64-mavericks, r-release-osx-x86_64-snowleopard

Version: 1.2-3
Check: R code for possible problems
Result: NOTE
    msmplot.mvna: no visible global function definition for 'ftM2graphNEL'
Flavor: r-release-osx-x86_64-snowleopard