CRAN Package Check Results for Package mvna

Last updated on 2015-05-29 03:48:36.

Flavor Version Tinstall Tcheck Ttotal Status Flags
r-devel-linux-x86_64-debian-clang 1.2-3 1.07 12.87 13.94 NOTE
r-devel-linux-x86_64-debian-gcc 1.2-3 0.94 12.85 13.78 NOTE
r-devel-linux-x86_64-fedora-clang 1.2-3 27.69 NOTE
r-devel-linux-x86_64-fedora-gcc 1.2-3 25.76 NOTE
r-devel-osx-x86_64-clang 1.2-3 29.16 NOTE
r-devel-windows-ix86+x86_64 1.2-3 5.00 28.00 33.00 NOTE
r-patched-linux-x86_64 1.2-3 1.01 12.93 13.94 NOTE
r-patched-solaris-sparc 1.2-3 175.10 NOTE
r-patched-solaris-x86 1.2-3 38.90 NOTE
r-release-linux-x86_64 1.2-3 0.92 12.76 13.68 NOTE
r-release-osx-x86_64-mavericks 1.2-3 NOTE
r-release-osx-x86_64-snowleopard 1.2-3 NOTE
r-release-windows-ix86+x86_64 1.2-3 6.00 28.00 34.00 NOTE
r-oldrel-windows-ix86+x86_64 1.2-3 6.00 46.00 52.00 NOTE

Check Details

Version: 1.2-3
Check: S3 generic/method consistency
Result: NOTE
    Found the following apparent S3 methods exported but not registered:
     summary.mvna
    See section ‘Registering S3 methods’ in the ‘Writing R Extensions’
    manual.
Flavors: r-devel-linux-x86_64-debian-clang, r-devel-linux-x86_64-debian-gcc, r-devel-linux-x86_64-fedora-clang, r-devel-linux-x86_64-fedora-gcc, r-devel-osx-x86_64-clang, r-patched-linux-x86_64, r-patched-solaris-sparc, r-patched-solaris-x86, r-release-linux-x86_64

Version: 1.2-3
Check: R code for possible problems
Result: NOTE
    msmplot.mvna: no visible global function definition for ‘ftM2graphNEL’
    msmplot.mvna: no visible global function definition for ‘baseViewports’
    msmplot.mvna: no visible global function definition for ‘pushViewport’
    msmplot.mvna: no visible global function definition for ‘grid.locator’
    msmplot.mvna: no visible global function definition for ‘viewport’
    msmplot.mvna: no visible global function definition for ‘gridPLT’
    msmplot.mvna: no visible global function definition for ‘popViewport’
Flavors: r-devel-linux-x86_64-debian-clang, r-devel-linux-x86_64-debian-gcc, r-devel-linux-x86_64-fedora-clang, r-devel-linux-x86_64-fedora-gcc, r-devel-osx-x86_64-clang, r-devel-windows-ix86+x86_64, r-patched-linux-x86_64, r-patched-solaris-sparc, r-patched-solaris-x86, r-release-linux-x86_64, r-release-osx-x86_64-mavericks, r-release-osx-x86_64-snowleopard, r-release-windows-ix86+x86_64, r-oldrel-windows-ix86+x86_64

Version: 1.2-3
Check: package dependencies
Result: NOTE
    Package suggested but not available for checking: ‘Rgraphviz’
Flavor: r-release-osx-x86_64-snowleopard

Version: 1.2-3
Check: Rd cross-references
Result: NOTE
    Package unavailable to check Rd xrefs: ‘Rgraphviz’
Flavor: r-release-osx-x86_64-snowleopard