CRAN Package Check Results for Package mvna

Last updated on 2017-05-28 21:47:01.

Flavor Version Tinstall Tcheck Ttotal Status Flags
r-devel-linux-x86_64-debian-clang 2.0 1.33 19.20 20.53 NOTE
r-devel-linux-x86_64-debian-gcc 2.0 1.26 18.29 19.55 NOTE
r-devel-linux-x86_64-fedora-clang 2.0 27.66 NOTE
r-devel-linux-x86_64-fedora-gcc 2.0 26.34 NOTE
r-devel-windows-ix86+x86_64 2.0 5.00 63.00 68.00 OK
r-patched-linux-x86_64 2.0 1.29 19.06 20.35 NOTE
r-patched-solaris-sparc 2.0 167.60 OK
r-patched-solaris-x86 2.0 41.10 OK
r-release-linux-x86_64 2.0 1.20 18.54 19.74 NOTE
r-release-windows-ix86+x86_64 2.0 11.00 46.00 57.00 OK
r-release-osx-x86_64 2.0 OK
r-oldrel-windows-ix86+x86_64 2.0 8.00 35.00 43.00 OK
r-oldrel-osx-x86_64 2.0 OK

Check Details

Version: 2.0
Check: compiled code
Result: NOTE
    File ‘mvna/libs/mvna.so’:
     Found no calls to: ‘R_registerRoutines’, ‘R_useDynamicSymbols’
    
    It is good practice to register native routines and to disable symbol
    search.
    
    See ‘Writing portable packages’ in the ‘Writing R Extensions’ manual.
Flavors: r-devel-linux-x86_64-debian-clang, r-devel-linux-x86_64-debian-gcc, r-devel-linux-x86_64-fedora-clang, r-devel-linux-x86_64-fedora-gcc, r-patched-linux-x86_64, r-release-linux-x86_64