CRAN Package Check Results for Package mvna

Last updated on 2015-08-03 08:48:46.

Flavor Version Tinstall Tcheck Ttotal Status Flags
r-devel-linux-x86_64-debian-clang 1.2-3 0.92 13.31 14.23 NOTE
r-devel-linux-x86_64-debian-gcc 1.2-3 0.88 12.58 13.46 NOTE
r-devel-linux-x86_64-fedora-clang 1.2-3 27.14 NOTE
r-devel-linux-x86_64-fedora-gcc 1.2-3 25.24 NOTE
r-devel-osx-x86_64-clang 1.2-3 25.67 NOTE
r-devel-windows-ix86+x86_64 1.2-3 5.00 47.00 52.00 NOTE
r-patched-linux-x86_64 1.2-3 0.98 14.44 15.42 NOTE
r-patched-solaris-sparc 1.2-3 173.90 NOTE
r-patched-solaris-x86 1.2-3 38.60 NOTE
r-release-linux-x86_64 1.2-3 0.91 12.86 13.77 NOTE
r-release-osx-x86_64-mavericks 1.2-3 NOTE
r-release-windows-ix86+x86_64 1.2-3 8.00 31.00 39.00 NOTE
r-oldrel-windows-ix86+x86_64 1.2-3 11.00 35.00 46.00 NOTE

Check Details

Version: 1.2-3
Check: S3 generic/method consistency
Result: NOTE
    Found the following apparent S3 methods exported but not registered:
     summary.mvna
    See section ‘Registering S3 methods’ in the ‘Writing R Extensions’
    manual.
Flavors: r-devel-linux-x86_64-debian-clang, r-devel-linux-x86_64-debian-gcc, r-devel-linux-x86_64-fedora-clang, r-devel-linux-x86_64-fedora-gcc, r-devel-osx-x86_64-clang, r-patched-linux-x86_64, r-patched-solaris-sparc, r-patched-solaris-x86, r-release-linux-x86_64

Version: 1.2-3
Check: R code for possible problems
Result: NOTE
    lines.mvna: no visible global function definition for ‘lines’
    msmplot.mvna: no visible global function definition for ‘qnorm’
    msmplot.mvna: no visible global function definition for ‘par’
    msmplot.mvna: no visible global function definition for ‘ftM2graphNEL’
    msmplot.mvna: no visible global function definition for ‘plot’
    msmplot.mvna: no visible global function definition for ‘baseViewports’
    msmplot.mvna: no visible global function definition for ‘pushViewport’
    msmplot.mvna: no visible global function definition for ‘grid.locator’
    msmplot.mvna: no visible global function definition for ‘viewport’
    msmplot.mvna: no visible global function definition for ‘gridPLT’
    msmplot.mvna: no visible global function definition for ‘lines’
    msmplot.mvna: no visible global function definition for ‘popViewport’
    plot.mvna: no visible global function definition for ‘plot’
    plot.mvna: no visible global function definition for ‘lines’
    print.mvna: no visible global function definition for ‘quantile’
    print.summary.mvna: no visible global function definition for
     ‘quantile’
    summary.mvna : <anonymous>: no visible global function definition for
     ‘qnorm’
    Undefined global functions or variables:
     baseViewports ftM2graphNEL grid.locator gridPLT lines par plot
     popViewport pushViewport qnorm quantile viewport
    Consider adding
     importFrom("graphics", "lines", "par", "plot")
     importFrom("stats", "qnorm", "quantile")
    to your NAMESPACE.
Flavors: r-devel-linux-x86_64-debian-clang, r-devel-linux-x86_64-debian-gcc, r-devel-linux-x86_64-fedora-clang, r-devel-linux-x86_64-fedora-gcc, r-devel-windows-ix86+x86_64

Version: 1.2-3
Check: R code for possible problems
Result: NOTE
    msmplot.mvna: no visible global function definition for ‘ftM2graphNEL’
    msmplot.mvna: no visible global function definition for ‘baseViewports’
    msmplot.mvna: no visible global function definition for ‘pushViewport’
    msmplot.mvna: no visible global function definition for ‘grid.locator’
    msmplot.mvna: no visible global function definition for ‘viewport’
    msmplot.mvna: no visible global function definition for ‘gridPLT’
    msmplot.mvna: no visible global function definition for ‘popViewport’
    Undefined global functions or variables:
     baseViewports ftM2graphNEL grid.locator gridPLT popViewport
     pushViewport viewport
Flavor: r-devel-osx-x86_64-clang

Version: 1.2-3
Check: R code for possible problems
Result: NOTE
    msmplot.mvna: no visible global function definition for ‘ftM2graphNEL’
    msmplot.mvna: no visible global function definition for ‘baseViewports’
    msmplot.mvna: no visible global function definition for ‘pushViewport’
    msmplot.mvna: no visible global function definition for ‘grid.locator’
    msmplot.mvna: no visible global function definition for ‘viewport’
    msmplot.mvna: no visible global function definition for ‘gridPLT’
    msmplot.mvna: no visible global function definition for ‘popViewport’
Flavors: r-patched-linux-x86_64, r-patched-solaris-sparc, r-patched-solaris-x86, r-release-linux-x86_64, r-release-osx-x86_64-mavericks, r-release-windows-ix86+x86_64, r-oldrel-windows-ix86+x86_64