CRAN Package Check Results for Package mvna

Last updated on 2014-07-26 17:47:13.

Flavor Version Tinstall Tcheck Ttotal Status Flags
r-devel-linux-x86_64-debian-clang 1.2-3 0.96 13.83 14.80 OK
r-devel-linux-x86_64-debian-gcc 1.2-3 0.95 13.78 14.73 OK
r-devel-linux-x86_64-fedora-clang 1.2-3 31.09 OK
r-devel-linux-x86_64-fedora-gcc 1.2-3 28.69 OK
r-devel-osx-x86_64-clang 1.2-3 31.35 OK
r-devel-windows-ix86+x86_64 1.2-3 6.00 31.00 37.00 OK
r-patched-linux-x86_64 1.2-3 1.00 13.84 14.84 OK
r-patched-solaris-sparc 1.2-3 174.30 OK
r-patched-solaris-x86 1.2-3 41.70 OK
r-release-linux-ix86 1.2-3 1.46 21.34 22.80 OK
r-release-linux-x86_64 1.2-3 1.11 14.36 15.48 OK
r-release-osx-x86_64-mavericks 1.2-3 NOTE
r-release-osx-x86_64-snowleopard 1.2-3 NOTE
r-release-windows-ix86+x86_64 1.2-3 5.00 30.00 35.00 OK
r-oldrel-windows-ix86+x86_64 1.2-3 5.00 33.00 38.00 OK

Check Details

Version: 1.2-3
Check: package dependencies
Result: NOTE
    Package suggested but not available for checking: ‘Rgraphviz’
Flavors: r-release-osx-x86_64-mavericks, r-release-osx-x86_64-snowleopard

Version: 1.2-3
Check: R code for possible problems
Result: NOTE
    msmplot.mvna: no visible global function definition for ‘ftM2graphNEL’
    msmplot.mvna: no visible global function definition for ‘pushViewport’
    msmplot.mvna: no visible global function definition for ‘grid.locator’
    msmplot.mvna: no visible global function definition for ‘viewport’
    msmplot.mvna: no visible global function definition for ‘popViewport’
Flavor: r-release-osx-x86_64-mavericks

Version: 1.2-3
Check: Rd cross-references
Result: NOTE
    Package unavailable to check Rd xrefs: ‘Rgraphviz’
Flavors: r-release-osx-x86_64-mavericks, r-release-osx-x86_64-snowleopard

Version: 1.2-3
Check: R code for possible problems
Result: NOTE
    msmplot.mvna: no visible global function definition for 'ftM2graphNEL'
Flavor: r-release-osx-x86_64-snowleopard