CRAN Package Check Results for Package mvna

Last updated on 2014-09-02 20:48:55.

Flavor Version Tinstall Tcheck Ttotal Status Flags
r-devel-linux-x86_64-debian-clang 1.2-3 0.91 12.89 13.80 NOTE
r-devel-linux-x86_64-debian-gcc 1.2-3 0.90 12.88 13.78 NOTE
r-devel-linux-x86_64-fedora-clang 1.2-3 27.90 NOTE
r-devel-linux-x86_64-fedora-gcc 1.2-3 25.89 NOTE
r-devel-osx-x86_64-clang 1.2-3 28.66 NOTE
r-devel-windows-ix86+x86_64 1.2-3 5.00 28.00 33.00 NOTE
r-patched-linux-x86_64 1.2-3 1.08 13.71 14.78 OK
r-patched-solaris-sparc 1.2-3 171.00 OK
r-patched-solaris-x86 1.2-3 42.50 OK
r-release-linux-ix86 1.2-3 1.44 22.40 23.84 OK
r-release-linux-x86_64 1.2-3 1.02 14.12 15.14 OK
r-release-osx-x86_64-mavericks 1.2-3 NOTE
r-release-osx-x86_64-snowleopard 1.2-3 NOTE
r-release-windows-ix86+x86_64 1.2-3 6.00 29.00 35.00 OK
r-oldrel-windows-ix86+x86_64 1.2-3 6.00 31.00 37.00 OK

Check Details

Version: 1.2-3
Check: R code for possible problems
Result: NOTE
    msmplot.mvna: no visible global function definition for ‘ftM2graphNEL’
    msmplot.mvna: no visible global function definition for ‘baseViewports’
    msmplot.mvna: no visible global function definition for ‘pushViewport’
    msmplot.mvna: no visible global function definition for ‘grid.locator’
    msmplot.mvna: no visible global function definition for ‘viewport’
    msmplot.mvna: no visible global function definition for ‘gridPLT’
    msmplot.mvna: no visible global function definition for ‘popViewport’
Flavors: r-devel-linux-x86_64-debian-clang, r-devel-linux-x86_64-debian-gcc, r-devel-linux-x86_64-fedora-clang, r-devel-linux-x86_64-fedora-gcc, r-devel-osx-x86_64-clang, r-devel-windows-ix86+x86_64

Version: 1.2-3
Check: package dependencies
Result: NOTE
    Package suggested but not available for checking: ‘Rgraphviz’
Flavors: r-release-osx-x86_64-mavericks, r-release-osx-x86_64-snowleopard

Version: 1.2-3
Check: R code for possible problems
Result: NOTE
    msmplot.mvna: no visible global function definition for ‘ftM2graphNEL’
    msmplot.mvna: no visible global function definition for ‘pushViewport’
    msmplot.mvna: no visible global function definition for ‘grid.locator’
    msmplot.mvna: no visible global function definition for ‘viewport’
    msmplot.mvna: no visible global function definition for ‘popViewport’
Flavor: r-release-osx-x86_64-mavericks

Version: 1.2-3
Check: Rd cross-references
Result: NOTE
    Package unavailable to check Rd xrefs: ‘Rgraphviz’
Flavors: r-release-osx-x86_64-mavericks, r-release-osx-x86_64-snowleopard

Version: 1.2-3
Check: R code for possible problems
Result: NOTE
    msmplot.mvna: no visible global function definition for 'ftM2graphNEL'
Flavor: r-release-osx-x86_64-snowleopard