CRAN Package Check Results for Package mvna

Last updated on 2017-03-31 01:49:13.

Flavor Version Tinstall Tcheck Ttotal Status Flags
r-devel-linux-x86_64-debian-clang 2.0 1.20 18.03 19.23 NOTE
r-devel-linux-x86_64-debian-gcc 2.0 1.22 17.90 19.12 NOTE
r-devel-linux-x86_64-fedora-clang 2.0 26.90 NOTE --no-stop-on-test-error
r-devel-linux-x86_64-fedora-gcc 2.0 26.46 NOTE --no-stop-on-test-error
r-devel-macos-x86_64-clang 2.0 24.01 NOTE --no-stop-on-test-error
r-devel-windows-ix86+x86_64 2.0 6.00 58.00 64.00 OK
r-patched-linux-x86_64 2.0 1.14 17.70 18.84 NOTE
r-patched-solaris-sparc 2.0 167.60 OK
r-patched-solaris-x86 2.0 41.80 OK
r-release-linux-x86_64 2.0 0.95 12.51 13.46 OK
r-release-osx-x86_64-mavericks 2.0 OK
r-release-windows-ix86+x86_64 2.0 9.00 166.00 175.00 OK
r-oldrel-windows-ix86+x86_64 2.0 13.00 91.00 104.00 OK

Check Details

Version: 2.0
Check: compiled code
Result: NOTE
    File ‘mvna/libs/mvna.so’:
     Found no calls to: ‘R_registerRoutines’, ‘R_useDynamicSymbols’
    
    It is good practice to register native routines and to disable symbol
    search.
    
    See ‘Writing portable packages’ in the ‘Writing R Extensions’ manual.
Flavors: r-devel-linux-x86_64-debian-clang, r-devel-linux-x86_64-debian-gcc, r-patched-linux-x86_64

Version: 2.0
Flags: --no-stop-on-test-error
Check: compiled code
Result: NOTE
    File ‘mvna/libs/mvna.so’:
     Found no calls to: ‘R_registerRoutines’, ‘R_useDynamicSymbols’
    
    It is good practice to register native routines and to disable symbol
    search.
    
    See ‘Writing portable packages’ in the ‘Writing R Extensions’ manual.
Flavors: r-devel-linux-x86_64-fedora-clang, r-devel-linux-x86_64-fedora-gcc, r-devel-macos-x86_64-clang