CRAN Package Check Results for Package mvna

Last updated on 2017-07-22 14:46:36.

Flavor Version Tinstall Tcheck Ttotal Status Flags
r-devel-linux-x86_64-debian-clang 2.0 3.28 24.62 27.90 NOTE
r-devel-linux-x86_64-debian-gcc 2.0 1.21 24.16 25.37 NOTE
r-devel-linux-x86_64-fedora-clang 2.0 27.85 NOTE
r-devel-linux-x86_64-fedora-gcc 2.0 26.50 NOTE
r-devel-windows-ix86+x86_64 2.0 13.00 48.00 61.00 OK
r-patched-linux-x86_64 2.0 1.21 24.62 25.83 NOTE
r-patched-solaris-x86 2.0 41.10 OK
r-release-linux-x86_64 2.0 1.19 24.59 25.78 NOTE
r-release-windows-ix86+x86_64 2.0 7.00 61.00 68.00 OK
r-release-osx-x86_64 2.0 OK
r-oldrel-windows-ix86+x86_64 2.0 5.00 53.00 58.00 OK
r-oldrel-osx-x86_64 2.0 OK

Check Details

Version: 2.0
Check: compiled code
Result: NOTE
    File ‘mvna/libs/mvna.so’:
     Found no calls to: ‘R_registerRoutines’, ‘R_useDynamicSymbols’
    
    It is good practice to register native routines and to disable symbol
    search.
    
    See ‘Writing portable packages’ in the ‘Writing R Extensions’ manual.
Flavors: r-devel-linux-x86_64-debian-clang, r-devel-linux-x86_64-debian-gcc, r-devel-linux-x86_64-fedora-clang, r-devel-linux-x86_64-fedora-gcc, r-patched-linux-x86_64, r-release-linux-x86_64