CRAN Package Check Results for Package mvna

Last updated on 2014-04-17 02:47:50.

Flavor Version Tinstall Tcheck Ttotal Status Flags
r-devel-linux-x86_64-debian-clang 1.2-3 1.03 14.38 15.41 OK
r-devel-linux-x86_64-debian-gcc 1.2-3 1.04 14.71 15.76 OK
r-devel-linux-x86_64-fedora-clang 1.2-3 30.98 OK
r-devel-linux-x86_64-fedora-gcc 1.2-3 29.01 OK
r-devel-macosx-x86_64-clang 1.2-3 31.95 OK
r-devel-macosx-x86_64-gcc 1.2-3 NOTE
r-devel-windows-ix86+x86_64 1.2-3 5.00 30.00 35.00 OK
r-patched-linux-x86_64 1.2-3 1.08 14.68 15.77 OK
r-patched-solaris-sparc 1.2-3 174.30 OK
r-patched-solaris-x86 1.2-3 42.80 OK
r-release-linux-ix86 1.2-3 3.00 30.00 33.00 OK
r-release-linux-x86_64 1.2-3 1.06 98.47 99.54 OK
r-release-macosx-x86_64 1.2-3 NOTE
r-release-windows-ix86+x86_64 1.2-3 5.00 29.00 34.00 OK
r-oldrel-windows-ix86+x86_64 1.2-3 5.00 30.00 35.00 OK

Check Details

Version: 1.2-3
Check: package dependencies
Result: NOTE
    Package suggested but not available for checking: ‘Rgraphviz’
Flavors: r-devel-macosx-x86_64-gcc, r-release-macosx-x86_64

Version: 1.2-3
Check: R code for possible problems
Result: NOTE
    msmplot.mvna: no visible global function definition for ‘ftM2graphNEL’
    msmplot.mvna: no visible global function definition for ‘pushViewport’
    msmplot.mvna: no visible global function definition for ‘grid.locator’
    msmplot.mvna: no visible global function definition for ‘viewport’
    msmplot.mvna: no visible global function definition for ‘popViewport’
Flavor: r-devel-macosx-x86_64-gcc

Version: 1.2-3
Check: Rd cross-references
Result: NOTE
    Package unavailable to check Rd xrefs: ‘Rgraphviz’
Flavors: r-devel-macosx-x86_64-gcc, r-release-macosx-x86_64

Version: 1.2-3
Check: R code for possible problems
Result: NOTE
    msmplot.mvna: no visible global function definition for 'ftM2graphNEL'
Flavor: r-release-macosx-x86_64