CRAN Package Check Results for Package mvna

Last updated on 2014-11-29 08:53:23.

Flavor Version Tinstall Tcheck Ttotal Status Flags
r-devel-linux-x86_64-debian-clang 1.2-3 1.03 13.94 14.97 NOTE
r-devel-linux-x86_64-debian-gcc 1.2-3 1.03 14.00 15.03 NOTE
r-devel-linux-x86_64-fedora-clang 1.2-3 30.47 NOTE
r-devel-linux-x86_64-fedora-gcc 1.2-3 29.64 NOTE
r-devel-osx-x86_64-clang 1.2-3 31.96 NOTE
r-devel-windows-ix86+x86_64 1.2-3 5.00 29.00 34.00 NOTE
r-patched-linux-x86_64 1.2-3 1.04 13.88 14.92 NOTE
r-patched-solaris-sparc 1.2-3 237.00 NOTE
r-patched-solaris-x86 1.2-3 42.50 NOTE
r-release-linux-ix86 1.2-3 1.44 20.62 22.06 NOTE
r-release-linux-x86_64 1.2-3 1.10 14.14 15.24 NOTE
r-release-osx-x86_64-mavericks 1.2-3 NOTE
r-release-osx-x86_64-snowleopard 1.2-3 NOTE
r-release-windows-ix86+x86_64 1.2-3 6.00 31.00 37.00 NOTE
r-oldrel-windows-ix86+x86_64 1.2-3 5.00 32.00 37.00 OK

Check Details

Version: 1.2-3
Check: R code for possible problems
Result: NOTE
    msmplot.mvna: no visible global function definition for ‘ftM2graphNEL’
    msmplot.mvna: no visible global function definition for ‘baseViewports’
    msmplot.mvna: no visible global function definition for ‘pushViewport’
    msmplot.mvna: no visible global function definition for ‘grid.locator’
    msmplot.mvna: no visible global function definition for ‘viewport’
    msmplot.mvna: no visible global function definition for ‘gridPLT’
    msmplot.mvna: no visible global function definition for ‘popViewport’
Flavors: r-devel-linux-x86_64-debian-clang, r-devel-linux-x86_64-debian-gcc, r-devel-linux-x86_64-fedora-clang, r-devel-linux-x86_64-fedora-gcc, r-devel-osx-x86_64-clang, r-devel-windows-ix86+x86_64, r-patched-linux-x86_64, r-patched-solaris-sparc, r-patched-solaris-x86, r-release-linux-ix86, r-release-linux-x86_64, r-release-windows-ix86+x86_64

Version: 1.2-3
Check: package dependencies
Result: NOTE
    Package suggested but not available for checking: ‘Rgraphviz’
Flavors: r-release-osx-x86_64-mavericks, r-release-osx-x86_64-snowleopard

Version: 1.2-3
Check: R code for possible problems
Result: NOTE
    msmplot.mvna: no visible global function definition for ‘ftM2graphNEL’
    msmplot.mvna: no visible global function definition for ‘pushViewport’
    msmplot.mvna: no visible global function definition for ‘grid.locator’
    msmplot.mvna: no visible global function definition for ‘viewport’
    msmplot.mvna: no visible global function definition for ‘popViewport’
Flavor: r-release-osx-x86_64-mavericks

Version: 1.2-3
Check: Rd cross-references
Result: NOTE
    Package unavailable to check Rd xrefs: ‘Rgraphviz’
Flavors: r-release-osx-x86_64-mavericks, r-release-osx-x86_64-snowleopard

Version: 1.2-3
Check: R code for possible problems
Result: NOTE
    msmplot.mvna: no visible global function definition for 'ftM2graphNEL'
Flavor: r-release-osx-x86_64-snowleopard