CRAN Package Check Results for Package mvna

Last updated on 2015-03-28 11:49:20.

Flavor Version Tinstall Tcheck Ttotal Status Flags
r-devel-linux-x86_64-debian-clang 1.2-3 0.96 12.95 13.91 NOTE
r-devel-linux-x86_64-debian-gcc 1.2-3 0.94 12.90 13.83 NOTE
r-devel-linux-x86_64-fedora-clang 1.2-3 27.28 NOTE
r-devel-linux-x86_64-fedora-gcc 1.2-3 26.85 NOTE
r-devel-osx-x86_64-clang 1.2-3 33.33 NOTE
r-prerel-windows-ix86+x86_64 1.2-3 9.00 27.00 36.00 NOTE
r-prerel-linux-x86_64 1.2-3 0.92 12.78 13.70 NOTE
r-prerel-solaris-sparc 1.2-3 184.20 NOTE
r-prerel-solaris-x86 1.2-3 37.20 NOTE
r-release-linux-x86_64 1.2-3 0.98 14.41 15.40 NOTE
r-release-osx-x86_64-mavericks 1.2-3 NOTE
r-release-osx-x86_64-snowleopard 1.2-3 NOTE
r-release-windows-ix86+x86_64 1.2-3 5.00 31.00 36.00 NOTE
r-oldrel-windows-ix86+x86_64 1.2-3 5.00 42.00 47.00 OK

Check Details

Version: 1.2-3
Check: S3 generic/method consistency
Result: NOTE
    Found the following apparent S3 methods exported but not registered:
     summary.mvna
    See section ‘Registering S3 methods’ in the ‘Writing R Extensions’
    manual.
Flavors: r-devel-linux-x86_64-debian-clang, r-devel-linux-x86_64-debian-gcc, r-devel-linux-x86_64-fedora-clang, r-devel-linux-x86_64-fedora-gcc, r-devel-osx-x86_64-clang, r-prerel-linux-x86_64

Version: 1.2-3
Check: R code for possible problems
Result: NOTE
    msmplot.mvna: no visible global function definition for ‘ftM2graphNEL’
    msmplot.mvna: no visible global function definition for ‘baseViewports’
    msmplot.mvna: no visible global function definition for ‘pushViewport’
    msmplot.mvna: no visible global function definition for ‘grid.locator’
    msmplot.mvna: no visible global function definition for ‘viewport’
    msmplot.mvna: no visible global function definition for ‘gridPLT’
    msmplot.mvna: no visible global function definition for ‘popViewport’
Flavors: r-devel-linux-x86_64-debian-clang, r-devel-linux-x86_64-debian-gcc, r-devel-linux-x86_64-fedora-clang, r-devel-linux-x86_64-fedora-gcc, r-devel-osx-x86_64-clang, r-prerel-windows-ix86+x86_64, r-prerel-linux-x86_64, r-prerel-solaris-sparc, r-prerel-solaris-x86, r-release-linux-x86_64, r-release-osx-x86_64-mavericks, r-release-windows-ix86+x86_64

Version: 1.2-3
Check: package dependencies
Result: NOTE
    Package suggested but not available for checking: 'Rgraphviz'
Flavor: r-release-osx-x86_64-snowleopard

Version: 1.2-3
Check: R code for possible problems
Result: NOTE
    msmplot.mvna: no visible global function definition for 'ftM2graphNEL'
Flavor: r-release-osx-x86_64-snowleopard

Version: 1.2-3
Check: Rd cross-references
Result: NOTE
    Package unavailable to check Rd xrefs: 'Rgraphviz'
Flavor: r-release-osx-x86_64-snowleopard