CRAN Package Check Results for Package mvnmle

Last updated on 2015-03-31 03:48:35.

Flavor Version Tinstall Tcheck Ttotal Status Flags
r-devel-linux-x86_64-debian-clang 0.1-11 0.88 9.56 10.43 NOTE
r-devel-linux-x86_64-debian-gcc 0.1-11 0.84 9.91 10.75 NOTE
r-devel-linux-x86_64-fedora-clang 0.1-11 19.06 NOTE
r-devel-linux-x86_64-fedora-gcc 0.1-11 20.12 NOTE
r-devel-osx-x86_64-clang 0.1-11 28.16 NOTE
r-prerel-windows-ix86+x86_64 0.1-11 7.00 19.00 26.00 NOTE
r-prerel-linux-x86_64 0.1-11 0.89 9.07 9.96 NOTE
r-prerel-solaris-sparc 0.1-11 130.40 NOTE
r-prerel-solaris-x86 0.1-11 28.50 NOTE
r-release-linux-x86_64 0.1-11 0.96 10.22 11.19 OK
r-release-osx-x86_64-mavericks 0.1-11 OK
r-release-windows-ix86+x86_64 0.1-11 8.00 21.00 29.00 OK
r-oldrel-windows-ix86+x86_64 0.1-11 5.00 20.00 25.00 OK

Check Details

Version: 0.1-11
Check: DESCRIPTION meta-information
Result: NOTE
    Malformed Title field: should not end in a period.
Flavors: r-devel-linux-x86_64-debian-clang, r-devel-linux-x86_64-debian-gcc, r-devel-linux-x86_64-fedora-clang, r-devel-linux-x86_64-fedora-gcc, r-devel-osx-x86_64-clang, r-prerel-windows-ix86+x86_64, r-prerel-linux-x86_64, r-prerel-solaris-sparc, r-prerel-solaris-x86