CRAN Package Check Results for Package mvnmle

Last updated on 2015-05-27 19:47:14.

Flavor Version Tinstall Tcheck Ttotal Status Flags
r-devel-linux-x86_64-debian-clang 0.1-11 0.85 9.50 10.35 NOTE
r-devel-linux-x86_64-debian-gcc 0.1-11 0.86 9.50 10.36 NOTE
r-devel-linux-x86_64-fedora-clang 0.1-11 20.30 NOTE
r-devel-linux-x86_64-fedora-gcc 0.1-11 18.62 NOTE
r-devel-osx-x86_64-clang 0.1-11 24.61 NOTE
r-devel-windows-ix86+x86_64 0.1-11 6.00 19.00 25.00 NOTE
r-patched-linux-x86_64 0.1-11 0.84 9.44 10.29 NOTE
r-patched-solaris-sparc 0.1-11 127.50 NOTE
r-patched-solaris-x86 0.1-11 30.20 NOTE
r-release-linux-x86_64 0.1-11 0.83 9.84 10.67 NOTE
r-release-osx-x86_64-mavericks 0.1-11 NOTE
r-release-osx-x86_64-snowleopard 0.1-11 NOTE
r-release-windows-ix86+x86_64 0.1-11 4.00 22.00 26.00 NOTE
r-oldrel-windows-ix86+x86_64 0.1-11 8.00 21.00 29.00 OK

Check Details

Version: 0.1-11
Check: DESCRIPTION meta-information
Result: NOTE
    Malformed Title field: should not end in a period.
Flavors: r-devel-linux-x86_64-debian-clang, r-devel-linux-x86_64-debian-gcc, r-devel-linux-x86_64-fedora-clang, r-devel-linux-x86_64-fedora-gcc, r-devel-osx-x86_64-clang, r-devel-windows-ix86+x86_64, r-patched-linux-x86_64, r-patched-solaris-sparc, r-patched-solaris-x86, r-release-linux-x86_64, r-release-osx-x86_64-mavericks, r-release-osx-x86_64-snowleopard, r-release-windows-ix86+x86_64