CRAN Package Check Results for Package mvnmle

Last updated on 2016-02-10 02:49:13.

Flavor Version Tinstall Tcheck Ttotal Status Flags
r-devel-linux-x86_64-debian-gcc 0.1-11 0.95 8.41 9.36 NOTE
r-devel-linux-x86_64-fedora-clang 0.1-11 17.36 NOTE
r-devel-linux-x86_64-fedora-gcc 0.1-11 16.37 NOTE
r-devel-osx-x86_64-clang 0.1-11 20.89 NOTE
r-devel-windows-ix86+x86_64 0.1-11 8.00 21.00 29.00 NOTE
r-patched-linux-x86_64 0.1-11 0.97 9.19 10.16 NOTE
r-patched-solaris-sparc 0.1-11 109.70 NOTE
r-patched-solaris-x86 0.1-11 26.40 NOTE
r-release-linux-x86_64 0.1-11 0.97 9.24 10.21 NOTE
r-release-osx-x86_64-mavericks 0.1-11 NOTE
r-release-windows-ix86+x86_64 0.1-11 5.00 20.00 25.00 NOTE
r-oldrel-windows-ix86+x86_64 0.1-11 8.00 21.00 29.00 OK

Check Details

Version: 0.1-11
Check: DESCRIPTION meta-information
Result: NOTE
    Malformed Title field: should not end in a period.
Flavors: r-devel-linux-x86_64-debian-gcc, r-devel-linux-x86_64-fedora-clang, r-devel-linux-x86_64-fedora-gcc, r-devel-osx-x86_64-clang, r-devel-windows-ix86+x86_64, r-patched-linux-x86_64, r-patched-solaris-sparc, r-patched-solaris-x86, r-release-linux-x86_64, r-release-osx-x86_64-mavericks, r-release-windows-ix86+x86_64

Version: 0.1-11
Check: R code for possible problems
Result: NOTE
    getstartvals: no visible global function definition for ‘cov’
    mlest: no visible global function definition for ‘nlm’
    Undefined global functions or variables:
     cov nlm
    Consider adding
     importFrom("stats", "cov", "nlm")
    to your NAMESPACE file.
Flavors: r-devel-linux-x86_64-debian-gcc, r-devel-linux-x86_64-fedora-clang, r-devel-linux-x86_64-fedora-gcc, r-devel-osx-x86_64-clang, r-devel-windows-ix86+x86_64