CRAN Package Check Results for Package mvnmle

Last updated on 2018-06-22 18:46:48 CEST.

Flavor Version Tinstall Tcheck Ttotal Status Flags
r-devel-linux-x86_64-debian-clang 0.1-11.1 1.45 18.58 20.03 NOTE
r-devel-linux-x86_64-debian-gcc 0.1-11.1 1.23 14.94 16.17 NOTE
r-devel-linux-x86_64-fedora-clang 0.1-11.1 23.94 NOTE
r-devel-linux-x86_64-fedora-gcc 0.1-11.1 22.45 NOTE
r-devel-windows-ix86+x86_64 0.1-11.1 8.00 35.00 43.00 OK
r-patched-linux-x86_64 0.1-11.1 1.21 17.47 18.68 NOTE
r-patched-solaris-x86 0.1-11.1 36.40 OK
r-release-linux-x86_64 0.1-11.1 1.46 17.63 19.09 NOTE
r-release-windows-ix86+x86_64 0.1-11.1 9.00 42.00 51.00 OK
r-release-osx-x86_64 0.1-11.1 OK
r-oldrel-windows-ix86+x86_64 0.1-11.1 9.00 41.00 50.00 OK
r-oldrel-osx-x86_64 0.1-11.1 OK

Check Details

Version: 0.1-11.1
Check: compiled code
Result: NOTE
    File ‘mvnmle/libs/mvnmle.so’:
     Found no calls to: ‘R_registerRoutines’, ‘R_useDynamicSymbols’
    
    It is good practice to register native routines and to disable symbol
    search.
    
    See ‘Writing portable packages’ in the ‘Writing R Extensions’ manual.
Flavors: r-devel-linux-x86_64-debian-clang, r-devel-linux-x86_64-debian-gcc, r-devel-linux-x86_64-fedora-clang, r-devel-linux-x86_64-fedora-gcc, r-patched-linux-x86_64, r-release-linux-x86_64