CRAN Package Check Results for Package mvnmle

Last updated on 2015-07-27 23:48:05.

Flavor Version Tinstall Tcheck Ttotal Status Flags
r-devel-linux-x86_64-debian-clang 0.1-11 0.85 9.22 10.06 NOTE
r-devel-linux-x86_64-debian-gcc 0.1-11 0.83 9.89 10.72 NOTE
r-devel-linux-x86_64-fedora-clang 0.1-11 19.62 NOTE
r-devel-linux-x86_64-fedora-gcc 0.1-11 18.31 NOTE
r-devel-osx-x86_64-clang 0.1-11 18.28 NOTE
r-devel-windows-ix86+x86_64 0.1-11 6.00 26.00 32.00 NOTE
r-patched-linux-x86_64 0.1-11 0.86 9.33 10.19 NOTE
r-patched-solaris-sparc 0.1-11 128.90 NOTE
r-patched-solaris-x86 0.1-11 29.20 NOTE
r-release-linux-x86_64 0.1-11 0.84 10.00 10.84 NOTE
r-release-osx-x86_64-mavericks 0.1-11 NOTE
r-release-windows-ix86+x86_64 0.1-11 5.00 23.00 28.00 NOTE
r-oldrel-windows-ix86+x86_64 0.1-11 8.00 21.00 29.00 OK

Check Details

Version: 0.1-11
Check: DESCRIPTION meta-information
Result: NOTE
    Malformed Title field: should not end in a period.
Flavors: r-devel-linux-x86_64-debian-clang, r-devel-linux-x86_64-debian-gcc, r-devel-linux-x86_64-fedora-clang, r-devel-linux-x86_64-fedora-gcc, r-devel-osx-x86_64-clang, r-devel-windows-ix86+x86_64, r-patched-linux-x86_64, r-patched-solaris-sparc, r-patched-solaris-x86, r-release-linux-x86_64, r-release-osx-x86_64-mavericks, r-release-windows-ix86+x86_64

Version: 0.1-11
Check: R code for possible problems
Result: NOTE
    getstartvals: no visible global function definition for ‘cov’
    mlest: no visible global function definition for ‘nlm’
    Undefined global functions or variables:
     cov nlm
    Consider adding
     importFrom("stats", "cov", "nlm")
    to your NAMESPACE.
Flavors: r-devel-linux-x86_64-debian-clang, r-devel-linux-x86_64-debian-gcc, r-devel-linux-x86_64-fedora-clang, r-devel-linux-x86_64-fedora-gcc, r-devel-windows-ix86+x86_64