CRAN Package Check Results for Package mvnmle

Last updated on 2016-08-27 08:49:03.

Flavor Version Tinstall Tcheck Ttotal Status Flags
r-devel-linux-x86_64-debian-clang 0.1-11 0.90 9.94 10.85 NOTE
r-devel-linux-x86_64-debian-gcc 0.1-11 1.14 12.25 13.39 NOTE
r-devel-linux-x86_64-fedora-clang 0.1-11 17.71 NOTE
r-devel-linux-x86_64-fedora-gcc 0.1-11 16.74 NOTE
r-devel-osx-x86_64-clang 0.1-11 16.42 NOTE
r-devel-windows-ix86+x86_64 0.1-11 8.00 36.00 44.00 NOTE
r-patched-linux-x86_64 0.1-11 0.84 9.20 10.04 NOTE
r-patched-solaris-sparc 0.1-11 97.80 NOTE
r-patched-solaris-x86 0.1-11 24.80 NOTE
r-release-linux-x86_64 0.1-11 0.89 9.85 10.74 NOTE
r-release-osx-x86_64-mavericks 0.1-11 NOTE
r-release-windows-ix86+x86_64 0.1-11 5.00 38.00 43.00 NOTE
r-oldrel-windows-ix86+x86_64 0.1-11 5.00 20.00 25.00 NOTE

Check Details

Version: 0.1-11
Check: DESCRIPTION meta-information
Result: NOTE
    Malformed Title field: should not end in a period.
Flavors: r-devel-linux-x86_64-debian-clang, r-devel-linux-x86_64-debian-gcc, r-devel-linux-x86_64-fedora-clang, r-devel-linux-x86_64-fedora-gcc, r-devel-osx-x86_64-clang, r-devel-windows-ix86+x86_64, r-patched-linux-x86_64, r-patched-solaris-sparc, r-patched-solaris-x86, r-release-linux-x86_64, r-release-osx-x86_64-mavericks, r-release-windows-ix86+x86_64, r-oldrel-windows-ix86+x86_64

Version: 0.1-11
Check: R code for possible problems
Result: NOTE
    getstartvals: no visible global function definition for ‘cov’
    mlest: no visible global function definition for ‘nlm’
    Undefined global functions or variables:
     cov nlm
    Consider adding
     importFrom("stats", "cov", "nlm")
    to your NAMESPACE file.
Flavors: r-devel-linux-x86_64-debian-clang, r-devel-linux-x86_64-debian-gcc, r-devel-linux-x86_64-fedora-clang, r-devel-linux-x86_64-fedora-gcc, r-devel-osx-x86_64-clang, r-devel-windows-ix86+x86_64, r-patched-linux-x86_64, r-patched-solaris-sparc, r-patched-solaris-x86, r-release-linux-x86_64, r-release-osx-x86_64-mavericks, r-release-windows-ix86+x86_64