CRAN Package Check Results for Package mvnmle

Last updated on 2016-07-25 23:48:10.

Flavor Version Tinstall Tcheck Ttotal Status Flags
r-devel-linux-x86_64-debian-clang 0.1-11 1.27 11.84 13.11 NOTE
r-devel-linux-x86_64-debian-gcc 0.1-11 1.19 11.45 12.64 NOTE
r-devel-linux-x86_64-fedora-clang 0.1-11 16.83 NOTE
r-devel-linux-x86_64-fedora-gcc 0.1-11 15.86 NOTE
r-devel-osx-x86_64-clang 0.1-11 16.36 NOTE
r-devel-windows-ix86+x86_64 0.1-11 5.00 28.00 33.00 NOTE
r-patched-linux-x86_64 0.1-11 1.10 11.33 12.43 NOTE
r-patched-solaris-sparc 0.1-11 97.80 NOTE
r-patched-solaris-x86 0.1-11 24.80 NOTE
r-release-linux-x86_64 0.1-11 1.11 11.52 12.63 NOTE
r-release-osx-x86_64-mavericks 0.1-11 NOTE
r-release-windows-ix86+x86_64 0.1-11 5.00 38.00 43.00 NOTE
r-oldrel-windows-ix86+x86_64 0.1-11 5.00 20.00 25.00 NOTE

Check Details

Version: 0.1-11
Check: DESCRIPTION meta-information
Result: NOTE
    Malformed Title field: should not end in a period.
Flavors: r-devel-linux-x86_64-debian-clang, r-devel-linux-x86_64-debian-gcc, r-devel-linux-x86_64-fedora-clang, r-devel-linux-x86_64-fedora-gcc, r-devel-osx-x86_64-clang, r-devel-windows-ix86+x86_64, r-patched-linux-x86_64, r-patched-solaris-sparc, r-patched-solaris-x86, r-release-linux-x86_64, r-release-osx-x86_64-mavericks, r-release-windows-ix86+x86_64, r-oldrel-windows-ix86+x86_64

Version: 0.1-11
Check: R code for possible problems
Result: NOTE
    getstartvals: no visible global function definition for ‘cov’
    mlest: no visible global function definition for ‘nlm’
    Undefined global functions or variables:
     cov nlm
    Consider adding
     importFrom("stats", "cov", "nlm")
    to your NAMESPACE file.
Flavors: r-devel-linux-x86_64-debian-clang, r-devel-linux-x86_64-debian-gcc, r-devel-linux-x86_64-fedora-clang, r-devel-linux-x86_64-fedora-gcc, r-devel-osx-x86_64-clang, r-devel-windows-ix86+x86_64, r-patched-linux-x86_64, r-patched-solaris-sparc, r-patched-solaris-x86, r-release-linux-x86_64, r-release-osx-x86_64-mavericks, r-release-windows-ix86+x86_64