CRAN Package Check Results for Package mvnmle

Last updated on 2017-06-27 20:48:43.

Flavor Version Tinstall Tcheck Ttotal Status Flags
r-devel-linux-x86_64-debian-clang 0.1-11 1.08 11.73 12.81 NOTE
r-devel-linux-x86_64-debian-gcc 0.1-11 0.94 11.16 12.10 NOTE
r-devel-linux-x86_64-fedora-clang 0.1-11 21.04 NOTE
r-devel-linux-x86_64-fedora-gcc 0.1-11 19.56 NOTE
r-devel-windows-ix86+x86_64 0.1-11 8.00 30.00 38.00 NOTE
r-patched-linux-x86_64 0.1-11 1.02 11.41 12.44 NOTE
r-patched-solaris-sparc 0.1-11 124.60 NOTE
r-patched-solaris-x86 0.1-11 32.20 NOTE
r-release-linux-x86_64 0.1-11 0.95 11.59 12.54 NOTE
r-release-windows-ix86+x86_64 0.1-11 6.00 29.00 35.00 NOTE
r-release-osx-x86_64 0.1-11 NOTE
r-oldrel-windows-ix86+x86_64 0.1-11 4.00 28.00 32.00 NOTE
r-oldrel-osx-x86_64 0.1-11 NOTE

Check Details

Version: 0.1-11
Check: DESCRIPTION meta-information
Result: NOTE
    Malformed Title field: should not end in a period.
Flavors: r-devel-linux-x86_64-debian-clang, r-devel-linux-x86_64-debian-gcc, r-devel-linux-x86_64-fedora-clang, r-devel-linux-x86_64-fedora-gcc, r-devel-windows-ix86+x86_64, r-patched-linux-x86_64, r-patched-solaris-sparc, r-patched-solaris-x86, r-release-linux-x86_64, r-release-windows-ix86+x86_64, r-release-osx-x86_64, r-oldrel-windows-ix86+x86_64, r-oldrel-osx-x86_64

Version: 0.1-11
Check: R code for possible problems
Result: NOTE
    getstartvals: no visible global function definition for ‘cov’
    mlest: no visible global function definition for ‘nlm’
    Undefined global functions or variables:
     cov nlm
    Consider adding
     importFrom("stats", "cov", "nlm")
    to your NAMESPACE file.
Flavors: r-devel-linux-x86_64-debian-clang, r-devel-linux-x86_64-debian-gcc, r-devel-linux-x86_64-fedora-clang, r-devel-linux-x86_64-fedora-gcc, r-devel-windows-ix86+x86_64, r-patched-linux-x86_64, r-patched-solaris-sparc, r-patched-solaris-x86, r-release-linux-x86_64, r-release-windows-ix86+x86_64, r-release-osx-x86_64, r-oldrel-windows-ix86+x86_64, r-oldrel-osx-x86_64

Version: 0.1-11
Check: compiled code
Result: NOTE
    File ‘mvnmle/libs/mvnmle.so’:
     Found no calls to: ‘R_registerRoutines’, ‘R_useDynamicSymbols’
    
    It is good practice to register native routines and to disable symbol
    search.
    
    See ‘Writing portable packages’ in the ‘Writing R Extensions’ manual.
Flavors: r-devel-linux-x86_64-debian-clang, r-devel-linux-x86_64-debian-gcc, r-devel-linux-x86_64-fedora-clang, r-devel-linux-x86_64-fedora-gcc, r-patched-linux-x86_64, r-release-linux-x86_64