CRAN Package Check Results for Package mvnmle

Last updated on 2015-09-03 19:47:20.

Flavor Version Tinstall Tcheck Ttotal Status Flags
r-devel-linux-x86_64-debian-clang 0.1-11 0.78 9.12 9.90 NOTE
r-devel-linux-x86_64-debian-gcc 0.1-11 0.80 8.97 9.77 NOTE
r-devel-linux-x86_64-fedora-clang 0.1-11 18.34 NOTE
r-devel-linux-x86_64-fedora-gcc 0.1-11 17.87 NOTE
r-devel-osx-x86_64-clang 0.1-11 19.46 NOTE
r-devel-windows-ix86+x86_64 0.1-11 5.00 25.00 30.00 NOTE
r-patched-linux-x86_64 0.1-11 0.85 9.35 10.20 NOTE
r-patched-solaris-sparc 0.1-11 128.90 NOTE
r-patched-solaris-x86 0.1-11 30.30 NOTE
r-release-linux-x86_64 0.1-11 0.85 9.56 10.42 NOTE
r-release-osx-x86_64-mavericks 0.1-11 NOTE
r-release-windows-ix86+x86_64 0.1-11 6.00 20.00 26.00 NOTE
r-oldrel-windows-ix86+x86_64 0.1-11 8.00 21.00 29.00 OK

Check Details

Version: 0.1-11
Check: DESCRIPTION meta-information
Result: NOTE
    Malformed Title field: should not end in a period.
Flavors: r-devel-linux-x86_64-debian-clang, r-devel-linux-x86_64-debian-gcc, r-devel-linux-x86_64-fedora-clang, r-devel-linux-x86_64-fedora-gcc, r-devel-osx-x86_64-clang, r-devel-windows-ix86+x86_64, r-patched-linux-x86_64, r-patched-solaris-sparc, r-patched-solaris-x86, r-release-linux-x86_64, r-release-osx-x86_64-mavericks, r-release-windows-ix86+x86_64

Version: 0.1-11
Check: R code for possible problems
Result: NOTE
    getstartvals: no visible global function definition for ‘cov’
    mlest: no visible global function definition for ‘nlm’
    Undefined global functions or variables:
     cov nlm
    Consider adding
     importFrom("stats", "cov", "nlm")
    to your NAMESPACE.
Flavors: r-devel-linux-x86_64-debian-clang, r-devel-linux-x86_64-debian-gcc, r-devel-linux-x86_64-fedora-clang, r-devel-linux-x86_64-fedora-gcc, r-devel-windows-ix86+x86_64