CRAN Package Check Results for Package mvnmle

Last updated on 2016-12-10 07:47:35.

Flavor Version Tinstall Tcheck Ttotal Status Flags
r-devel-linux-x86_64-debian-clang 0.1-11 1.00 11.53 12.53 NOTE
r-devel-linux-x86_64-debian-gcc 0.1-11 0.95 11.06 12.01 NOTE
r-devel-linux-x86_64-fedora-clang 0.1-11 21.27 NOTE --no-stop-on-test-error
r-devel-linux-x86_64-fedora-gcc 0.1-11 19.62 NOTE --no-stop-on-test-error
r-devel-macos-x86_64-clang 0.1-11 18.81 NOTE --no-stop-on-test-error
r-devel-windows-ix86+x86_64 0.1-11 13.00 28.00 41.00 NOTE
r-patched-linux-x86_64 0.1-11 0.91 9.56 10.47 NOTE
r-patched-solaris-sparc 0.1-11 97.80 NOTE
r-patched-solaris-x86 0.1-11 25.10 NOTE
r-release-linux-x86_64 0.1-11 0.86 9.35 10.20 NOTE
r-release-osx-x86_64-mavericks 0.1-11 NOTE
r-release-windows-ix86+x86_64 0.1-11 4.00 28.00 32.00 NOTE
r-oldrel-windows-ix86+x86_64 0.1-11 5.00 28.00 33.00 NOTE

Check Details

Version: 0.1-11
Check: DESCRIPTION meta-information
Result: NOTE
    Malformed Title field: should not end in a period.
Flavors: r-devel-linux-x86_64-debian-clang, r-devel-linux-x86_64-debian-gcc, r-devel-windows-ix86+x86_64, r-patched-linux-x86_64, r-patched-solaris-sparc, r-patched-solaris-x86, r-release-linux-x86_64, r-release-osx-x86_64-mavericks, r-release-windows-ix86+x86_64, r-oldrel-windows-ix86+x86_64

Version: 0.1-11
Check: R code for possible problems
Result: NOTE
    getstartvals: no visible global function definition for ‘cov’
    mlest: no visible global function definition for ‘nlm’
    Undefined global functions or variables:
     cov nlm
    Consider adding
     importFrom("stats", "cov", "nlm")
    to your NAMESPACE file.
Flavors: r-devel-linux-x86_64-debian-clang, r-devel-linux-x86_64-debian-gcc, r-devel-windows-ix86+x86_64, r-patched-linux-x86_64, r-patched-solaris-sparc, r-patched-solaris-x86, r-release-linux-x86_64, r-release-osx-x86_64-mavericks, r-release-windows-ix86+x86_64

Version: 0.1-11
Flags: --no-stop-on-test-error
Check: DESCRIPTION meta-information
Result: NOTE
    Malformed Title field: should not end in a period.
Flavors: r-devel-linux-x86_64-fedora-clang, r-devel-linux-x86_64-fedora-gcc, r-devel-macos-x86_64-clang

Version: 0.1-11
Flags: --no-stop-on-test-error
Check: R code for possible problems
Result: NOTE
    getstartvals: no visible global function definition for ‘cov’
    mlest: no visible global function definition for ‘nlm’
    Undefined global functions or variables:
     cov nlm
    Consider adding
     importFrom("stats", "cov", "nlm")
    to your NAMESPACE file.
Flavors: r-devel-linux-x86_64-fedora-clang, r-devel-linux-x86_64-fedora-gcc, r-devel-macos-x86_64-clang