CRAN Package Check Results for Package mvoutlier

Last updated on 2014-04-24 15:50:42.

Flavor Version Tinstall Tcheck Ttotal Status Flags
r-devel-linux-x86_64-debian-clang 2.0.4 2.34 32.61 34.95 OK
r-devel-linux-x86_64-debian-gcc 2.0.4 2.42 32.42 34.84 OK
r-devel-linux-x86_64-fedora-clang 2.0.4 66.28 OK
r-devel-linux-x86_64-fedora-gcc 2.0.4 64.15 OK
r-devel-osx-x86_64-clang 2.0.4 63.24 OK
r-devel-osx-x86_64-gcc 2.0.4 ERROR
r-devel-windows-ix86+x86_64 2.0.4 6.00 46.00 52.00 OK
r-patched-linux-x86_64 2.0.4 2.30 32.48 34.78 OK
r-patched-solaris-sparc 2.0.4 385.80 OK
r-patched-solaris-x86 2.0.4 86.50 OK
r-release-linux-ix86 2.0.4 4.00 57.00 61.00 OK
r-release-linux-x86_64 2.0.4 2.27 32.27 34.54 OK
r-release-osx-x86_64-mavericks 2.0.4 WARN
r-release-osx-x86_64-snowleopard 2.0.4 OK
r-release-windows-ix86+x86_64 2.0.4 6.00 54.00 60.00 OK
r-oldrel-windows-ix86+x86_64 2.0.4 7.00 53.00 60.00 OK

Check Details

Version: 2.0.4
Check: package dependencies
Result: ERROR
    Packages required but not available: ‘robCompositions’ ‘robustbase’
    
    See the information on DESCRIPTION files in the chapter ‘Creating R
    packages’ of the ‘Writing R Extensions’ manual.
Flavor: r-devel-osx-x86_64-gcc

Version: 2.0.4
Check: PDF version of manual
Result: WARNING
    LaTeX errors when creating PDF version.
    This typically indicates Rd problems.
    LaTeX errors found:
    ! LaTeX Error: File `upquote.sty' not found.
    
    Type X to quit or <RETURN> to proceed,
    or enter new name. (Default extension: sty)
    
    /private/tmp/RtmpxQ3KCQ/Rd2pdf653e1083391a/Rd2.tex:8: ==> Fatal error occurred
    , no output PDF file produced!
Flavor: r-release-osx-x86_64-mavericks