CRAN Package Check Results for Package mvoutlier

Last updated on 2015-04-19 11:51:14.

Flavor Version Tinstall Tcheck Ttotal Status Flags
r-devel-linux-x86_64-debian-clang 2.0.6 2.12 30.68 32.80 OK
r-devel-linux-x86_64-debian-gcc 2.0.6 2.04 31.11 33.15 OK
r-devel-linux-x86_64-fedora-clang 2.0.6 64.90 OK
r-devel-linux-x86_64-fedora-gcc 2.0.6 61.19 OK
r-devel-osx-x86_64-clang 2.0.6 57.48 OK
r-devel-windows-ix86+x86_64 2.0.6 11.00 54.00 65.00 OK
r-patched-linux-x86_64 2.0.6 2.09 31.60 33.69 OK
r-patched-solaris-sparc 2.0.6 453.20 OK
r-patched-solaris-x86 2.0.6 84.40 OK
r-release-linux-x86_64 2.0.6 2.41 30.78 33.20 OK
r-release-osx-x86_64-mavericks 2.0.6 OK
r-release-osx-x86_64-snowleopard 2.0.6 ERROR
r-release-windows-ix86+x86_64 2.0.6 5.00 43.00 48.00 OK
r-oldrel-windows-ix86+x86_64 2.0.6 19.00 121.00 140.00 OK

Check Details

Version: 2.0.6
Check: package dependencies
Result: ERROR
    Package required but not available: ‘robCompositions’
    
    See section ‘The DESCRIPTION file’ in the ‘Writing R Extensions’
    manual.
Flavor: r-release-osx-x86_64-snowleopard