CRAN Package Check Results for Package mvoutlier

Last updated on 2015-05-30 15:47:55.

Flavor Version Tinstall Tcheck Ttotal Status Flags
r-devel-linux-x86_64-debian-clang 2.0.6 2.13 31.97 34.10 OK
r-devel-linux-x86_64-debian-gcc 2.0.6 2.04 31.26 33.30 OK
r-devel-linux-x86_64-fedora-clang 2.0.6 65.21 OK
r-devel-linux-x86_64-fedora-gcc 2.0.6 63.55 OK
r-devel-osx-x86_64-clang 2.0.6 58.71 OK
r-devel-windows-ix86+x86_64 2.0.6 8.00 53.00 61.00 OK
r-patched-linux-x86_64 2.0.6 2.07 31.30 33.37 OK
r-patched-solaris-sparc 2.0.6 426.80 OK
r-patched-solaris-x86 2.0.6 92.70 OK
r-release-linux-x86_64 2.0.6 2.07 31.49 33.56 OK
r-release-osx-x86_64-mavericks 2.0.6 OK
r-release-osx-x86_64-snowleopard 2.0.6 ERROR
r-release-windows-ix86+x86_64 2.0.6 8.00 49.00 57.00 OK
r-oldrel-windows-ix86+x86_64 2.0.6 18.00 96.00 114.00 OK

Check Details

Version: 2.0.6
Check: package dependencies
Result: ERROR
    Package required but not available: ‘robCompositions’
    
    See section ‘The DESCRIPTION file’ in the ‘Writing R Extensions’
    manual.
Flavor: r-release-osx-x86_64-snowleopard