CRAN Package Check Results for Package mvpart

Last updated on 2014-07-23 12:47:31.

Flavor Version Tinstall Tcheck Ttotal Status Flags
r-devel-linux-x86_64-debian-clang 1.6-2 5.92 19.45 25.36 OK
r-devel-linux-x86_64-debian-gcc 1.6-2 6.48 19.40 25.87 OK
r-devel-linux-x86_64-fedora-clang 1.6-2 50.71 OK
r-devel-linux-x86_64-fedora-gcc 1.6-2 47.95 OK
r-devel-osx-x86_64-clang 1.6-2 45.22 OK
r-devel-windows-ix86+x86_64 1.6-2 39.00 35.00 74.00 OK
r-patched-linux-x86_64 1.6-2 6.85 19.31 26.16 OK
r-patched-solaris-sparc 1.6-2 291.60 NOTE
r-patched-solaris-x86 1.6-2 64.90 NOTE
r-release-linux-ix86 1.6-2 8.65 27.34 35.99 OK
r-release-linux-x86_64 1.6-2 7.64 20.88 28.52 OK
r-release-osx-x86_64-mavericks 1.6-2 OK
r-release-osx-x86_64-snowleopard 1.6-2 OK
r-release-windows-ix86+x86_64 1.6-2 51.00 37.00 88.00 OK
r-oldrel-windows-ix86+x86_64 1.6-2 34.00 40.00 74.00 OK

Memtest notes: UBSAN

Check Details

Version: 1.6-2
Check: compiled code
Result: NOTE
    File ‘/home/ripley/R/Lib32/mvpart/libs/mvpart.so’:
     Found ‘printf’, possibly from ‘printf’ (C)
     Object: ‘xval.o’
    
    Compiled code should not call entry points which might terminate R nor
    write to stdout/stderr instead of to the console.
    
    See ‘Writing portable packages’ in the ‘Writing R Extensions’ manual.
Flavors: r-patched-solaris-sparc, r-patched-solaris-x86