CRAN Package Check Results for Package mvpart

Last updated on 2014-10-21 17:49:18.

Flavor Version Tinstall Tcheck Ttotal Status Flags
r-devel-linux-x86_64-debian-clang 1.6-2 6.06 19.83 25.89 OK
r-devel-linux-x86_64-debian-gcc 1.6-2 6.73 20.70 27.44 OK
r-devel-linux-x86_64-fedora-clang 1.6-2 49.12 OK
r-devel-linux-x86_64-fedora-gcc 1.6-2 45.53 OK
r-devel-osx-x86_64-clang 1.6-2 48.36 OK
r-devel-windows-ix86+x86_64 1.6-2 39.00 34.00 73.00 OK
r-patched-linux-x86_64 1.6-2 6.88 20.42 27.30 OK
r-patched-solaris-sparc 1.6-2 282.00 NOTE
r-patched-solaris-x86 1.6-2 67.60 NOTE
r-release-linux-ix86 1.6-2 9.44 27.58 37.01 OK
r-release-linux-x86_64 1.6-2 6.72 20.05 26.78 OK
r-release-osx-x86_64-mavericks 1.6-2 OK
r-release-osx-x86_64-snowleopard 1.6-2 OK
r-release-windows-ix86+x86_64 1.6-2 51.00 37.00 88.00 OK
r-oldrel-windows-ix86+x86_64 1.6-2 34.00 40.00 74.00 OK

Memtest notes: UBSAN

Check Details

Version: 1.6-2
Check: compiled code
Result: NOTE
    File ‘/home/ripley/R/Lib32/mvpart/libs/mvpart.so’:
     Found ‘printf’, possibly from ‘printf’ (C)
     Object: ‘xval.o’
    
    Compiled code should not call entry points which might terminate R nor
    write to stdout/stderr instead of to the console.
    
    See ‘Writing portable packages’ in the ‘Writing R Extensions’ manual.
Flavor: r-patched-solaris-sparc

Version: 1.6-2
Check: compiled code
Result: NOTE
    File ‘mvpart/libs/mvpart.so’:
     Found ‘printf’, possibly from ‘printf’ (C)
     Object: ‘xval.o’
    
    Compiled code should not call entry points which might terminate R nor
    write to stdout/stderr instead of to the console, nor the C RNG.
    
    See ‘Writing portable packages’ in the ‘Writing R Extensions’ manual.
Flavor: r-patched-solaris-x86