CRAN Package Check Results for Package mvpart

Last updated on 2014-11-22 11:49:16.

Flavor Version Tinstall Tcheck Ttotal Status Flags
r-devel-linux-x86_64-debian-clang 1.6-2 5.96 20.66 26.63 OK
r-devel-linux-x86_64-debian-gcc 1.6-2 6.22 19.24 25.47 OK
r-devel-linux-x86_64-fedora-clang 1.6-2 51.01 OK
r-devel-linux-x86_64-fedora-gcc 1.6-2 47.00 OK
r-devel-osx-x86_64-clang 1.6-2 48.59 OK
r-devel-windows-ix86+x86_64 1.6-2 39.00 33.00 72.00 OK
r-patched-linux-x86_64 1.6-2 6.64 20.02 26.66 OK
r-patched-solaris-sparc 1.6-2 282.00 NOTE
r-patched-solaris-x86 1.6-2 66.10 NOTE
r-release-linux-ix86 1.6-2 8.50 26.46 34.96 OK
r-release-linux-x86_64 1.6-2 6.84 19.81 26.65 OK
r-release-osx-x86_64-mavericks 1.6-2 OK
r-release-osx-x86_64-snowleopard 1.6-2 OK
r-release-windows-ix86+x86_64 1.6-2 40.00 35.00 75.00 OK
r-oldrel-windows-ix86+x86_64 1.6-2 34.00 40.00 74.00 OK

Memtest notes: UBSAN

Check Details

Version: 1.6-2
Check: compiled code
Result: NOTE
    File ‘/home/ripley/R/Lib32/mvpart/libs/mvpart.so’:
     Found ‘printf’, possibly from ‘printf’ (C)
     Object: ‘xval.o’
    
    Compiled code should not call entry points which might terminate R nor
    write to stdout/stderr instead of to the console.
    
    See ‘Writing portable packages’ in the ‘Writing R Extensions’ manual.
Flavor: r-patched-solaris-sparc

Version: 1.6-2
Check: compiled code
Result: NOTE
    File ‘mvpart/libs/mvpart.so’:
     Found ‘printf’, possibly from ‘printf’ (C)
     Object: ‘xval.o’
    
    Compiled code should not call entry points which might terminate R nor
    write to stdout/stderr instead of to the console, nor the C RNG.
    
    See ‘Writing portable packages’ in the ‘Writing R Extensions’ manual.
Flavor: r-patched-solaris-x86