CRAN Package Check Results for Package mvpart

Last updated on 2014-08-30 23:48:28.

Flavor Version Tinstall Tcheck Ttotal Status Flags
r-devel-linux-x86_64-debian-clang 1.6-2 5.63 18.91 24.54 OK
r-devel-linux-x86_64-debian-gcc 1.6-2 6.37 19.21 25.58 OK
r-devel-linux-x86_64-fedora-clang 1.6-2 47.45 OK
r-devel-linux-x86_64-fedora-gcc 1.6-2 46.46 OK
r-devel-osx-x86_64-clang 1.6-2 43.30 OK
r-devel-windows-ix86+x86_64 1.6-2 39.00 34.00 73.00 OK
r-patched-linux-x86_64 1.6-2 7.02 19.63 26.64 OK
r-patched-solaris-sparc 1.6-2 282.00 NOTE
r-patched-solaris-x86 1.6-2 65.20 NOTE
r-release-linux-ix86 1.6-2 9.24 27.07 36.32 OK
r-release-linux-x86_64 1.6-2 6.92 19.66 26.58 OK
r-release-osx-x86_64-mavericks 1.6-2 OK
r-release-osx-x86_64-snowleopard 1.6-2 OK
r-release-windows-ix86+x86_64 1.6-2 51.00 37.00 88.00 OK
r-oldrel-windows-ix86+x86_64 1.6-2 34.00 40.00 74.00 OK

Memtest notes: UBSAN

Check Details

Version: 1.6-2
Check: compiled code
Result: NOTE
    File ‘/home/ripley/R/Lib32/mvpart/libs/mvpart.so’:
     Found ‘printf’, possibly from ‘printf’ (C)
     Object: ‘xval.o’
    
    Compiled code should not call entry points which might terminate R nor
    write to stdout/stderr instead of to the console.
    
    See ‘Writing portable packages’ in the ‘Writing R Extensions’ manual.
Flavors: r-patched-solaris-sparc, r-patched-solaris-x86