CRAN Package Check Results for Package mvpart

Last updated on 2014-04-24 17:49:48.

Flavor Version Tinstall Tcheck Ttotal Status Flags
r-devel-linux-x86_64-debian-clang 1.6-1 6.22 20.70 26.92 NOTE
r-devel-linux-x86_64-debian-gcc 1.6-1 6.50 20.70 27.20 NOTE
r-devel-linux-x86_64-fedora-clang 1.6-1 49.47 NOTE
r-devel-linux-x86_64-fedora-gcc 1.6-1 49.57 NOTE
r-devel-osx-x86_64-clang 1.6-1 45.03 NOTE
r-devel-osx-x86_64-gcc 1.6-1 NOTE
r-devel-windows-ix86+x86_64 1.6-1 39.00 34.00 73.00 NOTE
r-patched-linux-x86_64 1.6-1 6.52 20.40 26.92 NOTE
r-patched-solaris-sparc 1.6-1 283.80 NOTE
r-patched-solaris-x86 1.6-1 64.80 NOTE
r-release-linux-ix86 1.6-1 11.00 37.00 48.00 NOTE
r-release-linux-x86_64 1.6-1 6.48 20.60 27.08 NOTE
r-release-osx-x86_64-mavericks 1.6-1 WARN
r-release-windows-ix86+x86_64 1.6-1 77.00 48.00 125.00 NOTE
r-oldrel-windows-ix86+x86_64 1.6-1 39.00 37.00 76.00 NOTE

Memtest notes: UBSAN

Check Details

Version: 1.6-1
Check: foreign function calls
Result: NOTE
    Foreign function call to a different package:
     .C("pyears2", ..., PACKAGE = "survival")
    See the chapter ‘System and foreign language interfaces’ of the
    ‘Writing R Extensions’ manual.
Flavors: r-devel-linux-x86_64-debian-clang, r-devel-linux-x86_64-debian-gcc, r-devel-linux-x86_64-fedora-clang, r-devel-linux-x86_64-fedora-gcc, r-devel-osx-x86_64-clang, r-devel-osx-x86_64-gcc, r-devel-windows-ix86+x86_64, r-patched-linux-x86_64, r-patched-solaris-sparc, r-patched-solaris-x86, r-release-linux-ix86, r-release-linux-x86_64, r-release-osx-x86_64-mavericks, r-release-windows-ix86+x86_64, r-oldrel-windows-ix86+x86_64

Version: 1.6-1
Check: top-level files
Result: NOTE
    Non-standard file/directory found at top level:
     ‘Readme’
Flavors: r-devel-linux-x86_64-fedora-clang, r-devel-linux-x86_64-fedora-gcc

Version: 1.6-1
Check: compiled code
Result: NOTE
    File ‘/home/ripley/R/Lib32/mvpart/libs/mvpart.so’:
     Found ‘printf’, possibly from ‘printf’ (C)
     Object: ‘xval.o’
    
    Compiled code should not call entry points which might terminate R nor
    write to stdout/stderr instead of to the console.
    
    See ‘Writing portable packages’ in the ‘Writing R Extensions’ manual.
Flavors: r-patched-solaris-sparc, r-patched-solaris-x86

Version: 1.6-1
Check: PDF version of manual
Result: WARNING
    LaTeX errors when creating PDF version.
    This typically indicates Rd problems.
    LaTeX errors found:
    ! LaTeX Error: File `upquote.sty' not found.
    
    Type X to quit or <RETURN> to proceed,
    or enter new name. (Default extension: sty)
    
    1b87b2/Rd2.tex:8: ==> Fatal error occurred, no output PDF file produced!
Flavor: r-release-osx-x86_64-mavericks