CRAN Package Check Results for Package mvtBinaryEP

Last updated on 2014-04-24 09:49:05.

Flavor Version Tinstall Tcheck Ttotal Status Flags
r-devel-linux-x86_64-debian-clang 1.0.1 0.60 10.10 10.71 NOTE
r-devel-linux-x86_64-debian-gcc 1.0.1 0.62 10.17 10.79 NOTE
r-devel-linux-x86_64-fedora-clang 1.0.1 20.15 NOTE
r-devel-linux-x86_64-fedora-gcc 1.0.1 19.84 NOTE
r-devel-osx-x86_64-clang 1.0.1 23.65 NOTE
r-devel-osx-x86_64-gcc 1.0.1 NOTE
r-devel-windows-ix86+x86_64 1.0.1 2.00 17.00 19.00 NOTE
r-patched-linux-x86_64 1.0.1 0.58 9.80 10.38 NOTE
r-patched-solaris-sparc 1.0.1 117.70 NOTE
r-patched-solaris-x86 1.0.1 30.10 NOTE
r-release-linux-ix86 1.0.1 1.00 23.00 24.00 NOTE
r-release-linux-x86_64 1.0.1 0.58 9.97 10.55 NOTE
r-release-osx-x86_64-mavericks 1.0.1 NOTE
r-release-osx-x86_64-snowleopard 1.0.1 OK
r-release-windows-ix86+x86_64 1.0.1 3.00 17.00 20.00 NOTE
r-oldrel-windows-ix86+x86_64 1.0.1 3.00 18.00 21.00 NOTE

Check Details

Version: 1.0.1
Check: dependencies in R code
Result: NOTE
    Package in Depends field not imported from: ‘mvtnorm’
     These packages need to be imported from (in the NAMESPACE file)
     for when this namespace is loaded but not attached.
    See the information on DESCRIPTION files in the chapter ‘Creating R
    packages’ of the ‘Writing R Extensions’ manual.
Flavors: r-devel-linux-x86_64-debian-clang, r-devel-linux-x86_64-debian-gcc, r-devel-linux-x86_64-fedora-clang, r-devel-linux-x86_64-fedora-gcc, r-devel-osx-x86_64-clang, r-devel-osx-x86_64-gcc, r-devel-windows-ix86+x86_64, r-patched-linux-x86_64, r-patched-solaris-sparc, r-patched-solaris-x86, r-release-linux-ix86, r-release-linux-x86_64, r-release-osx-x86_64-mavericks, r-release-windows-ix86+x86_64, r-oldrel-windows-ix86+x86_64