CRAN Package Check Results for Package mvtBinaryEP

Last updated on 2014-07-22 19:47:54.

Flavor Version Tinstall Tcheck Ttotal Status Flags
r-devel-linux-x86_64-debian-clang 1.0.1 0.52 9.48 10.00 NOTE
r-devel-linux-x86_64-debian-gcc 1.0.1 0.54 9.40 9.94 NOTE
r-devel-linux-x86_64-fedora-clang 1.0.1 21.50 NOTE
r-devel-linux-x86_64-fedora-gcc 1.0.1 20.15 NOTE
r-devel-osx-x86_64-clang 1.0.1 23.04 NOTE
r-devel-windows-ix86+x86_64 1.0.1 2.00 18.00 20.00 NOTE
r-patched-linux-x86_64 1.0.1 0.56 9.53 10.09 NOTE
r-patched-solaris-sparc 1.0.1 117.70 NOTE
r-patched-solaris-x86 1.0.1 29.70 NOTE
r-release-linux-ix86 1.0.1 0.86 15.75 16.61 NOTE
r-release-linux-x86_64 1.0.1 0.58 10.04 10.62 NOTE
r-release-osx-x86_64-mavericks 1.0.1 NOTE
r-release-osx-x86_64-snowleopard 1.0.1 OK
r-release-windows-ix86+x86_64 1.0.1 4.00 18.00 22.00 NOTE
r-oldrel-windows-ix86+x86_64 1.0.1 2.00 18.00 20.00 NOTE

Check Details

Version: 1.0.1
Check: dependencies in R code
Result: NOTE
    Package in Depends field not imported from: ‘mvtnorm’
     These packages need to be imported from (in the NAMESPACE file)
     for when this namespace is loaded but not attached.
    See the information on DESCRIPTION files in the chapter ‘Creating R
    packages’ of the ‘Writing R Extensions’ manual.
Flavors: r-devel-linux-x86_64-debian-clang, r-devel-linux-x86_64-debian-gcc, r-devel-linux-x86_64-fedora-clang, r-devel-linux-x86_64-fedora-gcc, r-devel-osx-x86_64-clang, r-devel-windows-ix86+x86_64, r-patched-linux-x86_64, r-patched-solaris-sparc, r-patched-solaris-x86, r-release-linux-ix86, r-release-linux-x86_64, r-release-osx-x86_64-mavericks, r-release-windows-ix86+x86_64, r-oldrel-windows-ix86+x86_64