CRAN Package Check Results for Package mvtmeta

Last updated on 2014-04-16 15:49:31.

Flavor Version Tinstall Tcheck Ttotal Status Flags
r-devel-linux-x86_64-debian-clang 1.0 0.52 9.22 9.74 NOTE
r-devel-linux-x86_64-debian-gcc 1.0 0.54 9.20 9.75 NOTE
r-devel-linux-x86_64-fedora-clang 1.0 20.04 NOTE
r-devel-linux-x86_64-fedora-gcc 1.0 18.47 NOTE
r-devel-macosx-x86_64-clang 1.0 24.54 NOTE
r-devel-macosx-x86_64-gcc 1.0 NOTE
r-devel-windows-ix86+x86_64 1.0 3.00 16.00 19.00 NOTE
r-patched-linux-x86_64 1.0 0.55 9.12 9.68 NOTE
r-patched-solaris-sparc 1.0 109.80 NOTE
r-patched-solaris-x86 1.0 29.90 NOTE
r-release-linux-ix86 1.0 1.00 21.00 22.00 NOTE
r-release-linux-x86_64 1.0 0.52 9.20 9.72 NOTE
r-release-macosx-x86_64 1.0 OK
r-release-windows-ix86+x86_64 1.0 5.00 22.00 27.00 NOTE
r-oldrel-windows-ix86+x86_64 1.0 2.00 17.00 19.00 NOTE

Check Details

Version: 1.0
Check: dependencies in R code
Result: NOTE
    Package in Depends field not imported from: ‘gtools’
     These packages need to be imported from (in the NAMESPACE file)
     for when this namespace is loaded but not attached.
    See the information on DESCRIPTION files in the chapter ‘Creating R
    packages’ of the ‘Writing R Extensions’ manual.
Flavors: r-devel-linux-x86_64-debian-clang, r-devel-linux-x86_64-debian-gcc, r-devel-linux-x86_64-fedora-clang, r-devel-linux-x86_64-fedora-gcc, r-devel-macosx-x86_64-clang, r-devel-macosx-x86_64-gcc, r-devel-windows-ix86+x86_64, r-patched-linux-x86_64, r-patched-solaris-sparc, r-patched-solaris-x86, r-release-linux-ix86, r-release-linux-x86_64, r-release-windows-ix86+x86_64, r-oldrel-windows-ix86+x86_64