CRAN Package Check Results for Package mvtmeta

Last updated on 2014-11-01 13:49:54.

Flavor Version Tinstall Tcheck Ttotal Status Flags
r-devel-linux-x86_64-debian-clang 1.0 0.59 9.40 10.00 NOTE
r-devel-linux-x86_64-debian-gcc 1.0 0.54 9.22 9.76 NOTE
r-devel-linux-x86_64-fedora-clang 1.0 19.48 NOTE
r-devel-linux-x86_64-fedora-gcc 1.0 17.69 NOTE
r-devel-osx-x86_64-clang 1.0 22.07 NOTE
r-devel-windows-ix86+x86_64 1.0 2.00 16.00 18.00 NOTE
r-patched-linux-x86_64 1.0 0.57 9.22 9.80 NOTE
r-patched-solaris-sparc 1.0 164.50 NOTE
r-patched-solaris-x86 1.0 28.30 NOTE
r-release-linux-ix86 1.0 0.81 15.40 16.21 NOTE
r-release-linux-x86_64 1.0 0.53 9.43 9.96 NOTE
r-release-osx-x86_64-mavericks 1.0 NOTE
r-release-osx-x86_64-snowleopard 1.0 OK
r-release-windows-ix86+x86_64 1.0 3.00 17.00 20.00 NOTE
r-oldrel-windows-ix86+x86_64 1.0 4.00 23.00 27.00 NOTE

Check Details

Version: 1.0
Check: dependencies in R code
Result: NOTE
    Package in Depends field not imported from: ‘gtools’
     These packages need to be imported from (in the NAMESPACE file)
     for when this namespace is loaded but not attached.
    See the information on DESCRIPTION files in the chapter ‘Creating R
    packages’ of the ‘Writing R Extensions’ manual.
Flavors: r-devel-linux-x86_64-debian-clang, r-devel-linux-x86_64-debian-gcc, r-devel-linux-x86_64-fedora-clang, r-devel-linux-x86_64-fedora-gcc, r-devel-osx-x86_64-clang, r-devel-windows-ix86+x86_64, r-patched-linux-x86_64, r-patched-solaris-sparc, r-patched-solaris-x86, r-release-linux-ix86, r-release-linux-x86_64, r-release-osx-x86_64-mavericks, r-release-windows-ix86+x86_64, r-oldrel-windows-ix86+x86_64

Version: 1.0
Check: R code for possible problems
Result: NOTE
    mvtmeta_fe: no visible global function definition for ‘combinations’
Flavors: r-devel-linux-x86_64-debian-clang, r-devel-linux-x86_64-debian-gcc, r-devel-linux-x86_64-fedora-clang, r-devel-linux-x86_64-fedora-gcc, r-devel-osx-x86_64-clang, r-devel-windows-ix86+x86_64, r-patched-linux-x86_64, r-patched-solaris-sparc, r-patched-solaris-x86, r-release-windows-ix86+x86_64