CRAN Package Check Results for Package mvtmeta

Last updated on 2016-07-31 08:46:51.

Flavor Version Tinstall Tcheck Ttotal Status Flags
r-devel-linux-x86_64-debian-clang 1.0 0.55 8.77 9.32 NOTE
r-devel-linux-x86_64-debian-gcc 1.0 0.56 8.44 9.01 NOTE
r-devel-linux-x86_64-fedora-clang 1.0 14.47 NOTE
r-devel-linux-x86_64-fedora-gcc 1.0 13.09 NOTE
r-devel-osx-x86_64-clang 1.0 13.69 NOTE
r-devel-windows-ix86+x86_64 1.0 2.00 25.00 27.00 NOTE
r-patched-linux-x86_64 1.0 0.52 8.56 9.07 NOTE
r-patched-solaris-sparc 1.0 87.10 NOTE
r-patched-solaris-x86 1.0 21.60 NOTE
r-release-linux-x86_64 1.0 0.63 9.95 10.58 NOTE
r-release-osx-x86_64-mavericks 1.0 NOTE
r-release-windows-ix86+x86_64 1.0 3.00 31.00 34.00 NOTE
r-oldrel-windows-ix86+x86_64 1.0 2.00 17.00 19.00 NOTE

Check Details

Version: 1.0
Check: dependencies in R code
Result: NOTE
    Package in Depends field not imported from: ‘gtools’
     These packages need to be imported from (in the NAMESPACE file)
     for when this namespace is loaded but not attached.
Flavors: r-devel-linux-x86_64-debian-clang, r-devel-linux-x86_64-debian-gcc, r-devel-linux-x86_64-fedora-clang, r-devel-linux-x86_64-fedora-gcc, r-devel-osx-x86_64-clang, r-devel-windows-ix86+x86_64, r-patched-linux-x86_64, r-patched-solaris-sparc, r-patched-solaris-x86, r-release-linux-x86_64, r-release-osx-x86_64-mavericks, r-release-windows-ix86+x86_64, r-oldrel-windows-ix86+x86_64

Version: 1.0
Check: R code for possible problems
Result: NOTE
    mvtmeta_fe: no visible global function definition for ‘combinations’
    Undefined global functions or variables:
     combinations
Flavors: r-devel-linux-x86_64-debian-clang, r-devel-linux-x86_64-debian-gcc, r-devel-linux-x86_64-fedora-clang, r-devel-linux-x86_64-fedora-gcc, r-devel-osx-x86_64-clang, r-devel-windows-ix86+x86_64, r-patched-linux-x86_64, r-patched-solaris-sparc, r-patched-solaris-x86, r-release-linux-x86_64, r-release-osx-x86_64-mavericks, r-release-windows-ix86+x86_64

Version: 1.0
Check: R code for possible problems
Result: NOTE
    mvtmeta_fe: no visible global function definition for 'combinations'
Flavor: r-oldrel-windows-ix86+x86_64