CRAN Package Check Results for Package mvtmeta

Last updated on 2017-08-20 05:47:14.

Flavor Version Tinstall Tcheck Ttotal Status Flags
r-devel-linux-x86_64-debian-clang 1.0 0.64 10.97 11.61 NOTE
r-devel-linux-x86_64-debian-gcc 1.0 0.60 10.59 11.19 NOTE
r-devel-linux-x86_64-fedora-clang 1.0 18.06 NOTE
r-devel-linux-x86_64-fedora-gcc 1.0 17.31 NOTE
r-devel-windows-ix86+x86_64 1.0 2.00 25.00 27.00 NOTE
r-patched-linux-x86_64 1.0 0.53 10.63 11.17 NOTE
r-patched-solaris-x86 1.0 29.30 NOTE
r-release-linux-x86_64 1.0 0.68 10.91 11.59 NOTE
r-release-windows-ix86+x86_64 1.0 2.00 25.00 27.00 NOTE
r-release-osx-x86_64 1.0 NOTE
r-oldrel-windows-ix86+x86_64 1.0 3.00 24.00 27.00 NOTE
r-oldrel-osx-x86_64 1.0 NOTE

Check Details

Version: 1.0
Check: dependencies in R code
Result: NOTE
    Package in Depends field not imported from: ‘gtools’
     These packages need to be imported from (in the NAMESPACE file)
     for when this namespace is loaded but not attached.
Flavors: r-devel-linux-x86_64-debian-clang, r-devel-linux-x86_64-debian-gcc, r-devel-linux-x86_64-fedora-clang, r-devel-linux-x86_64-fedora-gcc, r-devel-windows-ix86+x86_64, r-patched-linux-x86_64, r-patched-solaris-x86, r-release-linux-x86_64, r-release-windows-ix86+x86_64, r-release-osx-x86_64, r-oldrel-windows-ix86+x86_64, r-oldrel-osx-x86_64

Version: 1.0
Check: R code for possible problems
Result: NOTE
    mvtmeta_fe: no visible global function definition for ‘combinations’
    Undefined global functions or variables:
     combinations
Flavors: r-devel-linux-x86_64-debian-clang, r-devel-linux-x86_64-debian-gcc, r-devel-linux-x86_64-fedora-clang, r-devel-linux-x86_64-fedora-gcc, r-devel-windows-ix86+x86_64, r-patched-linux-x86_64, r-patched-solaris-x86, r-release-linux-x86_64, r-release-windows-ix86+x86_64, r-release-osx-x86_64, r-oldrel-windows-ix86+x86_64, r-oldrel-osx-x86_64