CRAN Package Check Results for Package mvtmeta

Last updated on 2016-12-03 08:49:00.

Flavor Version Tinstall Tcheck Ttotal Status Flags
r-devel-linux-x86_64-debian-clang 1.0 0.58 10.17 10.76 NOTE
r-devel-linux-x86_64-debian-gcc 1.0 0.64 9.89 10.53 NOTE
r-devel-linux-x86_64-fedora-clang 1.0 18.39 NOTE
r-devel-linux-x86_64-fedora-gcc 1.0 17.60 NOTE
r-devel-macos-x86_64-clang 1.0 16.48 NOTE
r-devel-windows-ix86+x86_64 1.0 5.00 25.00 30.00 NOTE
r-patched-linux-x86_64 1.0 0.56 8.66 9.21 NOTE
r-patched-solaris-sparc 1.0 87.10 NOTE
r-patched-solaris-x86 1.0 23.20 NOTE
r-release-linux-x86_64 1.0 0.54 8.50 9.04 NOTE
r-release-osx-x86_64-mavericks 1.0 NOTE
r-release-windows-ix86+x86_64 1.0 3.00 24.00 27.00 NOTE
r-oldrel-windows-ix86+x86_64 1.0 3.00 23.00 26.00 NOTE

Check Details

Version: 1.0
Check: dependencies in R code
Result: NOTE
    Package in Depends field not imported from: ‘gtools’
     These packages need to be imported from (in the NAMESPACE file)
     for when this namespace is loaded but not attached.
Flavors: r-devel-linux-x86_64-debian-clang, r-devel-linux-x86_64-debian-gcc, r-devel-linux-x86_64-fedora-clang, r-devel-linux-x86_64-fedora-gcc, r-devel-macos-x86_64-clang, r-devel-windows-ix86+x86_64, r-patched-linux-x86_64, r-patched-solaris-sparc, r-patched-solaris-x86, r-release-linux-x86_64, r-release-osx-x86_64-mavericks, r-release-windows-ix86+x86_64, r-oldrel-windows-ix86+x86_64

Version: 1.0
Check: R code for possible problems
Result: NOTE
    mvtmeta_fe: no visible global function definition for ‘combinations’
    Undefined global functions or variables:
     combinations
Flavors: r-devel-linux-x86_64-debian-clang, r-devel-linux-x86_64-debian-gcc, r-devel-linux-x86_64-fedora-clang, r-devel-linux-x86_64-fedora-gcc, r-devel-macos-x86_64-clang, r-devel-windows-ix86+x86_64, r-patched-linux-x86_64, r-patched-solaris-sparc, r-patched-solaris-x86, r-release-linux-x86_64, r-release-osx-x86_64-mavericks, r-release-windows-ix86+x86_64

Version: 1.0
Check: R code for possible problems
Result: NOTE
    mvtmeta_fe: no visible global function definition for 'combinations'
Flavor: r-oldrel-windows-ix86+x86_64