CRAN Package Check Results for Package mvtmeta

Last updated on 2015-07-31 11:49:18.

Flavor Version Tinstall Tcheck Ttotal Status Flags
r-devel-linux-x86_64-debian-clang 1.0 0.50 8.10 8.60 NOTE
r-devel-linux-x86_64-debian-gcc 1.0 0.59 8.23 8.82 NOTE
r-devel-linux-x86_64-fedora-clang 1.0 16.58 NOTE
r-devel-linux-x86_64-fedora-gcc 1.0 15.39 NOTE
r-devel-osx-x86_64-clang 1.0 16.97 NOTE
r-devel-windows-ix86+x86_64 1.0 2.00 23.00 25.00 NOTE
r-patched-linux-x86_64 1.0 0.53 8.88 9.41 NOTE
r-patched-solaris-sparc 1.0 110.80 NOTE
r-patched-solaris-x86 1.0 26.10 NOTE
r-release-linux-x86_64 1.0 0.54 8.50 9.04 NOTE
r-release-osx-x86_64-mavericks 1.0 NOTE
r-release-windows-ix86+x86_64 1.0 2.00 19.00 21.00 NOTE
r-oldrel-windows-ix86+x86_64 1.0 3.00 17.00 20.00 NOTE

Check Details

Version: 1.0
Check: dependencies in R code
Result: NOTE
    Package in Depends field not imported from: ‘gtools’
     These packages need to be imported from (in the NAMESPACE file)
     for when this namespace is loaded but not attached.
Flavors: r-devel-linux-x86_64-debian-clang, r-devel-linux-x86_64-debian-gcc, r-devel-linux-x86_64-fedora-clang, r-devel-linux-x86_64-fedora-gcc, r-devel-osx-x86_64-clang, r-devel-windows-ix86+x86_64, r-patched-linux-x86_64, r-patched-solaris-sparc, r-patched-solaris-x86, r-release-linux-x86_64, r-release-osx-x86_64-mavericks, r-release-windows-ix86+x86_64, r-oldrel-windows-ix86+x86_64

Version: 1.0
Check: R code for possible problems
Result: NOTE
    mvtmeta_fe: no visible global function definition for ‘combinations’
    Undefined global functions or variables:
     combinations
Flavors: r-devel-linux-x86_64-debian-clang, r-devel-linux-x86_64-debian-gcc, r-devel-linux-x86_64-fedora-clang, r-devel-linux-x86_64-fedora-gcc, r-devel-osx-x86_64-clang, r-devel-windows-ix86+x86_64

Version: 1.0
Check: R code for possible problems
Result: NOTE
    mvtmeta_fe: no visible global function definition for ‘combinations’
Flavors: r-patched-linux-x86_64, r-patched-solaris-sparc, r-patched-solaris-x86, r-release-linux-x86_64, r-release-osx-x86_64-mavericks, r-release-windows-ix86+x86_64, r-oldrel-windows-ix86+x86_64