CRAN Package Check Results for Package mvtmeta

Last updated on 2014-07-23 22:47:04.

Flavor Version Tinstall Tcheck Ttotal Status Flags
r-devel-linux-x86_64-debian-clang 1.0 0.49 8.84 9.33 NOTE
r-devel-linux-x86_64-debian-gcc 1.0 0.48 8.64 9.13 NOTE
r-devel-linux-x86_64-fedora-clang 1.0 19.48 NOTE
r-devel-linux-x86_64-fedora-gcc 1.0 18.89 NOTE
r-devel-osx-x86_64-clang 1.0 23.81 NOTE
r-devel-windows-ix86+x86_64 1.0 2.00 16.00 18.00 NOTE
r-patched-linux-x86_64 1.0 0.50 8.92 9.43 NOTE
r-patched-solaris-sparc 1.0 109.80 NOTE
r-patched-solaris-x86 1.0 28.50 NOTE
r-release-linux-ix86 1.0 0.83 15.23 16.06 NOTE
r-release-linux-x86_64 1.0 0.52 9.32 9.84 NOTE
r-release-osx-x86_64-mavericks 1.0 NOTE
r-release-osx-x86_64-snowleopard 1.0 OK
r-release-windows-ix86+x86_64 1.0 4.00 18.00 22.00 NOTE
r-oldrel-windows-ix86+x86_64 1.0 4.00 23.00 27.00 NOTE

Check Details

Version: 1.0
Check: dependencies in R code
Result: NOTE
    Package in Depends field not imported from: ‘gtools’
     These packages need to be imported from (in the NAMESPACE file)
     for when this namespace is loaded but not attached.
    See the information on DESCRIPTION files in the chapter ‘Creating R
    packages’ of the ‘Writing R Extensions’ manual.
Flavors: r-devel-linux-x86_64-debian-clang, r-devel-linux-x86_64-debian-gcc, r-devel-linux-x86_64-fedora-clang, r-devel-linux-x86_64-fedora-gcc, r-devel-osx-x86_64-clang, r-devel-windows-ix86+x86_64, r-patched-linux-x86_64, r-patched-solaris-sparc, r-patched-solaris-x86, r-release-linux-ix86, r-release-linux-x86_64, r-release-osx-x86_64-mavericks, r-release-windows-ix86+x86_64, r-oldrel-windows-ix86+x86_64