CRAN Package Check Results for Package mvtmeta

Last updated on 2017-05-23 19:47:53.

Flavor Version Tinstall Tcheck Ttotal Status Flags
r-devel-linux-x86_64-debian-clang 1.0 0.67 10.55 11.23 NOTE
r-devel-linux-x86_64-debian-gcc 1.0 0.59 10.41 11.00 NOTE
r-devel-linux-x86_64-fedora-clang 1.0 18.10 NOTE --no-stop-on-test-error
r-devel-linux-x86_64-fedora-gcc 1.0 16.94 NOTE --no-stop-on-test-error
r-devel-windows-ix86+x86_64 1.0 5.00 24.00 29.00 NOTE
r-patched-linux-x86_64 1.0 0.62 10.60 11.22 NOTE
r-patched-solaris-sparc 1.0 109.90 NOTE
r-patched-solaris-x86 1.0 29.20 NOTE
r-release-linux-x86_64 1.0 0.63 10.49 11.11 NOTE
r-release-windows-ix86+x86_64 1.0 2.00 25.00 27.00 NOTE
r-release-osx-x86_64 1.0 NOTE
r-oldrel-windows-ix86+x86_64 1.0 3.00 24.00 27.00 NOTE
r-oldrel-osx-x86_64 1.0 NOTE

Check Details

Version: 1.0
Check: dependencies in R code
Result: NOTE
    Package in Depends field not imported from: ‘gtools’
     These packages need to be imported from (in the NAMESPACE file)
     for when this namespace is loaded but not attached.
Flavors: r-devel-linux-x86_64-debian-clang, r-devel-linux-x86_64-debian-gcc, r-devel-windows-ix86+x86_64, r-patched-linux-x86_64, r-patched-solaris-sparc, r-patched-solaris-x86, r-release-linux-x86_64, r-release-windows-ix86+x86_64, r-release-osx-x86_64, r-oldrel-windows-ix86+x86_64, r-oldrel-osx-x86_64

Version: 1.0
Check: R code for possible problems
Result: NOTE
    mvtmeta_fe: no visible global function definition for ‘combinations’
    Undefined global functions or variables:
     combinations
Flavors: r-devel-linux-x86_64-debian-clang, r-devel-linux-x86_64-debian-gcc, r-devel-windows-ix86+x86_64, r-patched-linux-x86_64, r-patched-solaris-sparc, r-patched-solaris-x86, r-release-linux-x86_64, r-release-windows-ix86+x86_64, r-release-osx-x86_64, r-oldrel-windows-ix86+x86_64, r-oldrel-osx-x86_64

Version: 1.0
Flags: --no-stop-on-test-error
Check: dependencies in R code
Result: NOTE
    Package in Depends field not imported from: ‘gtools’
     These packages need to be imported from (in the NAMESPACE file)
     for when this namespace is loaded but not attached.
Flavors: r-devel-linux-x86_64-fedora-clang, r-devel-linux-x86_64-fedora-gcc

Version: 1.0
Flags: --no-stop-on-test-error
Check: R code for possible problems
Result: NOTE
    mvtmeta_fe: no visible global function definition for ‘combinations’
    Undefined global functions or variables:
     combinations
Flavors: r-devel-linux-x86_64-fedora-clang, r-devel-linux-x86_64-fedora-gcc