CRAN Package Check Results for Package mvtnorm

Last updated on 2015-07-06 11:48:13.

Flavor Version Tinstall Tcheck Ttotal Status Flags
r-devel-linux-x86_64-debian-clang 1.0-2 2.31 36.36 38.67 NOTE
r-devel-linux-x86_64-debian-gcc 1.0-2 2.39 36.39 38.78 NOTE
r-devel-linux-x86_64-fedora-clang 1.0-2 69.67 NOTE
r-devel-linux-x86_64-fedora-gcc 1.0-2 68.77 NOTE
r-devel-osx-x86_64-clang 1.0-2 54.94 OK
r-devel-windows-ix86+x86_64 1.0-2 15.00 116.00 131.00 NOTE
r-patched-linux-x86_64 1.0-2 2.44 37.31 39.74 OK
r-patched-solaris-sparc 1.0-2 612.10 OK
r-patched-solaris-x86 1.0-2 101.50 OK
r-release-linux-x86_64 1.0-2 2.38 36.98 39.37 OK
r-release-osx-x86_64-mavericks 1.0-2 OK
r-release-windows-ix86+x86_64 1.0-2 13.00 106.00 119.00 OK
r-oldrel-windows-ix86+x86_64 1.0-2 16.00 100.00 116.00 OK

Check Details

Version: 1.0-2
Check: R code for possible problems
Result: NOTE
    qmvnorm: no visible global function definition for ‘uniroot’
    qmvt: no visible global function definition for ‘uniroot’
    rmvt: no visible global function definition for ‘hasArg’
    Undefined global functions or variables:
     hasArg uniroot
Flavors: r-devel-linux-x86_64-debian-clang, r-devel-linux-x86_64-debian-gcc, r-devel-linux-x86_64-fedora-clang, r-devel-linux-x86_64-fedora-gcc, r-devel-windows-ix86+x86_64