CRAN Package Check Results for Package mvtnorm

Last updated on 2020-02-17 17:52:15 CET.

Flavor Version Tinstall Tcheck Ttotal Status Flags
r-devel-linux-x86_64-debian-clang 1.0-12 5.89 83.23 89.12 OK
r-devel-linux-x86_64-debian-gcc 1.0-12 4.00 56.81 60.81 OK
r-devel-linux-x86_64-fedora-clang 1.0-12 111.28 OK
r-devel-linux-x86_64-fedora-gcc 1.0-12 105.79 OK
r-devel-windows-ix86+x86_64 1.0-12 19.00 166.00 185.00 OK
r-devel-windows-ix86+x86_64-gcc8 1.0-12 25.00 185.00 210.00 OK
r-patched-linux-x86_64 1.0-12 4.63 77.21 81.84 OK
r-patched-solaris-x86 1.0-12 150.10 OK
r-release-linux-x86_64 1.0-12 4.19 77.65 81.84 OK
r-release-windows-ix86+x86_64 1.0-12 1.00 7.00 8.00 ERROR
r-release-osx-x86_64 1.0-12 OK
r-oldrel-windows-ix86+x86_64 1.0-12 15.00 166.00 181.00 OK
r-oldrel-osx-x86_64 1.0-12 OK

Check Details

Version: 1.0-12
Check: whether package can be installed
Result: ERROR
    Installation failed.
Flavor: r-release-windows-ix86+x86_64