CRAN Package Check Results for Package mvtsplot

Last updated on 2015-08-31 23:49:40.

Flavor Version Tinstall Tcheck Ttotal Status Flags
r-devel-linux-x86_64-debian-clang 1.0-1 0.60 20.85 21.45 NOTE
r-devel-linux-x86_64-debian-gcc 1.0-1 0.56 20.40 20.96 NOTE
r-devel-linux-x86_64-fedora-clang 1.0-1 46.88 NOTE
r-devel-linux-x86_64-fedora-gcc 1.0-1 43.97 NOTE
r-devel-osx-x86_64-clang 1.0-1 16.93 NOTE
r-devel-windows-ix86+x86_64 1.0-1 3.00 22.00 25.00 NOTE
r-patched-linux-x86_64 1.0-1 0.64 20.67 21.32 NOTE
r-patched-solaris-sparc 1.0-1 115.30 NOTE
r-patched-solaris-x86 1.0-1 28.80 NOTE
r-release-linux-x86_64 1.0-1 0.65 21.13 21.78 NOTE
r-release-osx-x86_64-mavericks 1.0-1 NOTE
r-release-windows-ix86+x86_64 1.0-1 3.00 17.00 20.00 NOTE
r-oldrel-windows-ix86+x86_64 1.0-1 5.00 20.00 25.00 NOTE

Check Details

Version: 1.0-1
Check: DESCRIPTION meta-information
Result: NOTE
    Malformed Description field: should contain one or more complete sentences.
Flavors: r-devel-linux-x86_64-debian-clang, r-devel-linux-x86_64-debian-gcc, r-devel-linux-x86_64-fedora-clang, r-devel-linux-x86_64-fedora-gcc, r-devel-osx-x86_64-clang, r-devel-windows-ix86+x86_64, r-patched-linux-x86_64, r-patched-solaris-sparc, r-patched-solaris-x86, r-release-linux-x86_64, r-release-osx-x86_64-mavericks, r-release-windows-ix86+x86_64

Version: 1.0-1
Check: dependencies in R code
Result: NOTE
    'library' or 'require' call to ‘RColorBrewer’ which was already attached by Depends.
     Please remove these calls from your code.
    Package in Depends field not imported from: ‘RColorBrewer’
     These packages need to be imported from (in the NAMESPACE file)
     for when this namespace is loaded but not attached.
Flavors: r-devel-linux-x86_64-debian-clang, r-devel-linux-x86_64-debian-gcc, r-devel-linux-x86_64-fedora-clang, r-devel-linux-x86_64-fedora-gcc, r-devel-osx-x86_64-clang, r-devel-windows-ix86+x86_64, r-patched-linux-x86_64, r-patched-solaris-sparc, r-patched-solaris-x86, r-release-linux-x86_64, r-release-osx-x86_64-mavericks, r-release-windows-ix86+x86_64, r-oldrel-windows-ix86+x86_64

Version: 1.0-1
Check: R code for possible problems
Result: NOTE
    blankplot: no visible global function definition for ‘plot’
    categorize: no visible global function definition for ‘quantile’
    drawImage: no visible global function definition for ‘par’
    drawImage: no visible global function definition for ‘strwidth’
    drawImage: no visible global function definition for ‘image’
    drawImage: no visible global function definition for ‘axis’
    drawImage: no visible global function definition for ‘box’
    drawImage: no visible global function definition for ‘abline’
    drawImageMargin: no visible global function definition for ‘par’
    drawImageMargin: no visible global function definition for ‘layout’
    drawImageMargin: no visible global function definition for ‘strwidth’
    drawImageMargin: no visible global function definition for ‘image’
    drawImageMargin: no visible global function definition for ‘axis’
    drawImageMargin: no visible global function definition for ‘box’
    drawImageMargin: no visible global function definition for ‘abline’
    drawImageMargin: no visible global function definition for ‘lm’
    drawImageMargin: no visible binding for global variable ‘na.exclude’
    drawImageMargin: no visible global function definition for ‘predict’
    drawImageMargin: no visible global function definition for ‘plot’
    drawImageMargin: no visible global function definition for ‘segments’
    drawImageMargin: no visible global function definition for ‘gray’
    drawImageMargin: no visible global function definition for ‘points’
    drawImageMargin: no visible global function definition for ‘text’
    mvtsplot: no visible global function definition for ‘colorRampPalette’
    mvtsplot: no visible global function definition for ‘brewer.pal’
    nalines: no visible global function definition for ‘gray’
    nalines: no visible global function definition for ‘complete.cases’
    nalines: no visible global function definition for ‘lines’
    rangeby: no visible global function definition for ‘complete.cases’
    splineFillIn: no visible global function definition for ‘lm’
    splineFillIn: no visible binding for global variable ‘na.exclude’
    splineFillIn: no visible global function definition for ‘predict’
    Undefined global functions or variables:
     abline axis box brewer.pal colorRampPalette complete.cases gray image
     layout lines lm na.exclude par plot points predict quantile segments
     strwidth text
    Consider adding
     importFrom("grDevices", "colorRampPalette", "gray")
     importFrom("graphics", "abline", "axis", "box", "image", "layout",
     "lines", "par", "plot", "points", "segments", "strwidth",
     "text")
     importFrom("stats", "complete.cases", "lm", "na.exclude", "predict",
     "quantile")
    to your NAMESPACE.
Flavors: r-devel-linux-x86_64-debian-clang, r-devel-linux-x86_64-debian-gcc, r-devel-linux-x86_64-fedora-clang, r-devel-linux-x86_64-fedora-gcc, r-devel-windows-ix86+x86_64

Version: 1.0-1
Check: R code for possible problems
Result: NOTE
    mvtsplot: no visible global function definition for ‘brewer.pal’
    Undefined global functions or variables:
     brewer.pal
Flavor: r-devel-osx-x86_64-clang

Version: 1.0-1
Check: R code for possible problems
Result: NOTE
    mvtsplot: no visible global function definition for ‘brewer.pal’
Flavors: r-patched-linux-x86_64, r-patched-solaris-sparc, r-patched-solaris-x86, r-release-linux-x86_64, r-release-osx-x86_64-mavericks, r-release-windows-ix86+x86_64, r-oldrel-windows-ix86+x86_64