CRAN Package Check Results for Package mvtsplot

Last updated on 2014-07-23 04:48:27.

Flavor Version Tinstall Tcheck Ttotal Status Flags
r-devel-linux-x86_64-debian-clang 1.0-1 0.65 8.86 9.51 NOTE
r-devel-linux-x86_64-debian-gcc 1.0-1 0.62 8.95 9.56 NOTE
r-devel-linux-x86_64-fedora-clang 1.0-1 44.49 NOTE
r-devel-linux-x86_64-fedora-gcc 1.0-1 42.81 NOTE
r-devel-osx-x86_64-clang 1.0-1 21.62 NOTE
r-devel-windows-ix86+x86_64 1.0-1 3.00 17.00 20.00 NOTE
r-patched-linux-x86_64 1.0-1 0.74 8.96 9.70 NOTE
r-patched-solaris-sparc 1.0-1 133.80 NOTE
r-patched-solaris-x86 1.0-1 49.80 NOTE
r-release-linux-ix86 1.0-1 1.04 14.85 15.89 NOTE
r-release-linux-x86_64 1.0-1 0.64 9.42 10.06 NOTE
r-release-osx-x86_64-mavericks 1.0-1 NOTE
r-release-osx-x86_64-snowleopard 1.0-1 NOTE
r-release-windows-ix86+x86_64 1.0-1 4.00 17.00 21.00 NOTE
r-oldrel-windows-ix86+x86_64 1.0-1 2.00 17.00 19.00 NOTE

Check Details

Version: 1.0-1
Check: dependencies in R code
Result: NOTE
    'library' or 'require' call to ‘RColorBrewer’ which was already attached by Depends.
     Please remove these calls from your code.
    Package in Depends field not imported from: ‘RColorBrewer’
     These packages need to be imported from (in the NAMESPACE file)
     for when this namespace is loaded but not attached.
    See the information on DESCRIPTION files in the chapter ‘Creating R
    packages’ of the ‘Writing R Extensions’ manual.
Flavors: r-devel-linux-x86_64-debian-clang, r-devel-linux-x86_64-debian-gcc, r-devel-linux-x86_64-fedora-clang, r-devel-linux-x86_64-fedora-gcc, r-devel-osx-x86_64-clang, r-devel-windows-ix86+x86_64, r-patched-linux-x86_64, r-patched-solaris-sparc, r-patched-solaris-x86, r-release-linux-ix86, r-release-linux-x86_64, r-release-osx-x86_64-mavericks, r-release-windows-ix86+x86_64, r-oldrel-windows-ix86+x86_64

Version: 1.0-1
Check: dependencies in R code
Result: NOTE
    'library' or 'require' call to 'RColorBrewer' which was already attached by Depends.
     Please remove these calls from your code.
    Package in Depends field not imported from: 'RColorBrewer'
     These packages need to be imported from for the case when
     this namespace is loaded but not attached.
    See the information on DESCRIPTION files in the chapter 'Creating R
    packages' of the 'Writing R Extensions' manual.
Flavor: r-release-osx-x86_64-snowleopard