CRAN Package Check Results for Package mvtsplot

Last updated on 2014-11-24 05:47:36.

Flavor Version Tinstall Tcheck Ttotal Status Flags
r-devel-linux-x86_64-debian-clang 1.0-1 0.68 19.92 20.60 NOTE
r-devel-linux-x86_64-debian-gcc 1.0-1 0.72 20.22 20.94 NOTE
r-devel-linux-x86_64-fedora-clang 1.0-1 47.29 NOTE
r-devel-linux-x86_64-fedora-gcc 1.0-1 43.38 NOTE
r-devel-osx-x86_64-clang 1.0-1 23.28 NOTE
r-devel-windows-ix86+x86_64 1.0-1 3.00 17.00 20.00 NOTE
r-patched-linux-x86_64 1.0-1 0.72 19.64 20.36 NOTE
r-patched-solaris-sparc 1.0-1 166.00 NOTE
r-patched-solaris-x86 1.0-1 29.30 NOTE
r-release-linux-ix86 1.0-1 1.11 14.91 16.02 NOTE
r-release-linux-x86_64 1.0-1 0.72 19.54 20.27 NOTE
r-release-osx-x86_64-mavericks 1.0-1 NOTE
r-release-osx-x86_64-snowleopard 1.0-1 NOTE
r-release-windows-ix86+x86_64 1.0-1 3.00 18.00 21.00 NOTE
r-oldrel-windows-ix86+x86_64 1.0-1 2.00 17.00 19.00 NOTE

Check Details

Version: 1.0-1
Check: dependencies in R code
Result: NOTE
    'library' or 'require' call to ‘RColorBrewer’ which was already attached by Depends.
     Please remove these calls from your code.
    Package in Depends field not imported from: ‘RColorBrewer’
     These packages need to be imported from (in the NAMESPACE file)
     for when this namespace is loaded but not attached.
    See the information on DESCRIPTION files in the chapter ‘Creating R
    packages’ of the ‘Writing R Extensions’ manual.
Flavors: r-devel-linux-x86_64-debian-clang, r-devel-linux-x86_64-debian-gcc, r-devel-linux-x86_64-fedora-clang, r-devel-linux-x86_64-fedora-gcc, r-devel-osx-x86_64-clang, r-devel-windows-ix86+x86_64, r-patched-linux-x86_64, r-patched-solaris-sparc, r-patched-solaris-x86, r-release-linux-ix86, r-release-linux-x86_64, r-release-osx-x86_64-mavericks, r-release-windows-ix86+x86_64, r-oldrel-windows-ix86+x86_64

Version: 1.0-1
Check: R code for possible problems
Result: NOTE
    mvtsplot: no visible global function definition for ‘brewer.pal’
Flavors: r-devel-linux-x86_64-debian-clang, r-devel-linux-x86_64-debian-gcc, r-devel-linux-x86_64-fedora-clang, r-devel-linux-x86_64-fedora-gcc, r-devel-osx-x86_64-clang, r-devel-windows-ix86+x86_64, r-patched-linux-x86_64, r-patched-solaris-sparc, r-patched-solaris-x86, r-release-linux-ix86, r-release-linux-x86_64, r-release-windows-ix86+x86_64

Version: 1.0-1
Check: dependencies in R code
Result: NOTE
    'library' or 'require' call to 'RColorBrewer' which was already attached by Depends.
     Please remove these calls from your code.
    Package in Depends field not imported from: 'RColorBrewer'
     These packages need to be imported from for the case when
     this namespace is loaded but not attached.
    See the information on DESCRIPTION files in the chapter 'Creating R
    packages' of the 'Writing R Extensions' manual.
Flavor: r-release-osx-x86_64-snowleopard