CRAN Package Check Results for Package mwshiny

Last updated on 2024-02-29 21:56:27 CET.

Flavor Version Tinstall Tcheck Ttotal Status Flags
r-devel-linux-x86_64-debian-clang 2.1.0 3.68 45.87 49.55 NOTE
r-devel-linux-x86_64-debian-gcc 2.1.0 2.71 34.96 37.67 NOTE
r-devel-linux-x86_64-fedora-clang 2.1.0 61.21 NOTE
r-devel-linux-x86_64-fedora-gcc 2.1.0 69.68 NOTE
r-devel-windows-x86_64 2.1.0 5.00 55.00 60.00 NOTE
r-patched-linux-x86_64 2.1.0 3.76 43.19 46.95 NOTE
r-release-linux-x86_64 2.1.0 3.33 44.22 47.55 NOTE
r-release-macos-arm64 2.1.0 33.00 NOTE
r-release-macos-x86_64 2.1.0 47.00 NOTE
r-release-windows-x86_64 2.1.0 6.00 62.00 68.00 NOTE
r-oldrel-macos-arm64 2.1.0 22.00 NOTE
r-oldrel-windows-x86_64 2.1.0 6.00 69.00 75.00 NOTE

Check Details

Version: 2.1.0
Check: LazyData
Result: NOTE 'LazyData' is specified without a 'data' directory Flavors: r-devel-linux-x86_64-debian-clang, r-devel-linux-x86_64-debian-gcc, r-devel-linux-x86_64-fedora-clang, r-devel-linux-x86_64-fedora-gcc, r-devel-windows-x86_64, r-patched-linux-x86_64, r-release-linux-x86_64, r-release-macos-arm64, r-release-macos-x86_64, r-release-windows-x86_64, r-oldrel-macos-arm64, r-oldrel-windows-x86_64